000
CXUS54 KHGX 012238
CF6ARM
PRELIMINARY LOCAL CLIMATOLOGICAL DATA (WS FORM: F-6)
STATION: Wharton
MONTH: AUGUST
YEAR: 2023
LATITUDE: 29 15 N
LONGITUDE: 96 9 W
TEMPERATURE IN F: :PCPN: SNOW: WIND :SUNSHINE: SKY :PK WND
================================================================================
1 2 3 4 5 6A 6B 7 8 9 10 11 12 13 14 15 16 17 18
12Z AVG MX 2MIN
DY MAX MIN AVG DEP HDD CDD WTR SNW DPTH SPD SPD DIR MIN PSBL S-S WX SPD DR
================================================================================
1 102 74 88 M 0 23 0.00 0.0 0 3.5 14 160 M M 2 M M
2 102 73 88 M 0 23 0.00 0.0 0 4.3 14 150 M M 2 20 150
3 101 76 89 M 0 24 0.00 0.0 0 6.6 16 170 M M 2 21 160
4 101 76 89 M 0 24 0.00 0.0 0 7.8 15 210 M M 1 20 180
5 101 76 89 M 0 24 0.00 0.0 0 7.4 15 180 M M 2 22 180
6 101 77 89 M 0 24 0.00 0.0 0 7.9 17 160 M M 2 24 160
7 101 78 90 M 0 25 0.00 0.0 0 8.9 15 180 M M 3 21 160
8 101 76 89 M 0 24 0.00 0.0 0 9.2 16 180 M M 2 20 150
9 99 80 90 M 0 25 0.00 0.0 0 12.3 20 200 M M 4 27 200
10 100 77 89 M 0 24 0.00 0.0 0 12.3 20 180 M M 2 1 28 180
11 101 79 90 M 0 25 M 0.0 M 10.6 18 160 M M 2 27 200
12 101 79 90 M 0 25 M 0.0 M 10.0 18 210 M M 4 1 25 210
13 101 76 89 M 0 24 M 0.0 M 7.6 15 180 M M 2 1 23 170
14 104 75 90 M 0 25 M 0.0 M 5.8 15 190 M M 3 1 21 180
15 104 79 92 M 0 27 M 0.0 0 6.0 13 190 M M 1 22 40
16 103 74 89 M 0 24 M 0.0 0 5.3 14 150 M M 0 20 280
17 104 71 88 M 0 23 M 0.0 0 6.8 17 200 M M 1 1 21 190
18 103 76 90 M 0 25 0.00 0.0 0 6.1 15 150 M M 2 17 120
19 104 74 89 M 0 24 0.00 0.0 0 4.1 12 160 M M 2 1 21 170
20 106 76 91 M 0 26 0.00 0.0 0 4.5 13 180 M M 3 17 180
21 99 76 88 M 0 23 0.00 0.0 0 6.1 16 100 M M 1 22 100
22 93 79 86 M 0 21 0.00 0.0 0 10.1 18 100 M M 3 27 110
23 102 76 89 M 0 24 0.03 0.0 0 5.7 14 120 M M 1 1 18 110
24 106 76 91 M 0 26 0.06 0.0 0 5.6 15 190 M M 3 20 190
25 104 76 90 M 0 25 0.00 0.0 0 5.1 13 130 M M 1 20 130
26 104 74 89 M 0 24 0.00 0.0 0 3.8 16 180 M M 1 1 20 130
27 107 75 91 M 0 26 0.00 0.0 0 7.4 22 350 M M 1 27 350
28 103 76 90 M 0 25 0.00 0.0 0 5.8 13 330 M M 2 20 60
29 100 75 88 M 0 23 0.00 0.0 0 6.1 16 10 M M 1 24 10
30 101 68 85 M 0 20 0.00 0.0 0 5.5 13 350 M M 1 21 50
31 101 72 87 M 0 22 0.00 0.0 0 4.2 13 150 M M 1 18 50
================================================================================
SM 3160 2345 0 747 0.09 0.0 212.4 M 58
================================================================================
AV101.9 75.6 6.9 FASTST M M 2 MAX(MPH)
MISC ----> 22 350 28 180
================================================================================
NOTES:
# LAST OF SEVERAL OCCURRENCES
COLUMN 17 PEAK WIND IN M.P.H.
PRELIMINARY LOCAL CLIMATOLOGICAL DATA (WS FORM: F-6) , PAGE 2
STATION: Wharton
MONTH: AUGUST
YEAR: 2023
LATITUDE: 29 15 N
LONGITUDE: 96 9 W
[TEMPERATURE DATA] [PRECIPITATION DATA] SYMBOLS USED IN COLUMN 16
AVERAGE MONTHLY: 88.8 TOTAL FOR MONTH: 0.09 1 = FOG OR MIST
DPTR FM NORMAL: 0.0 DPTR FM NORMAL: M 2 = FOG REDUCING VISIBILITY
HIGHEST: 107 ON 27 GRTST 24HR 0.06 ON 24-24 TO 1/4 MILE OR LESS
LOWEST: 68 ON 30 3 = THUNDER
SNOW, ICE PELLETS, HAIL 4 = ICE PELLETS
TOTAL MONTH: 0.0 INCH 5 = HAIL
GRTST 24HR 0.0 6 = FREEZING RAIN OR DRIZZLE
GRTST DEPTH: 0 7 = DUSTSTORM OR SANDSTORM:
VSBY 1/2 MILE OR LESS
8 = SMOKE OR HAZE
[NO. OF DAYS WITH] [WEATHER - DAYS WITH] 9 = BLOWING SNOW
X = TORNADO
MAX 32 OR BELOW: 0 0.01 INCH OR MORE: 2
MAX 90 OR ABOVE: 31 0.10 INCH OR MORE: 0
MIN 32 OR BELOW: 0 0.50 INCH OR MORE: 0
MIN 0 OR BELOW: 0 1.00 INCH OR MORE: 0
[HDD (BASE 65) ]
TOTAL THIS MO. 0 CLEAR (SCALE 0-3) 29
DPTR FM NORMAL M PTCLDY (SCALE 4-7) 2
TOTAL FM JUL 1 0 CLOUDY (SCALE 8-10) 0
DPTR FM NORMAL M
[CDD (BASE 65) ]
TOTAL THIS MO. 747
DPTR FM NORMAL M [PRESSURE DATA]
TOTAL FM JAN 1 2719 HIGHEST SLP M ON M
DPTR FM NORMAL M LOWEST SLP M ON M
[REMARKS]
#FINAL-08-23#