000
CXUS51 KBUF 010805
CF6ART
PRELIMINARY LOCAL CLIMATOLOGICAL DATA (WS FORM: F-6)
STATION: WATERTOWN NY
MONTH: AUGUST
YEAR: 2023
LATITUDE: 43 59 N
LONGITUDE: 76 2 W
TEMPERATURE IN F: :PCPN: SNOW: WIND :SUNSHINE: SKY :PK WND
================================================================================
1 2 3 4 5 6A 6B 7 8 9 10 11 12 13 14 15 16 17 18
12Z AVG MX 2MIN
DY MAX MIN AVG DEP HDD CDD WTR SNW DPTH SPD SPD DIR MIN PSBL S-S WX SPD DR
================================================================================
1 74 45 60 -9 5 0 0.08 M M 3.8 17 340 M M 2 1 23 330
2 77 50 64 -5 1 0 0.22 M M 5.0 15 260 M M 3 1 25 230
3 80 64 72 3 0 7 0.31 M M 7.3 17 310 M M 6 13 28 230
4 78 60 69 0 0 4 0.02 M M 4.6 15 260 M M 7 123 20 260
5 78 54 66 -3 0 1 0.00 M M 3.7 12 280 M M 2 12 16 320
6 81 51 66 -3 0 1 0.00 M M 3.1 9 280 M M 1 1 14 230
7 87 66 77 8 0 12 0.92 M M 6.3 18 230 M M 9 138 30 230
8 73 66 70 1 0 5 0.21 M M 8.5 18 340 M M 10 1 25 330
9 78 59 69 1 0 4 0.00 M M 7.4 17 230 M M 1 24 220
10 76 57 67 -1 0 2 0.05 M M 5.7 23 330 M M 4 13 32 200
11 74 59 67 -1 0 2 T M M 7.5 17 250 M M 1 27 260
12 79 57 68 0 0 3 0.83 M M 4.1 24 260 M M 4 13 33 260
13 75 64 70 2 0 5 0.00 M M 7.6 20 230 M M 6 29 220
14 76 60 68 0 0 3 0.00 M M 2.8 10 220 M M 3 1 14 260
15 80 62 71 3 0 6 T M M 5.5 10 20 M M 5 17 160
16 79 64 72 4 0 7 0.36 M M 5.4 14 260 M M 6 13 17 260
17 81 58 70 2 0 5 0.17 M M 4.5 17 250 M M 5 1 30 240
18 72 60 66 -1 0 1 0.83 M M 12.2 25 260 M M 8 1 39 260
19 72 57 65 -2 0 0 0.54 M M 10.6 22 240 M M 6 1 38 270
20 77 60 69 2 0 4 T M M 7.1 16 220 M M 3 23 210
21 74 53 64 -3 1 0 T M M 6.5 15 30 M M 5 22 360
22 77 47 62 -5 3 0 0.00 M M 3.4 12 260 M M 0 22 320
23 77 59 68 1 0 3 0.00 M M 3.8 12 270 M M 1 18 260
24 68 63 66 0 0 1 0.03 M M 6.8 16 160 M M 10 1 25 130
25 77 66 72 6 0 7 0.13 M M 3.6 8 10 M M 10 1 12 330
26 75 59 67 1 0 2 0.10 M M 6.1 17 20 M M 8 1 25 10
27 74 51 63 -3 2 0 0.00 M M 4.4 13 30 M M 6 1 15 20
28 75 49 62 -4 3 0 0.00 M M 3.0 12 270 M M 4 1 15 260
29 77 62 70 5 0 5 0.34 M M 3.3 12 210 M M 7 1 18 200
30 72 49 61 -4 4 0 0.16 M M 8.8 22 250 M M 7 13 34 260
31 70 43 57 -8 8 0 0.00 M M 3.6 12 260 M M 0 1 18 270
================================================================================
SM 2363 1774 27 90 5.30 M 176.0 M 150
================================================================================
AV 76.2 57.2 5.7 FASTST M M 5 MAX(MPH)
MISC ----> 25 260 39 260
================================================================================
NOTES:
# LAST OF SEVERAL OCCURRENCES
COLUMN 17 PEAK WIND IN M.P.H.
PRELIMINARY LOCAL CLIMATOLOGICAL DATA (WS FORM: F-6) , PAGE 2
STATION: WATERTOWN NY
MONTH: AUGUST
YEAR: 2023
LATITUDE: 43 59 N
LONGITUDE: 76 2 W
[TEMPERATURE DATA] [PRECIPITATION DATA] SYMBOLS USED IN COLUMN 16
AVERAGE MONTHLY: 66.7 TOTAL FOR MONTH: 5.30 1 = FOG OR MIST
DPTR FM NORMAL: -0.8 DPTR FM NORMAL: 2.10 2 = FOG REDUCING VISIBILITY
HIGHEST: 87 ON 7 GRTST 24HR 0.99 ON 7- 8 TO 1/4 MILE OR LESS
LOWEST: 43 ON 31 3 = THUNDER
SNOW, ICE PELLETS, HAIL 4 = ICE PELLETS
TOTAL MONTH: M 5 = HAIL
GRTST 24HR M ON M 6 = FREEZING RAIN OR DRIZZLE
GRTST DEPTH: M ON M 7 = DUSTSTORM OR SANDSTORM:
VSBY 1/2 MILE OR LESS
8 = SMOKE OR HAZE
[NO. OF DAYS WITH] [WEATHER - DAYS WITH] 9 = BLOWING SNOW
X = TORNADO
MAX 32 OR BELOW: 0 0.01 INCH OR MORE: 17
MAX 90 OR ABOVE: 0 0.10 INCH OR MORE: 13
MIN 32 OR BELOW: 0 0.50 INCH OR MORE: 4
MIN 0 OR BELOW: 0 1.00 INCH OR MORE: 0
[HDD (BASE 65) ]
TOTAL THIS MO. 27 CLEAR (SCALE 0-3) 11
DPTR FM NORMAL -13 PTCLDY (SCALE 4-7) 14
TOTAL FM JUL 1 36 CLOUDY (SCALE 8-10) 6
DPTR FM NORMAL -28
[CDD (BASE 65) ]
TOTAL THIS MO. 90
DPTR FM NORMAL -26 [PRESSURE DATA]
TOTAL FM JAN 1 349 HIGHEST SLP 30.23 ON 22
DPTR FM NORMAL 8 LOWEST SLP 29.53 ON 8
[REMARKS]
#FINAL-08-23#