000
CXUS53 KARX 010900
CF6ARX
PRELIMINARY LOCAL CLIMATOLOGICAL DATA (WS FORM: F-6)
STATION: LA CROSSE WEATHER OFFICE WI
MONTH: MARCH
YEAR: 2023
LATITUDE: 43 49 N
LONGITUDE: 91 12 W
TEMPERATURE IN F: :PCPN: SNOW: WIND :SUNSHINE: SKY :PK WND
================================================================================
1 2 3 4 5 6A 6B 7 8 9 10 11 12 13 14 15 16 17 18
12Z AVG MX 2MIN
DY MAX MIN AVG DEP HDD CDD WTR SNW DPTH SPD SPD DIR MIN PSBL S-S WX SPD DR
================================================================================
1 41 29 35 9 30 0 0.03 0.2 4 M M M M M M 1 24 M
2 34 23 29 2 36 0 0.00 0.0 4 M M M M M M 16 M
3 40 24 32 5 33 0 0.00 0.0 3 M M M M M M 16 M
4 42 27 35 7 30 0 0.00 0.0 2 M M M M M M 1 16 M
5 43 24 34 6 31 0 0.49 3.5 2 M M M M M M 4 M M
6 33 30 32 3 33 0 0.01 T 5 M M M M M M M M
7 41 28 35 6 30 0 0.00 0.0 4 M M M M M M M M
8 41 26 34 5 31 0 T T 3 M M M M M M M M
9 34 25 30 0 35 0 0.36 5.0 2 M M M M M M M M
10 29 24 27 -3 38 0 0.09 1.3 8 M M M M M M M M
11 29 24 27 -4 38 0 0.24 3.9 7 M M M M M M M M
12 29 22 26 -5 39 0 0.10 0.9 10 M M M M M M 6 M M
13 27 18 23 -9 42 0 0.01 0.1 10 M M M M M M 20 M
14 34 10 22 -10 43 0 0.00 0.0 9 M M M M M M 18 M
15 47 26 37 5 28 0 0.00 0.0 6 M M M M M M 26 M
16 45 24 35 2 30 0 0.41 0.4 3 M M M M M M 1 M M
17 24 4 14 -19 51 0 T T T M M M M M M M M
18 24 4 14 -20 51 0 T T T M M M M M M M M
19 37 9 23 -11 42 0 0.00 0.0 T M M M M M M M M
20 46 29 38 4 27 0 0.00 0.0 0 M M M M M M M M
21 51 29 40 5 25 0 0.00 0.0 0 M M M M M M M M
22 42 30 36 1 29 0 0.11 0.0 0 M M M M M M M M
23 41 27 34 -2 31 0 T T 0 M M M M M M M M
24 49 24 37 1 28 0 0.00 0.0 0 M M M M M M M M
25 47 28 38 2 27 0 0.00 0.0 0 M M M M M M M M
26 46 27 37 0 28 0 0.00 0.0 0 M M M M M M M M
27 47 26 37 0 28 0 0.00 0.0 0 M M M M M M M M
28 42 22 32 -6 33 0 0.02 0.1 0 M M M M M M M M
29 31 16 24 -14 41 0 T T T M M M M M M M M
30 40 16 28 -11 37 0 0.02 T 0 M M M M M M 3 M M
31 43 34 39 0 26 0 1.88 T 0 M M M M M M 34 M M
================================================================================
SM 1199 709 1051 0 3.77 15.4 M M M
================================================================================
AV 38.7 22.9 M FASTST M M M MAX(MPH)
MISC ----> M M 26 9999
================================================================================
NOTES:
# LAST OF SEVERAL OCCURRENCES
COLUMN 17 PEAK WIND IN M.P.H.
PRELIMINARY LOCAL CLIMATOLOGICAL DATA (WS FORM: F-6) , PAGE 2
STATION: LA CROSSE WEATHER OFFICE WI
MONTH: MARCH
YEAR: 2023
LATITUDE: 43 49 N
LONGITUDE: 91 12 W
[TEMPERATURE DATA] [PRECIPITATION DATA] SYMBOLS USED IN COLUMN 16
AVERAGE MONTHLY: 30.8 TOTAL FOR MONTH: 3.77 1 = FOG OR MIST
DPTR FM NORMAL: -2.0 DPTR FM NORMAL: 1.84 2 = FOG REDUCING VISIBILITY
HIGHEST: 51 ON 21 GRTST 24HR 1.88 ON 31-31 TO 1/4 MILE OR LESS
LOWEST: 4 ON 18,17 3 = THUNDER
SNOW, ICE PELLETS, HAIL 4 = ICE PELLETS
TOTAL MONTH: 15.8 INCHES 5 = HAIL
GRTST 24HR 5.0 ON 9- 9 6 = FREEZING RAIN OR DRIZZLE
GRTST DEPTH: 10 ON 13,12 7 = DUSTSTORM OR SANDSTORM:
VSBY 1/2 MILE OR LESS
8 = SMOKE OR HAZE
[NO. OF DAYS WITH] [WEATHER - DAYS WITH] 9 = BLOWING SNOW
X = TORNADO
MAX 32 OR BELOW: 7 0.01 INCH OR MORE: 13
MAX 90 OR ABOVE: 0 0.10 INCH OR MORE: 7
MIN 32 OR BELOW: 30 0.50 INCH OR MORE: 1
MIN 0 OR BELOW: 0 1.00 INCH OR MORE: 1
[HDD (BASE 65) ]
TOTAL THIS MO. 1051 CLEAR (SCALE 0-3) 0
DPTR FM NORMAL 51 PTCLDY (SCALE 4-7) 0
TOTAL FM JUL 1 6477 CLOUDY (SCALE 8-10) 31
DPTR FM NORMAL -222
[CDD (BASE 65) ]
TOTAL THIS MO. 0
DPTR FM NORMAL -1 [PRESSURE DATA]
TOTAL FM JAN 1 0 HIGHEST SLP M ON M
DPTR FM NORMAL -1 LOWEST SLP M ON M
[REMARKS]
#FINAL-03-23#