000
CXUS55 KGJT 011711
CLMASE
CLIMATE REPORT
NATIONAL WEATHER SERVICE GRAND JUNCTION CO
1011 AM MST MON JAN 01 2024
...................................
...THE ASPEN CO CLIMATE SUMMARY FOR THE MONTH OF DECEMBER 2023...
CLIMATE NORMAL PERIOD 1991 TO 2020
CLIMATE RECORD PERIOD 9999 TO 9999
WEATHER OBSERVED NORMAL DEPART LAST YEAR`S
VALUE DATE(S) VALUE FROM VALUE DATE(S)
NORMAL
................................................................
TEMPERATURE (F)
HIGHEST 48 12/20 MM MM 48 12/01
LOWEST -5 12/25 MM MM -12 12/17
AVG. MAXIMUM 36.4 34.3 2.1 33.3
AVG. MINIMUM 12.4 9.2 3.2 8.7
MEAN 24.4 21.8 2.6 21.0
DAYS MAX >= 90 0 0.0 0.0 0
DAYS MAX <= 32 11 14.9 -3.9 14
DAYS MIN <= 32 31 31.0 0.0 31
DAYS MIN <= 0 4 6.3 -2.3 6
PRECIPITATION (INCHES)
TOTALS 0.53 0.82 -0.29 1.07
DAILY AVG. 0.02 0.03 -0.01 0.03
DAYS >= .01 7 11.0 -4.0 11
DAYS >= .10 2 2.9 -0.9 4
DAYS >= .50 0 0.2 -0.2 0
DAYS >= 1.00 0 0.0 0.0 0
GREATEST
24 HR. TOTAL 0.22 12/08 TO 12/08 0.44
SNOWFALL (INCHES)
TOTALS MM MM MM MM
SINCE 7/1 MM MM MM MM
SNOWDEPTH AVG. MM MM
DAYS >= 1.0 MM MM MM MM
GREATEST
SNOW DEPTH MM MM MM
24 HR TOTAL MM MM
DEGREE DAYS
HEATING TOTAL 1250 1341 -91 1354
SINCE 7/1 3167 3360 -193 3428
COOLING TOTAL 0 0 0 0
SINCE 1/1 81 88 -7 125
................................................................
WIND (MPH)
AVERAGE WIND SPEED 4.6
HIGHEST WIND SPEED/DIRECTION 22/360 DATE 12/03
HIGHEST GUST SPEED/DIRECTION 33/360 DATE 12/03
33/330 12/08
SKY COVER
POSSIBLE SUNSHINE (PERCENT) MM
AVERAGE SKY COVER 0.44
NUMBER OF DAYS FAIR 13
NUMBER OF DAYS PC 9
NUMBER OF DAYS CLOUDY 9
AVERAGE RH (PERCENT) 64
WEATHER CONDITIONS. NUMBER OF DAYS WITH
THUNDERSTORM 0 MIXED PRECIP 0
HEAVY RAIN 0 RAIN 0
LIGHT RAIN 0 FREEZING RAIN 0
LT FREEZING RAIN 0 HAIL 0
HEAVY SNOW 1 SNOW 4
LIGHT SNOW 12 SLEET 0
FOG 11 FOG W/VIS <= 1/4 MILE 0
HAZE 6
- INDICATES NEGATIVE NUMBERS.
R INDICATES RECORD WAS SET OR TIED.
MM INDICATES DATA IS MISSING.
T INDICATES TRACE AMOUNT.
$$