000
CXUS56 KPQR 011301
CF6AST
PRELIMINARY LOCAL CLIMATOLOGICAL DATA (WS FORM: F-6)
STATION: ASTORIA OR
MONTH: FEBRUARY
YEAR: 2023
LATITUDE: 46 9 N
LONGITUDE: 123 53 W
TEMPERATURE IN F: :PCPN: SNOW: WIND :SUNSHINE: SKY :PK WND
================================================================================
1 2 3 4 5 6A 6B 7 8 9 10 11 12 13 14 15 16 17 18
12Z AVG MX 2MIN
DY MAX MIN AVG DEP HDD CDD WTR SNW DPTH SPD SPD DIR MIN PSBL S-S WX SPD DR
================================================================================
1 50 30 40 -4 25 0 0.00 M M 3.1 8 140 M M 3 14 350
2 56 29 43 -1 22 0 0.00 M M 6.4 14 180 M M 1 22 200
3 52 39 46 2 19 0 0.47 M M 12.1 35 190 M M 9 18 53 190
4 53 45 49 5 16 0 0.25 M M 7.6 20 190 M M 9 1 29 210
5 50 44 47 3 18 0 0.22 M M 10.7 25 300 M M 10 18 36 300
6 51 46 49 5 16 0 0.11 M M 10.9 21 190 M M 10 18 28 180
7 52 44 48 4 17 0 0.28 M M 14.4 28 200 M M 9 18 39 190
8 50 38 44 0 21 0 0.02 M M 5.2 15 280 M M 8 1 18 290
9 59 42 51 7 14 0 0.23 M M 9.9 23 180 M M 5 1 35 190
10 52 33 43 -1 22 0 0.11 M M 5.0 17 320 M M 5 18 23 210
11 50 29 40 -4 25 0 0.00 M M 3.4 13 320 M M 1 1 16 330
12 51 30 41 -3 24 0 0.24 M M 5.7 22 290 M M 5 12 29 240
13 48 36 42 -2 23 0 0.21 M M 17.8 39 300 M M 9 13 48 300
14 47 29 38 -6 27 0 0.05 M M 4.7 22 320 M M 4 1 30 310
15 46 26 36 -8 29 0 0.00 M M 4.6 14 10 M M 1 12 18 360
16 50 34 42 -2 23 0 0.01 M M 3.7 14 210 M M 7 21 200
17 49 35 42 -2 23 0 0.06 M M 2.1 10 220 M M 7 18 13 220
18 49 37 43 -1 22 0 0.12 M M 5.9 18 300 M M 10 18 24 300
19 49 42 46 2 19 0 0.04 M M 7.9 18 310 M M 10 18 23 310
20 48 43 46 2 19 0 0.32 M M 13.1 29 280 M M 10 1 37 240
21 45 35 40 -4 25 0 0.41 M M 13.7 30 300 M M 10 18 42 290
22 44 32 38 -6 27 0 0.42 M M 8.1 20 300 M M 10 1 27 300
23 35 26 31 -13 34 0 T M M 15.3 29 120 M M 7 1 37 120
24 42 26 34 -10 31 0 0.00 M M 12.7 25 60 M M 0 31 50
25 46 23 35 -9 30 0 0.17 M M 5.4 17 180 M M 2 1 26 160
26 46 34 40 -5 25 0 0.74 M M 10.8 22 250 M M 8 1 31 240
27 45 34 40 -5 25 0 0.17 M M 7.7 21 180 M M 9 1 26 120
28 45 29 37 -8 28 0 0.08 M M 5.9 24 270 M M 5 1 33 280
================================================================================
SM 1360 970 649 0 4.73 M 233.8 M 184
================================================================================
AV 48.6 34.6 8.3 FASTST M M 7 MAX(MPH)
MISC ----> 39 300 53 190
================================================================================
NOTES:
# LAST OF SEVERAL OCCURRENCES
COLUMN 17 PEAK WIND IN M.P.H.
PRELIMINARY LOCAL CLIMATOLOGICAL DATA (WS FORM: F-6) , PAGE 2
STATION: ASTORIA OR
MONTH: FEBRUARY
YEAR: 2023
LATITUDE: 46 9 N
LONGITUDE: 123 53 W
[TEMPERATURE DATA] [PRECIPITATION DATA] SYMBOLS USED IN COLUMN 16
AVERAGE MONTHLY: 41.6 TOTAL FOR MONTH: 4.73 1 = FOG OR MIST
DPTR FM NORMAL: -2.6 DPTR FM NORMAL: -2.45 2 = FOG REDUCING VISIBILITY
HIGHEST: 59 ON 9 GRTST 24HR 0.84 ON 25-26 TO 1/4 MILE OR LESS
LOWEST: 23 ON 25 3 = THUNDER
SNOW, ICE PELLETS, HAIL 4 = ICE PELLETS
TOTAL MONTH: M 5 = HAIL
GRTST 24HR M ON M 6 = FREEZING RAIN OR DRIZZLE
GRTST DEPTH: M ON M 7 = DUSTSTORM OR SANDSTORM:
VSBY 1/2 MILE OR LESS
8 = SMOKE OR HAZE
[NO. OF DAYS WITH] [WEATHER - DAYS WITH] 9 = BLOWING SNOW
X = TORNADO
MAX 32 OR BELOW: 0 0.01 INCH OR MORE: 22
MAX 90 OR ABOVE: 0 0.10 INCH OR MORE: 16
MIN 32 OR BELOW: 11 0.50 INCH OR MORE: 1
MIN 0 OR BELOW: 0 1.00 INCH OR MORE: 0
[HDD (BASE 65) ]
TOTAL THIS MO. 649 CLEAR (SCALE 0-3) 5
DPTR FM NORMAL 65 PTCLDY (SCALE 4-7) 11
TOTAL FM JUL 1 3122 CLOUDY (SCALE 8-10) 12
DPTR FM NORMAL -166
[CDD (BASE 65) ]
TOTAL THIS MO. 0
DPTR FM NORMAL 0 [PRESSURE DATA]
TOTAL FM JAN 1 0 HIGHEST SLP 30.51 ON 8
DPTR FM NORMAL 0 LOWEST SLP 29.35 ON 27
[REMARKS]
#FINAL-02-23#