000
CXUS54 KEWX 021340
CF6ATT
PRELIMINARY LOCAL CLIMATOLOGICAL DATA (WS FORM: F-6)
STATION: AUSTIN CAMP MABRY
MONTH: APRIL
YEAR: 2020
LATITUDE: 30 17 N
LONGITUDE: 97 42 W
TEMPERATURE IN F: :PCPN: SNOW: WIND :SUNSHINE: SKY :PK WND
================================================================================
1 2 3 4 5 6A 6B 7 8 9 10 11 12 13 14 15 16 17 18
12Z AVG MX 2MIN
DY MAX MIN AVG DEP HDD CDD WTR SNW DPTH SPD SPD DIR MIN PSBL S-S WX SPD DR
================================================================================
1 78 50 64 -2 1 0 0.00 0.0 0 5.6 13 150 M M 0 23 140
2 70 62 66 0 0 1 0.26 0.0 0 5.2 10 140 M M 9 13 20 170
3 74 46 60 -6 5 0 0.84 0.0 0 6.0 16 10 M M 10 138 28 360
4 53 45 49 -17 16 0 0.66 0.0 0 4.5 12 340 M M 10 13 22 320
5 67 51 59 -8 6 0 0.00 0.0 0 2.2 8 120 M M 10 18 14 340
6 80 61 71 4 0 6 T 0.0 0 1.6 9 180 M M 7 1 16 150
7 89 70 80 13 0 15 0.00 0.0 0 2.7 9 170 M M 4 12 19 150
8 95 73 84 17 0 19 0.00 0.0 0 2.9 12 140 M M 2 18 18 160
9 93 66 80 12 0 15 0.19 0.0 0 2.2 20 350 M M 1 138 38 350
10 75 63 69 1 0 4 0.00 0.0 0 5.4 10 120 M M 3 20 70
11 76 61 69 1 0 4 0.02 0.0 0 4.9 13 150 M M 8 22 170
12 87 61 74 6 0 9 0.03 0.0 0 7.5 18 280 M M 4 18 38 290
13 65 45 55 -14 10 0 0.00 0.0 0 7.1 16 360 M M 0 27 10
14 66 46 56 -13 9 0 0.00 0.0 0 7.5 13 30 M M 2 23 40
15 70 43 57 -12 8 0 0.00 0.0 0 3.9 12 20 M M 0 20 30
16 79 48 64 -5 1 0 0.00 0.0 0 5.8 14 150 M M 0 25 160
17 74 56 65 -5 0 0 0.03 0.0 0 3.3 13 360 M M 9 18 23 360
18 63 55 59 -11 6 0 T 0.0 0 3.6 12 10 M M 10 1 20 20
19 94 60 77 7 0 12 0.02 0.0 0 3.0 15 310 M M 6 123 28 300
20 87 61 74 4 0 9 0.00 0.0 0 4.3 12 120 M M 3 18 18 110
21 87 67 77 7 0 12 0.00 0.0 0 6.8 15 160 M M 4 18 28 150
22 81 71 76 5 0 11 0.12 0.0 0 4.7 13 160 M M 7 138 22 110
23 90 59 75 4 0 10 0.00 0.0 0 3.5 12 20 M M 0 1 22 350
24 98 61 80 9 0 15 0.00 0.0 0 4.6 15 10 M M 0 29 210
25 81 60 71 -1 0 6 0.00 0.0 0 4.8 16 10 M M 2 27 50
26 87 54 71 -1 0 6 0.00 0.0 0 3.9 13 160 M M 0 27 150
27 90 61 76 4 0 11 0.00 0.0 0 7.6 17 160 M M 1 33 160
28 93 74 84 12 0 19 T 0.0 0 6.8 20 160 M M 6 8 36 150
29 85 59 72 0 0 7 0.71 0.0 0 7.0 20 10 M M 3 13 41 30
30 89 55 72 -1 0 7 0.00 0.0 0 3.5 10 130 M M 0 16 130
================================================================================
SM 2416 1744 62 198 2.88 0.0 142.4 M 121
================================================================================
AV 80.5 58.1 4.7 FASTST M M 4 MAX(MPH)
MISC ----> # 20 350 # 41 30
================================================================================
NOTES:
# LAST OF SEVERAL OCCURRENCES
COLUMN 17 PEAK WIND IN M.P.H.
PRELIMINARY LOCAL CLIMATOLOGICAL DATA (WS FORM: F-6) , PAGE 2
STATION: AUSTIN CAMP MABRY
MONTH: APRIL
YEAR: 2020
LATITUDE: 30 17 N
LONGITUDE: 97 42 W
[TEMPERATURE DATA] [PRECIPITATION DATA] SYMBOLS USED IN COLUMN 16
AVERAGE MONTHLY: 69.3 TOTAL FOR MONTH: 2.88 1 = FOG OR MIST
DPTR FM NORMAL: 0.1 DPTR FM NORMAL: 0.79 2 = FOG REDUCING VISIBILITY
HIGHEST: 98 ON 24 GRTST 24HR 0.84 ON 3- 3 TO 1/4 MILE OR LESS
LOWEST: 43 ON 15 3 = THUNDER
SNOW, ICE PELLETS, HAIL 4 = ICE PELLETS
TOTAL MONTH: 0.0 INCH 5 = HAIL
GRTST 24HR 0.0 6 = FREEZING RAIN OR DRIZZLE
GRTST DEPTH: 0 7 = DUSTSTORM OR SANDSTORM:
VSBY 1/2 MILE OR LESS
8 = SMOKE OR HAZE
[NO. OF DAYS WITH] [WEATHER - DAYS WITH] 9 = BLOWING SNOW
X = TORNADO
MAX 32 OR BELOW: 0 0.01 INCH OR MORE: 10
MAX 90 OR ABOVE: 7 0.10 INCH OR MORE: 6
MIN 32 OR BELOW: 0 0.50 INCH OR MORE: 3
MIN 0 OR BELOW: 0 1.00 INCH OR MORE: 0
[HDD (BASE 65) ]
TOTAL THIS MO. 62 CLEAR (SCALE 0-3) 15
DPTR FM NORMAL 24 PTCLDY (SCALE 4-7) 9
TOTAL FM JUL 1 1238 CLOUDY (SCALE 8-10) 6
DPTR FM NORMAL -299
[CDD (BASE 65) ]
TOTAL THIS MO. 198
DPTR FM NORMAL 34 [PRESSURE DATA]
TOTAL FM JAN 1 398 HIGHEST SLP 30.27 ON 15
DPTR FM NORMAL 146 LOWEST SLP 29.45 ON 12
[REMARKS]
#FINAL-04-20#