000
CXUS53 KGRB 011845
CF6ATW
PRELIMINARY LOCAL CLIMATOLOGICAL DATA (WS FORM: F-6)
STATION: APPLETON WI
MONTH: APRIL
YEAR: 2022
LATITUDE: 44 16 N
LONGITUDE: 88 31 W
TEMPERATURE IN F: :PCPN: SNOW: WIND :SUNSHINE: SKY :PK WND
================================================================================
1 2 3 4 5 6A 6B 7 8 9 10 11 12 13 14 15 16 17 18
12Z AVG MX 2MIN
DY MAX MIN AVG DEP HDD CDD WTR SNW DPTH SPD SPD DIR MIN PSBL S-S WX SPD DR
================================================================================
1 43 28 36 -3 29 0 M M M 7.8 15 340 M M 7 M M
2 39 32 36 -3 29 0 M M M 6.2 9 200 M M 9 1 M M
3 45 32 39 -1 26 0 0.04 M M 7.1 10 140 M M 8 M M
4 37 32 35 -5 30 0 0.12 M M 6.4 10 310 M M 10 12 M M
5 39 30 35 -5 30 0 0.09 M M 6.6 12 120 M M 8 1 17 110
6 48 37 43 2 22 0 0.21 M M 14.3 30 190 M M 8 1 36 190
7 39 36 38 -4 27 0 0.02 M M 8.2 15 220 M M 10 18 210
8 36 30 33 -9 32 0 M M M 12.6 18 310 M M 10 28 10
9 48 28 38 -4 27 0 M M M 8.2 16 330 M M 5 21 310
10 54 30 42 -1 23 0 M M M 10.2 21 120 M M 5 30 120
11 57 37 47 4 18 0 M M M 13.9 25 280 M M 4 33 260
12 61 37 49 5 16 0 M M M 9.1 29 140 M M 6 13 44 140
13 55 32 44 0 21 0 0.07 M M 10.9 21 280 M M 9 12 30 280
14 37 32 35 -10 30 0 M M M 21.1 35 230 M M 5 44 220
15 39 27 33 -12 32 0 M M M 17.0 25 270 M M 5 36 270
16 37 28 33 -13 32 0 M M M 13.2 23 290 M M 9 29 280
17 39 25 32 -14 33 0 M M M 7.0 12 150 M M 5 M M
18 36 30 33 -14 32 0 0.05 M M 7.7 15 280 M M 10 1 17 310
19 46 32 39 -8 26 0 M M M 9.6 23 320 M M 6 26 320
20 46 36 41 -7 24 0 M M M 13.0 24 140 M M 9 1 30 140
21 59 41 50 2 15 0 M M M 13.0 23 290 M M 5 1 35 260
22 46 37 42 -6 23 0 0.01 M M 9.8 15 110 M M 7 1 21 100
23 75 45 60 11 5 0 M M M 14.3 21 190 M M 6 30 180
24 68 48 58 9 7 0 0.02 M M 19.5 30 240 M M 7 39 230
25 48 36 42 -8 23 0 M M M 14.0 18 270 M M 9 25 270
26 36 28 32 -18 33 0 M M M 12.8 21 280 M M 9 24 280
27 43 25 34 -17 31 0 M M M 8.5 12 80 M M 4 20 30
28 48 28 38 -13 27 0 M M M 9.3 16 120 M M 6 23 120
29 57 37 47 -4 18 0 M M M 10.9 18 130 M M 7 29 130
30 50 45 48 -4 17 0 M M M 15.7 22 120 M M 10 3 31 110
================================================================================
SM 1411 1001 738 0 0.63 M 337.9 M 218
================================================================================
AV 47.0 33.4 11.3 FASTST M M 7 MAX(MPH)
MISC ----> 35 230 # 44 140
================================================================================
NOTES:
# LAST OF SEVERAL OCCURRENCES
COLUMN 17 PEAK WIND IN M.P.H.
PRELIMINARY LOCAL CLIMATOLOGICAL DATA (WS FORM: F-6) , PAGE 2
STATION: APPLETON WI
MONTH: APRIL
YEAR: 2022
LATITUDE: 44 16 N
LONGITUDE: 88 31 W
[TEMPERATURE DATA] [PRECIPITATION DATA] SYMBOLS USED IN COLUMN 16
AVERAGE MONTHLY: 40.2 TOTAL FOR MONTH: 0.63 1 = FOG OR MIST
DPTR FM NORMAL: -5.2 DPTR FM NORMAL: -2.31 2 = FOG REDUCING VISIBILITY
HIGHEST: 75 ON 23 GRTST 24HR 0.21 ON 6- 6 TO 1/4 MILE OR LESS
LOWEST: 25 ON 27,17 3 = THUNDER
SNOW, ICE PELLETS, HAIL 4 = ICE PELLETS
TOTAL MONTH: M 5 = HAIL
GRTST 24HR M ON M 6 = FREEZING RAIN OR DRIZZLE
GRTST DEPTH: M ON M 7 = DUSTSTORM OR SANDSTORM:
VSBY 1/2 MILE OR LESS
8 = SMOKE OR HAZE
[NO. OF DAYS WITH] [WEATHER - DAYS WITH] 9 = BLOWING SNOW
X = TORNADO
MAX 32 OR BELOW: 0 0.01 INCH OR MORE: 9
MAX 90 OR ABOVE: 0 0.10 INCH OR MORE: 2
MIN 32 OR BELOW: 18 0.50 INCH OR MORE: 0
MIN 0 OR BELOW: 0 1.00 INCH OR MORE: 0
[HDD (BASE 65) ]
TOTAL THIS MO. 738 CLEAR (SCALE 0-3) 0
DPTR FM NORMAL 147 PTCLDY (SCALE 4-7) 17
TOTAL FM JUL 1 7069 CLOUDY (SCALE 8-10) 13
DPTR FM NORMAL -227
[CDD (BASE 65) ]
TOTAL THIS MO. 0
DPTR FM NORMAL -3 [PRESSURE DATA]
TOTAL FM JAN 1 0 HIGHEST SLP M ON M
DPTR FM NORMAL -3 LOWEST SLP M ON M
[REMARKS]
#FINAL-04-22#