554
CXUS53 KGID 011744
CF6AUH
PRELIMINARY LOCAL CLIMATOLOGICAL DATA (WS FORM: F-6)
STATION: AURORA
MONTH: NOVEMBER
YEAR: 2020
LATITUDE: 40 54 N
LONGITUDE: 97 59 W
TEMPERATURE IN F: :PCPN: SNOW: WIND :SUNSHINE: SKY :PK WND
================================================================================
1 2 3 4 5 6A 6B 7 8 9 10 11 12 13 14 15 16 17 18
12Z AVG MX 2MIN
DY MAX MIN AVG DEP HDD CDD WTR SNW DPTH SPD SPD DIR MIN PSBL S-S WX SPD DR
================================================================================
1 52 25 39 -7 26 0 0.00 M M 5.8 17 350 M M 0 M M
2 73 33 53 8 12 0 0.00 M M 4.7 12 240 M M 0 M M
3 82 38 60 15 5 0 0.00 M M 7.6 18 220 M M 0 23 220
4 82 40 61 17 4 0 0.00 M M 4.2 8 220 M M 0 M M
5 77 40 59 15 6 0 0.00 M M 4.7 13 330 M M 0 M M
6 79 43 61 17 4 0 0.00 M M 12.2 18 180 M M 0 28 180
7 75 57 66 23 0 1 0.00 M M 18.9 24 170 M M 1 33 180
8 74 54 64 22 1 0 0.00 M M 22.2 32 190 M M 3 48 190
9 64 32 48 6 17 0 0.68 M M 17.6 25 350 M M 9 1 30 350
10 32 27 30 -11 35 0 M M M 1.6 5 360 M M 7 1 M M
11 52 26 39 -2 26 0 0.00 M M 3.7 10 200 M M 1 16 220
12 38 24 31 -9 34 0 0.00 M M 6.4 23 350 M M 3 29 350
13 46 22 34 -6 31 0 0.00 M M 11.7 22 190 M M 0 31 210
14 63 31 47 8 18 0 0.09 M M 13.6 30 310 M M 3 44 310
15 52 32 42 3 23 0 0.00 M M 13.0 24 300 M M 0 30 300
16 61 29 45 7 20 0 0.00 M M 8.5 16 320 M M 0 23 310
17 63 29 46 9 19 0 0.00 M M 9.9 21 170 M M 2 30 190
18 69 41 55 18 10 0 0.00 M M 12.9 21 210 M M 0 27 210
19 74 42 58 22 7 0 0.00 M M 7.9 14 190 M M 0 20 190
20 57 37 47 11 18 0 0.00 M M 7.2 12 50 M M 2 M M
21 47 33 40 5 25 0 T M M 6.9 12 160 M M 5 1 17 130
22 51 21 36 1 29 0 0.00 M M 8.4 22 330 M M 1 28 330
23 41 24 33 -1 32 0 0.02 M M 13.8 23 150 M M 9 1 29 150
24 43 32 38 4 27 0 0.22 M M 12.6 18 360 M M 9 1 27 360
25 44 21 33 0 32 0 0.00 M M 7.1 14 350 M M 0 22 360
26 47 28 38 5 27 0 0.00 M M 8.9 15 30 M M 0 1 M M
27 52 25 39 7 26 0 0.00 M M 7.7 13 270 M M 0 1 17 260
28 57 28 43 11 22 0 0.00 M M 9.0 13 220 M M 0 18 220
29 39 20 30 -1 35 0 0.00 M M 18.6 35 360 M M 1 41 360
30 46 11 29 -2 36 0 0.00 M M 6.5 13 190 M M 0 17 190
================================================================================
SM 1732 945 607 1 M M 293.8 M 56
================================================================================
AV 57.7 31.5 9.8 FASTST M M 2 MAX(MPH)
MISC ----> 35 360 M M
================================================================================
NOTES:
# LAST OF SEVERAL OCCURRENCES
COLUMN 17 PEAK WIND IN M.P.H.
PRELIMINARY LOCAL CLIMATOLOGICAL DATA (WS FORM: F-6) , PAGE 2
STATION: AURORA
MONTH: NOVEMBER
YEAR: 2020
LATITUDE: 40 54 N
LONGITUDE: 97 59 W
[TEMPERATURE DATA] [PRECIPITATION DATA] SYMBOLS USED IN COLUMN 16
AVERAGE MONTHLY: 44.6 TOTAL FOR MONTH: M 1 = FOG OR MIST
DPTR FM NORMAL: 6.3 DPTR FM NORMAL: M 2 = FOG REDUCING VISIBILITY
HIGHEST: 82 ON 4, 3 GRTST 24HR M ON M TO 1/4 MILE OR LESS
LOWEST: 11 ON 30 3 = THUNDER
SNOW, ICE PELLETS, HAIL 4 = ICE PELLETS
TOTAL MONTH: M 5 = HAIL
GRTST 24HR M ON M 6 = FREEZING RAIN OR DRIZZLE
GRTST DEPTH: M ON M 7 = DUSTSTORM OR SANDSTORM:
VSBY 1/2 MILE OR LESS
8 = SMOKE OR HAZE
[NO. OF DAYS WITH] [WEATHER - DAYS WITH] 9 = BLOWING SNOW
X = TORNADO
MAX 32 OR BELOW: 1 0.01 INCH OR MORE: M
MAX 90 OR ABOVE: 0 0.10 INCH OR MORE: M
MIN 32 OR BELOW: 19 0.50 INCH OR MORE: M
MIN 0 OR BELOW: 0 1.00 INCH OR MORE: M
[HDD (BASE 65) ]
TOTAL THIS MO. 607 CLEAR (SCALE 0-3) 25
DPTR FM NORMAL -194 PTCLDY (SCALE 4-7) 2
TOTAL FM JUL 1 1204 CLOUDY (SCALE 8-10) 3
DPTR FM NORMAL -125
[CDD (BASE 65) ]
TOTAL THIS MO. 1
DPTR FM NORMAL 1 [PRESSURE DATA]
TOTAL FM JAN 1 1220 HIGHEST SLP M ON M
DPTR FM NORMAL 242 LOWEST SLP M ON M
[REMARKS]
#FINAL-11-20#