000
CXUS54 KEWX 032013
CF6AUS
PRELIMINARY LOCAL CLIMATOLOGICAL DATA (WS FORM: F-6)
STATION: AUSTIN BERGSTROM
MONTH: APRIL
YEAR: 2021
LATITUDE: 30 13 N
LONGITUDE: 97 40 W
TEMPERATURE IN F: :PCPN: SNOW: WIND :SUNSHINE: SKY :PK WND
================================================================================
1 2 3 4 5 6A 6B 7 8 9 10 11 12 13 14 15 16 17 18
12Z AVG MX 2MIN
DY MAX MIN AVG DEP HDD CDD WTR SNW DPTH SPD SPD DIR MIN PSBL S-S WX SPD DR
================================================================================
1 69 35 52 -12 13 0 0.00 0.0 0 6.6 16 50 M M 2 23 50
2 70 33 52 -12 13 0 0.00 0.0 0 7.9 18 140 M M 5 28 140
3 67 47 57 -7 8 0 0.14 0.0 0 6.5 14 120 M M 9 13 20 130
4 75 47 61 -3 4 0 T 0.0 0 4.5 13 160 M M 8 1 17 120
5 79 46 63 -2 2 0 0.00 0.0 0 8.0 21 150 M M 6 12 28 160
6 86 65 76 11 0 11 T 0.0 0 17.2 29 150 M M 9 43 150
7 85 47 66 1 0 1 T 0.0 0 9.3 23 160 M M 6 34 160
8 89 44 67 2 0 2 0.00 0.0 0 7.4 18 150 M M 6 12 30 150
9 89 64 77 11 0 12 0.00 0.0 0 11.3 22 170 M M 6 1 32 180
10 79 48 64 -2 1 0 0.00 0.0 0 12.7 26 360 M M 1 1 34 10
11 87 38 63 -3 2 0 0.00 0.0 0 6.5 17 160 M M 2 26 170
12 87 61 74 8 0 9 0.00 0.0 0 9.2 18 140 M M 7 26 190
13 81 70 76 9 0 11 0.00 0.0 0 8.7 17 360 M M 10 22 40
14 80 67 74 7 0 9 T 0.0 0 8.7 17 360 M M 9 1 21 60
15 71 60 66 -1 0 1 0.13 0.0 0 9.5 25 70 M M 10 1 32 70
16 68 59 64 -3 1 0 0.07 0.0 0 9.2 23 10 M M 10 1 30 10
17 64 50 57 -11 8 0 T 0.0 0 17.2 28 10 M M 8 37 340
18 66 48 57 -11 8 0 T 0.0 0 9.2 18 360 M M 7 25 350
19 74 41 58 -10 7 0 0.00 0.0 0 3.6 14 20 M M 7 20 60
20 82 44 63 -5 2 0 0.00 0.0 0 9.0 29 10 M M 2 36 360
21 64 42 53 -16 12 0 0.00 0.0 0 14.5 28 10 M M 5 39 10
22 65 39 52 -17 13 0 T 0.0 0 6.5 17 150 M M 8 1 24 160
23 73 61 67 -2 0 2 0.56 0.0 0 5.2 23 150 M M 9 13 32 150
24 83 54 69 0 0 4 0.00 0.0 0 10.2 22 20 M M 1 1 30 10
25 86 48 67 -3 0 2 0.00 0.0 0 8.5 17 130 M M 2 23 170
26 85 65 75 5 0 10 0.00 0.0 0 13.2 22 150 M M 7 31 160
27 79 68 74 4 0 9 T 0.0 0 12.3 23 170 M M 9 34 180
28 85 71 78 8 0 13 0.08 0.0 0 15.8 28 150 M M 9 13 39 140
29 75 67 71 0 0 6 0.09 0.0 0 6.6 18 150 M M 9 13 26 160
30 72 65 69 -2 0 4 1.90 0.0 0 9.4 29 70 M M 10 13 37 80
================================================================================
SM 2315 1594 94 106 2.97 0.0 284.4 M 199
================================================================================
AV 77.2 53.1 9.5 FASTST M M 7 MAX(MPH)
MISC ----> # 29 150 43 150
================================================================================
NOTES:
# LAST OF SEVERAL OCCURRENCES
COLUMN 17 PEAK WIND IN M.P.H.
PRELIMINARY LOCAL CLIMATOLOGICAL DATA (WS FORM: F-6) , PAGE 2
STATION: AUSTIN BERGSTROM
MONTH: APRIL
YEAR: 2021
LATITUDE: 30 13 N
LONGITUDE: 97 40 W
[TEMPERATURE DATA] [PRECIPITATION DATA] SYMBOLS USED IN COLUMN 16
AVERAGE MONTHLY: 65.2 TOTAL FOR MONTH: 2.97 1 = FOG OR MIST
DPTR FM NORMAL: -2.2 DPTR FM NORMAL: 0.70 2 = FOG REDUCING VISIBILITY
HIGHEST: 89 ON 9, 8 GRTST 24HR 1.90 ON 30-30 TO 1/4 MILE OR LESS
LOWEST: 33 ON 2 3 = THUNDER
SNOW, ICE PELLETS, HAIL 4 = ICE PELLETS
TOTAL MONTH: 0.0 INCH 5 = HAIL
GRTST 24HR 0.0 6 = FREEZING RAIN OR DRIZZLE
GRTST DEPTH: 0 7 = DUSTSTORM OR SANDSTORM:
VSBY 1/2 MILE OR LESS
8 = SMOKE OR HAZE
[NO. OF DAYS WITH] [WEATHER - DAYS WITH] 9 = BLOWING SNOW
X = TORNADO
MAX 32 OR BELOW: 0 0.01 INCH OR MORE: 7
MAX 90 OR ABOVE: 0 0.10 INCH OR MORE: 4
MIN 32 OR BELOW: 0 0.50 INCH OR MORE: 2
MIN 0 OR BELOW: 0 1.00 INCH OR MORE: 1
[HDD (BASE 65) ]
TOTAL THIS MO. 94 CLEAR (SCALE 0-3) 6
DPTR FM NORMAL 31 PTCLDY (SCALE 4-7) 11
TOTAL FM JUL 1 1699 CLOUDY (SCALE 8-10) 13
DPTR FM NORMAL -202
[CDD (BASE 65) ]
TOTAL THIS MO. 106
DPTR FM NORMAL -24 [PRESSURE DATA]
TOTAL FM JAN 1 198 HIGHEST SLP 30.55 ON 1
DPTR FM NORMAL 10 LOWEST SLP 29.49 ON 9
[REMARKS]
#FINAL-04-21#