000
CXUS54 KEWX 012219
CLMAUS
CLIMATE REPORT
NATIONAL WEATHER SERVICE AUSTIN/SAN ANTONIO
411 PM CST FRI DEC 01 2023
...................................
...THE AUSTIN BERGSTROM CLIMATE SUMMARY FOR THE MONTH OF NOVEMBER 2023...
CLIMATE NORMAL PERIOD: 1991 TO 2020
CLIMATE RECORD PERIOD: 1943 TO 2023
WEATHER OBSERVED NORMAL DEPART LAST YEAR`S
VALUE DATE(S) VALUE FROM VALUE DATE(S)
NORMAL
................................................................
TEMPERATURE (F)
HIGHEST 85 11/07 86 11/04
LOWEST 32 11/02 29 11/13
AVG. MAXIMUM 69.3 71.7 -2.4 66.9
AVG. MINIMUM 48.5 46.9 1.6 47.8
MEAN 58.9 59.3 -0.4 57.3
DAYS MAX >= 90 0 0
DAYS MAX <= 32 0 0
DAYS MIN <= 32 1 1
DAYS MIN <= 0 0 0
PRECIPITATION (INCHES)
TOTALS 1.36 2.68 -1.32 3.90
DAILY AVG. 0.05 0.09 -0.04 0.13
DAYS >= .01 6 15
DAYS >= .10 4 10
DAYS >= .50 0 2
DAYS >= 1.00 0 1
GREATEST
24 HR. TOTAL 0.75 11/09 TO 11/10
SNOWFALL (INCHES)
TOTALS 0.0 0.0 0.0 0.0
SINCE 7/1 T 0.0 0.0 MM
DEGREE DAYS
HEATING TOTAL 217 219 -2 277
SINCE 7/1 269 265 4 MM
COOLING TOTAL 43 48 -5 55
SINCE 1/1 3489 2982 507 MM
................................................................
WIND (MPH)
AVERAGE WIND SPEED 7.2
HIGHEST WIND SPEED/DIRECTION 30/360 DATE 11/21
HIGHEST GUST SPEED/DIRECTION 38/350 DATE 11/21
38/350 11/26
SKY COVER
POSSIBLE SUNSHINE (PERCENT) MM
AVERAGE SKY COVER 0.66
NUMBER OF DAYS FAIR 5
NUMBER OF DAYS PC 13
NUMBER OF DAYS CLOUDY 12
AVERAGE RH (PERCENT) 75
WEATHER CONDITIONS. NUMBER OF DAYS WITH
THUNDERSTORM 0 MIXED PRECIP 0
HEAVY RAIN 0 RAIN 2
LIGHT RAIN 8 FREEZING RAIN 0
LT FREEZING RAIN 0 HAIL 0
HEAVY SNOW 0 SNOW 0
LIGHT SNOW 0 SLEET 0
FOG 14 FOG W/VIS <= 1/4 MILE 3
HAZE 0
- INDICATES NEGATIVE NUMBERS.
R INDICATES RECORD WAS SET OR TIED.
MM INDICATES DATA IS MISSING.
T INDICATES TRACE AMOUNT.
&&
MONTHLY CLIMATE SUMMARY:
NOVEMBER 2023 WAS TIED FOR THE 30TH COOLEST AND WAS THE
33RD DRIEST NOVEMBER ON RECORD.
SEA LEVEL PRESSURE DATA:
HIGHEST SLP 30.52 ON 1ST
LOWEST SLP 29.64 ON 20TH
PRELIMINARY LOCAL CLIMATOLOGICAL DATA (WS FORM: F-6)
STATION: AUSTIN BERGSTROM
MONTH: NOVEMBER
YEAR: 2023
LATITUDE: 30 13 N
LONGITUDE: 97 40 W
TEMPERATURE IN F: :PCPN: SNOW: WIND :SUNSHINE: SKY :PK WND
================================================================================
1 2 3 4 5 6A 6B 7 8 9 10 11 12 13 14 15 16 17 18
12Z AVG MX 2MIN
DY MAX MIN AVG DEP HDD CDD WTR SNW DPTH SPD SPD DIR MIN PSBL S-S WX SPD DR
================================================================================
1 60 35 48 -16 17 0 0.00 0.0 0 6.0 13 360 M M 0 18 40
2 67 32 50 -14 15 0 0.00 0.0 0 3.0 14 180 M M 2 18 180
3 76 47 62 -1 3 0 0.00 0.0 0 5.1 16 180 M M 5 1 23 180
4 79 48 64 1 1 0 0.00 0.0 0 4.6 15 200 M M 6 12 21 180
5 80 55 68 5 0 3 0.00 0.0 0 4.9 15 180 M M 8 12 21 180
6 81 58 70 8 0 5 0.00 0.0 0 8.8 21 200 M M 7 1 29 200
7 85 64 75 13 0 10 0.00 0.0 0 11.2 21 190 M M 4 29 180
8 83 68 76 14 0 11 0.00 0.0 0 9.5 20 200 M M 7 29 200
9 78 55 67 6 0 2 0.36 0.0 0 8.3 23 350 M M 10 1 29 350
10 58 54 56 -5 9 0 0.40 0.0 0 12.7 20 350 M M 10 1 25 360
11 62 54 58 -3 7 0 T 0.0 0 8.7 17 10 M M 10 1 22 20
12 62 56 59 -1 6 0 0.38 0.0 0 8.7 14 20 M M 10 1 17 10
13 67 54 61 1 4 0 0.02 0.0 0 11.2 18 20 M M 9 1 23 40
14 72 51 62 2 3 0 0.00 0.0 0 6.7 15 10 M M 4 19 10
15 74 47 61 2 4 0 0.00 0.0 0 4.0 13 50 M M 1 22 50
16 63 46 55 -4 10 0 0.00 0.0 0 2.8 8 210 M M 7 12 14 80
17 82 54 68 9 0 3 0.00 0.0 0 9.1 24 360 M M 7 1 30 360
18 70 60 65 7 0 0 0.00 0.0 0 7.6 15 20 M M 10 20 40
19 67 54 61 3 4 0 0.06 0.0 0 4.5 12 150 M M 9 1 19 120
20 84 61 73 15 0 8 0.00 0.0 0 9.0 23 350 M M 7 1 35 350
21 61 48 55 -3 10 0 0.00 0.0 0 14.6 30 360 M M 6 38 350
22 67 34 51 -6 14 0 0.00 0.0 0 3.8 14 360 M M 2 22 10
23 59 35 47 -10 18 0 T 0.0 0 4.6 13 170 M M 7 20 220
24 66 36 51 -6 14 0 0.00 0.0 0 2.9 13 70 M M 3 20 80
25 61 40 51 -5 14 0 T 0.0 0 5.5 12 70 M M 9 22 70
26 57 38 48 -8 17 0 0.00 0.0 0 13.2 29 350 M M 8 38 350
27 56 34 45 -11 20 0 0.00 0.0 0 7.7 15 10 M M 7 22 50
28 63 39 51 -5 14 0 0.00 0.0 0 4.5 9 100 M M 6 18 90
29 65 39 52 -3 13 0 T 0.0 0 4.8 15 150 M M 10 22 150
30 74 58 66 11 0 1 0.14 0.0 0 7.4 22 190 M M 8 1 33 200
================================================================================
SM 2079 1454 217 43 1.36 0.0 215.4 M 199
================================================================================
AV 69.3 48.5 7.2 FASTST M M 7 MAX(MPH)
MISC ----> 30 360 # 38 350
================================================================================
NOTES:
# LAST OF SEVERAL OCCURRENCES
COLUMN 17 PEAK WIND IN M.P.H.
SYMBOLS USED IN COLUMN 16
1 = FOG OR MIST
2 = FOG REDUCING VISIBILITY TO 1/4 MILE OR LESS
3 = THUNDER
4 = ICE PELLETS
5 = HAIL
6 = FREEZING RAIN OR DRIZZLE
7 = DUSTSTORM OR SANDSTORM: VSBY 1/2 MILE OR LESS
8 = SMOKE OR HAZE
9 = BLOWING SNOW
X = TORNADO
$$