000
CXUS52 KGSP 010917
CF6AVL
PRELIMINARY LOCAL CLIMATOLOGICAL DATA (WS FORM: F-6)
STATION: ASHEVILLE NC
MONTH: FEBRUARY
YEAR: 2023
LATITUDE: 35 25 N
LONGITUDE: 82 33 W
TEMPERATURE IN F: :PCPN: SNOW: WIND :SUNSHINE: SKY :PK WND
================================================================================
1 2 3 4 5 6A 6B 7 8 9 10 11 12 13 14 15 16 17 18
12Z AVG MX 2MIN
DY MAX MIN AVG DEP HDD CDD WTR SNW DPTH SPD SPD DIR MIN PSBL S-S WX SPD DR
================================================================================
1 50 40 45 5 20 0 0.01 0.0 0 9.5 25 340 M M 8 1 33 330
2 44 39 42 2 23 0 0.42 0.0 0 6.2 16 330 M M 10 1 21 330
3 39 26 33 -7 32 0 0.00 0.0 0 13.9 28 340 M M 1 38 340
4 42 20 31 -9 34 0 0.00 0.0 0 5.8 20 340 M M 0 25 330
5 56 26 41 1 24 0 0.00 0.0 0 5.5 17 200 M M 0 24 220
6 59 32 46 6 19 0 0.00 0.0 0 8.9 24 340 M M 0 34 340
7 62 28 45 4 20 0 0.00 0.0 0 6.1 21 180 M M 0 27 190
8 61 36 49 8 16 0 T 0.0 0 2.1 13 170 M M 6 18 15 170
9 63 49 56 15 9 0 T 0.0 0 10.1 28 190 M M 7 1 36 190
10 59 44 52 11 13 0 0.01 0.0 0 12.8 24 330 M M 1 30 320
11 54 36 45 4 20 0 0.41 T 0 4.2 18 330 M M 3 14 23 340
12 41 36 39 -3 26 0 0.48 0.0 0 7.9 30 330 M M 9 1 37 330
13 60 35 48 6 17 0 0.00 0.0 0 9.3 28 330 M M 0 33 330
14 62 28 45 3 20 0 0.00 0.0 0 5.8 17 170 M M 0 21 150
15 64 42 53 11 12 0 T 0.0 0 5.9 16 180 M M 7 20 180
16 67 52 60 18 5 0 0.04 0.0 0 7.8 23 190 M M 7 1 29 220
17 60 30 45 3 20 0 1.17 T 0 16.6 35 330 M M 8 1 43 340
18 57 26 42 -1 23 0 0.00 0.0 0 7.4 26 330 M M 1 36 340
19 57 33 45 2 20 0 0.00 0.0 0 8.6 28 190 M M 1 36 180
20 68 36 52 9 13 0 T 0.0 0 4.4 24 250 M M 4 35 240
21 70 45 58 15 7 0 0.04 0.0 0 5.1 21 330 M M 5 1 31 310
22 71 42 57 13 8 0 0.00 0.0 0 8.0 24 210 M M 2 32 180
23 74 53 64 20 1 0 0.02 0.0 0 7.8 18 190 M M 7 1 26 180
24 67 48 58 14 7 0 0.01 0.0 0 8.1 24 340 M M 5 1 31 330
25 52 43 48 4 17 0 0.09 0.0 0 7.6 14 330 M M 10 1 17 340
26 64 44 54 10 11 0 T 0.0 0 6.9 20 330 M M 2 23 330
27 65 46 56 12 9 0 0.08 0.0 0 8.4 29 310 M M 4 1 42 310
28 73 46 60 15 5 0 0.00 0.0 0 7.5 20 280 M M 0 28 290
================================================================================
SM 1661 1061 451 0 2.78 T 218.2 M 108
================================================================================
AV 59.3 37.9 7.8 FASTST M M 4 MAX(MPH)
MISC ----> 35 330 43 340
================================================================================
NOTES:
# LAST OF SEVERAL OCCURRENCES
COLUMN 17 PEAK WIND IN M.P.H.
PRELIMINARY LOCAL CLIMATOLOGICAL DATA (WS FORM: F-6) , PAGE 2
STATION: ASHEVILLE NC
MONTH: FEBRUARY
YEAR: 2023
LATITUDE: 35 25 N
LONGITUDE: 82 33 W
[TEMPERATURE DATA] [PRECIPITATION DATA] SYMBOLS USED IN COLUMN 16
AVERAGE MONTHLY: 48.6 TOTAL FOR MONTH: 2.78 1 = FOG OR MIST
DPTR FM NORMAL: 6.5 DPTR FM NORMAL: -0.68 2 = FOG REDUCING VISIBILITY
HIGHEST: 74 ON 23 GRTST 24HR 1.21 ON 16-17 TO 1/4 MILE OR LESS
LOWEST: 20 ON 4 3 = THUNDER
SNOW, ICE PELLETS, HAIL 4 = ICE PELLETS
TOTAL MONTH: T 5 = HAIL
GRTST 24HR T ON 11-11 6 = FREEZING RAIN OR DRIZZLE
GRTST DEPTH: 0 7 = DUSTSTORM OR SANDSTORM:
VSBY 1/2 MILE OR LESS
8 = SMOKE OR HAZE
[NO. OF DAYS WITH] [WEATHER - DAYS WITH] 9 = BLOWING SNOW
X = TORNADO
MAX 32 OR BELOW: 0 0.01 INCH OR MORE: 12
MAX 90 OR ABOVE: 0 0.10 INCH OR MORE: 4
MIN 32 OR BELOW: 8 0.50 INCH OR MORE: 1
MIN 0 OR BELOW: 0 1.00 INCH OR MORE: 1
[HDD (BASE 65) ]
TOTAL THIS MO. 451 CLEAR (SCALE 0-3) 14
DPTR FM NORMAL -192 PTCLDY (SCALE 4-7) 10
TOTAL FM JUL 1 2778 CLOUDY (SCALE 8-10) 4
DPTR FM NORMAL -199
[CDD (BASE 65) ]
TOTAL THIS MO. 0
DPTR FM NORMAL 0 [PRESSURE DATA]
TOTAL FM JAN 1 0 HIGHEST SLP 30.57 ON 4
DPTR FM NORMAL 0 LOWEST SLP 29.55 ON 27
[REMARKS]
#FINAL-02-23#