000
CXUS52 KGSP 010917
CF6AVL
PRELIMINARY LOCAL CLIMATOLOGICAL DATA (WS FORM: F-6)
STATION: ASHEVILLE NC
MONTH: JANUARY
YEAR: 2023
LATITUDE: 35 25 N
LONGITUDE: 82 33 W
TEMPERATURE IN F: :PCPN: SNOW: WIND :SUNSHINE: SKY :PK WND
================================================================================
1 2 3 4 5 6A 6B 7 8 9 10 11 12 13 14 15 16 17 18
12Z AVG MX 2MIN
DY MAX MIN AVG DEP HDD CDD WTR SNW DPTH SPD SPD DIR MIN PSBL S-S WX SPD DR
================================================================================
1 65 41 53 14 12 0 0.00 0.0 0 2.3 9 330 M M 6 12 12 330
2 66 41 54 15 11 0 0.00 0.0 0 2.6 13 220 M M 7 12 16 210
3 63 53 58 19 7 0 0.44 0.0 0 9.9 24 320 M M 9 13 32 320
4 61 43 52 13 13 0 1.00 0.0 0 5.2 15 340 M M 7 123 19 210
5 59 33 46 7 19 0 0.00 0.0 0 5.6 20 300 M M 0 1 26 330
6 51 33 42 3 23 0 0.00 0.0 0 9.5 20 330 M M 0 24 330
7 49 29 39 0 26 0 T 0.0 0 4.0 13 340 M M 6 15 340
8 44 39 42 3 23 0 0.33 0.0 0 4.9 12 330 M M 10 1 16 340
9 48 28 38 0 27 0 0.00 0.0 0 10.1 22 330 M M 4 30 340
10 56 26 41 3 24 0 0.00 0.0 0 1.8 6 340 M M 0 1 8 190
11 54 29 42 4 23 0 0.00 0.0 0 3.3 14 150 M M 3 20 150
12 62 38 50 12 15 0 0.86 0.0 0 6.3 32 290 M M 7 13 47 290
13 48 29 39 1 26 0 0.01 T 0 17.4 29 330 M M 6 1 40 330
14 33 25 29 -9 36 0 T T T 18.5 30 340 M M 7 42 330
15 51 23 37 -1 28 0 0.00 0.0 0 8.3 36 330 M M 0 42 340
16 52 23 38 0 27 0 0.00 0.0 0 1.9 8 150 M M 0 11 140
17 62 40 51 13 14 0 T 0.0 0 4.0 14 330 M M 5 22 310
18 63 33 48 10 17 0 0.08 0.0 0 3.2 16 340 M M 2 1 17 340
19 63 51 57 19 8 0 0.16 0.0 0 9.2 21 190 M M 6 1 28 190
20 51 37 44 6 21 0 0.00 0.0 0 11.0 20 310 M M 0 28 350
21 49 29 39 0 26 0 0.00 0.0 0 6.7 21 340 M M 0 26 330
22 42 34 38 -1 27 0 0.40 0.0 0 5.8 13 160 M M 10 1 16 180
23 42 30 36 -3 29 0 0.10 T 0 14.4 28 330 M M 5 1 33 340
24 53 28 41 2 24 0 0.00 0.0 0 6.8 16 330 M M 0 22 360
25 53 35 44 5 21 0 1.24 0.0 0 8.3 18 190 M M 7 1 24 350
26 43 31 37 -2 28 0 T 0.0 0 8.9 21 330 M M 5 28 330
27 47 27 37 -2 28 0 0.00 0.0 0 5.7 17 290 M M 2 23 290
28 55 22 39 0 26 0 0.00 0.0 0 4.0 15 180 M M 0 19 170
29 51 38 45 6 20 0 0.07 0.0 0 5.0 10 330 M M 8 13 170
30 62 42 52 13 13 0 0.21 0.0 0 3.3 9 330 M M 7 1 15 330
31 59 43 51 11 14 0 0.09 0.0 0 3.1 13 330 M M 8 12 14 330
================================================================================
SM 1657 1053 656 0 4.99 T 211.0 M 137
================================================================================
AV 53.5 34.0 6.8 FASTST M M 4 MAX(MPH)
MISC ----> 36 330 47 290
================================================================================
NOTES:
# LAST OF SEVERAL OCCURRENCES
COLUMN 17 PEAK WIND IN M.P.H.
PRELIMINARY LOCAL CLIMATOLOGICAL DATA (WS FORM: F-6) , PAGE 2
STATION: ASHEVILLE NC
MONTH: JANUARY
YEAR: 2023
LATITUDE: 35 25 N
LONGITUDE: 82 33 W
[TEMPERATURE DATA] [PRECIPITATION DATA] SYMBOLS USED IN COLUMN 16
AVERAGE MONTHLY: 43.7 TOTAL FOR MONTH: 4.99 1 = FOG OR MIST
DPTR FM NORMAL: 5.0 DPTR FM NORMAL: 0.86 2 = FOG REDUCING VISIBILITY
HIGHEST: 66 ON 2 GRTST 24HR 2.37 ON 3- 4 TO 1/4 MILE OR LESS
LOWEST: 22 ON 28 3 = THUNDER
SNOW, ICE PELLETS, HAIL 4 = ICE PELLETS
TOTAL MONTH: T 5 = HAIL
GRTST 24HR T ON 13-13 6 = FREEZING RAIN OR DRIZZLE
GRTST DEPTH: T 7 = DUSTSTORM OR SANDSTORM:
VSBY 1/2 MILE OR LESS
8 = SMOKE OR HAZE
[NO. OF DAYS WITH] [WEATHER - DAYS WITH] 9 = BLOWING SNOW
X = TORNADO
MAX 32 OR BELOW: 0 0.01 INCH OR MORE: 13
MAX 90 OR ABOVE: 0 0.10 INCH OR MORE: 9
MIN 32 OR BELOW: 14 0.50 INCH OR MORE: 3
MIN 0 OR BELOW: 0 1.00 INCH OR MORE: 2
[HDD (BASE 65) ]
TOTAL THIS MO. 656 CLEAR (SCALE 0-3) 12
DPTR FM NORMAL -158 PTCLDY (SCALE 4-7) 16
TOTAL FM JUL 1 2327 CLOUDY (SCALE 8-10) 3
DPTR FM NORMAL -6
[CDD (BASE 65) ]
TOTAL THIS MO. 0
DPTR FM NORMAL 0 [PRESSURE DATA]
TOTAL FM JAN 1 0 HIGHEST SLP 30.44 ON 28
DPTR FM NORMAL 0 LOWEST SLP 29.67 ON 25
[REMARKS]
#FINAL-01-23#