000
CXUS52 KGSP 010817
CF6AVL
PRELIMINARY LOCAL CLIMATOLOGICAL DATA (WS FORM: F-6)
STATION: ASHEVILLE NC
MONTH: APRIL
YEAR: 2022
LATITUDE: 35 25 N
LONGITUDE: 82 33 W
TEMPERATURE IN F: :PCPN: SNOW: WIND :SUNSHINE: SKY :PK WND
================================================================================
1 2 3 4 5 6A 6B 7 8 9 10 11 12 13 14 15 16 17 18
12Z AVG MX 2MIN
DY MAX MIN AVG DEP HDD CDD WTR SNW DPTH SPD SPD DIR MIN PSBL S-S WX SPD DR
================================================================================
1 58 43 51 -2 14 0 0.00 0.0 0 12.4 25 330 M M 1 34 280
2 58 31 45 -8 20 0 0.00 0.0 0 4.9 14 160 M M 2 18 160
3 60 41 51 -2 14 0 0.00 0.0 0 10.8 22 340 M M 0 29 340
4 65 34 50 -4 15 0 0.00 0.0 0 5.4 16 180 M M 0 21 200
5 56 38 47 -7 18 0 0.68 0.0 0 2.2 17 220 M M 5 13 22 120
6 78 49 64 10 1 0 0.03 0.0 0 9.1 21 200 M M 2 27 180
7 64 46 55 1 10 0 T 0.0 0 13.8 25 300 M M 6 13 32 310
8 51 34 43 -12 22 0 T 0.0 0 8.4 21 330 M M 5 28 200
9 45 31 38 -17 27 0 0.02 T T 9.4 25 300 M M 8 1 33 330
10 66 30 48 -7 17 0 0.00 0.0 0 5.6 17 330 M M 0 22 340
11 75 37 56 0 9 0 T 0.0 0 7.1 20 210 M M 2 28 220
12 66 51 59 3 6 0 0.08 0.0 0 4.2 17 330 M M 6 1 20 340
13 74 53 64 8 1 0 0.00 0.0 0 10.3 25 190 M M 1 37 190
14 70 50 60 3 5 0 T 0.0 0 10.4 26 340 M M 3 35 340
15 69 39 54 -3 11 0 0.00 0.0 0 4.1 14 170 M M 0 24 120
16 71 49 60 3 5 0 0.05 0.0 0 5.2 16 340 M M 4 19 340
17 74 53 64 6 1 0 0.06 0.0 0 6.2 15 330 M M 3 1 21 150
18 54 42 48 -10 17 0 1.01 0.0 0 6.9 24 320 M M 8 1 32 320
19 55 36 46 -12 19 0 0.00 0.0 0 11.4 26 330 M M 1 34 330
20 63 31 47 -11 18 0 0.00 0.0 0 6.4 15 160 M M 0 21 170
21 68 52 60 1 5 0 0.00 0.0 0 6.9 18 180 M M 6 24 170
22 78 45 62 3 3 0 0.00 0.0 0 3.1 13 170 M M 0 1 18 150
23 78 49 64 5 1 0 0.00 0.0 0 5.4 17 210 M M 0 26 190
24 78 50 64 4 1 0 0.00 0.0 0 6.0 17 170 M M 0 22 180
25 80 48 64 4 1 0 0.00 0.0 0 4.2 17 190 M M 1 23 210
26 73 50 62 2 3 0 0.28 0.0 0 8.4 26 340 M M 2 1 33 340
27 65 44 55 -5 10 0 0.00 0.0 0 12.5 23 340 M M 0 32 340
28 72 39 56 -4 9 0 0.00 0.0 0 5.2 18 310 M M 0 23 320
29 71 45 58 -3 7 0 0.00 0.0 0 4.1 13 160 M M 5 19 140
30 77 49 63 2 2 0 0.00 0.0 0 6.5 17 220 M M 2 23 180
================================================================================
SM 2012 1289 292 0 2.21 T 216.5 M 73
================================================================================
AV 67.1 43.0 7.2 FASTST M M 2 MAX(MPH)
MISC ----> # 26 340 37 190
================================================================================
NOTES:
# LAST OF SEVERAL OCCURRENCES
COLUMN 17 PEAK WIND IN M.P.H.
PRELIMINARY LOCAL CLIMATOLOGICAL DATA (WS FORM: F-6) , PAGE 2
STATION: ASHEVILLE NC
MONTH: APRIL
YEAR: 2022
LATITUDE: 35 25 N
LONGITUDE: 82 33 W
[TEMPERATURE DATA] [PRECIPITATION DATA] SYMBOLS USED IN COLUMN 16
AVERAGE MONTHLY: 55.0 TOTAL FOR MONTH: 2.21 1 = FOG OR MIST
DPTR FM NORMAL: -2.0 DPTR FM NORMAL: -1.96 2 = FOG REDUCING VISIBILITY
HIGHEST: 80 ON 25 GRTST 24HR 1.07 ON 17-18 TO 1/4 MILE OR LESS
LOWEST: 30 ON 10 3 = THUNDER
SNOW, ICE PELLETS, HAIL 4 = ICE PELLETS
TOTAL MONTH: T 5 = HAIL
GRTST 24HR T ON 9- 9 6 = FREEZING RAIN OR DRIZZLE
GRTST DEPTH: T 7 = DUSTSTORM OR SANDSTORM:
VSBY 1/2 MILE OR LESS
8 = SMOKE OR HAZE
[NO. OF DAYS WITH] [WEATHER - DAYS WITH] 9 = BLOWING SNOW
X = TORNADO
MAX 32 OR BELOW: 0 0.01 INCH OR MORE: 8
MAX 90 OR ABOVE: 0 0.10 INCH OR MORE: 3
MIN 32 OR BELOW: 4 0.50 INCH OR MORE: 2
MIN 0 OR BELOW: 0 1.00 INCH OR MORE: 1
[HDD (BASE 65) ]
TOTAL THIS MO. 292 CLEAR (SCALE 0-3) 20
DPTR FM NORMAL 38 PTCLDY (SCALE 4-7) 9
TOTAL FM JUL 1 3543 CLOUDY (SCALE 8-10) 1
DPTR FM NORMAL -204
[CDD (BASE 65) ]
TOTAL THIS MO. 0
DPTR FM NORMAL -14 [PRESSURE DATA]
TOTAL FM JAN 1 0 HIGHEST SLP 30.45 ON 22
DPTR FM NORMAL -15 LOWEST SLP 29.55 ON 5
[REMARKS]
#FINAL-04-22#