000
CXUS52 KGSP 010817
CF6AVL
PRELIMINARY LOCAL CLIMATOLOGICAL DATA (WS FORM: F-6)
STATION: ASHEVILLE NC
MONTH: SEPTEMBER
YEAR: 2020
LATITUDE: 35 25 N
LONGITUDE: 82 33 W
TEMPERATURE IN F: :PCPN: SNOW: WIND :SUNSHINE: SKY :PK WND
================================================================================
1 2 3 4 5 6A 6B 7 8 9 10 11 12 13 14 15 16 17 18
12Z AVG MX 2MIN
DY MAX MIN AVG DEP HDD CDD WTR SNW DPTH SPD SPD DIR MIN PSBL S-S WX SPD DR
================================================================================
1 84 71 78 7 0 13 0.21 0.0 0 3.3 15 200 M M 7 1 19 190
2 91 70 81 11 0 16 0.00 0.0 0 2.6 10 340 M M 4 12 13 330
3 92 66 79 9 0 14 0.00 0.0 0 5.2 17 300 M M 2 1 23 300
4 87 69 78 8 0 13 T 0.0 0 6.7 15 340 M M 5 18 22 340
5 82 60 71 1 0 6 0.00 0.0 0 8.0 17 340 M M 1 22 340
6 80 55 68 -2 0 3 0.00 0.0 0 3.3 12 340 M M 2 8 15 340
7 81 54 68 -1 0 3 0.00 0.0 0 3.2 10 160 M M 1 128 13 170
8 83 56 70 1 0 5 0.00 0.0 0 2.3 9 120 M M 2 128 14 50
9 79 62 71 2 0 6 T 0.0 0 2.5 9 40 M M 9 18 15 70
10 85 69 77 9 0 12 0.02 0.0 0 3.4 10 330 M M 7 1 14 100
11 85 68 77 9 0 12 0.33 0.0 0 3.7 10 150 M M 5 18 13 150
12 77 70 74 6 0 9 1.28 0.0 0 2.9 12 150 M M 10 128 17 160
13 79 68 74 7 0 9 0.10 0.0 0 3.7 12 170 M M 7 1 14 170
14 80 67 74 7 0 9 0.18 0.0 0 3.9 12 330 M M 7 1 15 330
15 73 60 67 0 0 2 0.00 0.0 0 3.7 12 180 M M 8 15 140
16 73 58 66 0 0 1 0.10 0.0 0 3.5 10 180 M M 6 1 14 180
17 68 62 65 -1 0 0 2.79 0.0 0 6.3 12 350 M M 10 1 17 10
18 74 59 67 1 0 2 0.00 0.0 0 12.0 23 320 M M 2 28 340
19 66 55 61 -4 4 0 0.00 0.0 0 3.1 8 160 M M 8 14 140
20 68 47 58 -7 7 0 0.00 0.0 0 2.7 9 30 M M 3 15 20
21 67 47 57 -8 8 0 0.00 0.0 0 2.8 12 170 M M 4 15 170
22 72 43 58 -6 7 0 0.00 0.0 0 4.2 15 330 M M 2 12 21 340
23 73 52 63 -1 2 0 0.00 0.0 0 2.6 9 330 M M 2 8 13 340
24 65 58 62 -2 3 0 0.76 0.0 0 2.6 9 160 M M 10 1 12 160
25 64 58 61 -2 4 0 1.50 0.0 0 4.3 12 180 M M 10 1 14 150
26 77 60 69 6 0 4 0.00 0.0 0 4.5 12 160 M M 10 18 14 170
27 75 60 68 6 0 3 0.06 0.0 0 3.1 14 210 M M 7 1 18 220
28 79 64 72 10 0 7 0.05 0.0 0 6.9 17 170 M M 6 1 23 180
29 67 50 59 -3 6 0 0.89 0.0 0 10.5 22 340 M M 8 1 32 350
30 70 45 58 -3 7 0 0.00 0.0 0 2.8 9 200 M M 2 128 13 350
================================================================================
SM 2296 1783 48 149 8.27 0.0 130.3 M 167
================================================================================
AV 76.5 59.4 4.3 FASTST M M 6 MAX(MPH)
MISC ----> 23 320 32 350
================================================================================
NOTES:
# LAST OF SEVERAL OCCURRENCES
COLUMN 17 PEAK WIND IN M.P.H.
PRELIMINARY LOCAL CLIMATOLOGICAL DATA (WS FORM: F-6) , PAGE 2
STATION: ASHEVILLE NC
MONTH: SEPTEMBER
YEAR: 2020
LATITUDE: 35 25 N
LONGITUDE: 82 33 W
[TEMPERATURE DATA] [PRECIPITATION DATA] SYMBOLS USED IN COLUMN 16
AVERAGE MONTHLY: 68.0 TOTAL FOR MONTH: 8.27 1 = FOG OR MIST
DPTR FM NORMAL: 1.7 DPTR FM NORMAL: 4.46 2 = FOG REDUCING VISIBILITY
HIGHEST: 92 ON 3 GRTST 24HR 2.88 ON 16-17 TO 1/4 MILE OR LESS
LOWEST: 43 ON 22 3 = THUNDER
SNOW, ICE PELLETS, HAIL 4 = ICE PELLETS
TOTAL MONTH: 0.0 INCH 5 = HAIL
GRTST 24HR 0.0 6 = FREEZING RAIN OR DRIZZLE
GRTST DEPTH: 0 7 = DUSTSTORM OR SANDSTORM:
VSBY 1/2 MILE OR LESS
8 = SMOKE OR HAZE
[NO. OF DAYS WITH] [WEATHER - DAYS WITH] 9 = BLOWING SNOW
X = TORNADO
MAX 32 OR BELOW: 0 0.01 INCH OR MORE: 13
MAX 90 OR ABOVE: 2 0.10 INCH OR MORE: 10
MIN 32 OR BELOW: 0 0.50 INCH OR MORE: 5
MIN 0 OR BELOW: 0 1.00 INCH OR MORE: 3
[HDD (BASE 65) ]
TOTAL THIS MO. 48 CLEAR (SCALE 0-3) 9
DPTR FM NORMAL -7 PTCLDY (SCALE 4-7) 15
TOTAL FM JUL 1 48 CLOUDY (SCALE 8-10) 6
DPTR FM NORMAL -7
[CDD (BASE 65) ]
TOTAL THIS MO. 149
DPTR FM NORMAL 54 [PRESSURE DATA]
TOTAL FM JAN 1 1131 HIGHEST SLP 30.48 ON 21
DPTR FM NORMAL 279 LOWEST SLP 29.75 ON 29
[REMARKS]
#FINAL-09-20#