000
CXUS53 KGRR 010910
CF6AZO
PRELIMINARY LOCAL CLIMATOLOGICAL DATA (WS FORM: F-6)
STATION: KALAMAZOO
MONTH: JULY
YEAR: 2023
LATITUDE: 42 13 N
LONGITUDE: 85 33 W
TEMPERATURE IN F: :PCPN: SNOW: WIND :SUNSHINE: SKY :PK WND
================================================================================
1 2 3 4 5 6A 6B 7 8 9 10 11 12 13 14 15 16 17 18
12Z AVG MX 2MIN
DY MAX MIN AVG DEP HDD CDD WTR SNW DPTH SPD SPD DIR MIN PSBL S-S WX SPD DR
================================================================================
1 86 67 77 5 0 12 0.03 0.0 0 3.1 17 190 M M 4 18 22 200
2 82 69 76 4 0 11 0.56 0.0 0 1.5 17 350 M M 7 138 21 360
3 87 66 77 5 0 12 0.00 0.0 M 4.2 15 310 M M 6 128 19 300
4 89 63 76 4 0 11 0.00 0.0 M 2.9 10 230 M M 2 128 14 200
5 93 68 81 9 0 16 T 0.0 M 6.0 16 190 M M 1 138 27 250
6 84 66 75 3 0 10 0.01 0.0 M 7.8 17 300 M M 4 24 270
7 85 59 72 0 0 7 T 0.0 0 3.8 10 200 M M 2 16 180
8 76 61 69 -4 0 4 0.03 0.0 0 6.7 16 290 M M 8 21 290
9 85 56 71 -2 0 6 0.00 0.0 0 4.3 14 280 M M 1 1 19 260
10 88 58 73 0 0 8 0.00 0.0 0 6.2 16 230 M M 0 23 220
11 88 65 77 4 0 12 0.00 0.0 0 9.3 17 320 M M 1 26 290
12 79 60 70 -3 0 5 0.91 0.0 0 5.2 16 240 M M 6 13 23 230
13 77 63 70 -3 0 5 T 0.0 0 6.8 17 320 M M 7 1 24 320
14 90 61 76 3 0 11 0.90 0.0 0 8.4 18 330 M M 1 13 27 320
15 83 68 76 3 0 11 0.94 0.0 0 6.4 20 280 M M 6 13 26 280
16 81 63 72 -1 0 7 0.00 0.0 0 8.0 21 280 M M 0 18 29 260
17 79 59 69 -4 0 4 0.00 0.0 0 7.2 18 260 M M 1 18 26 300
18 81 55 68 -5 0 3 0.00 0.0 0 3.1 12 350 M M 2 16 310
19 85 57 71 -2 0 6 0.00 0.0 0 2.3 9 200 M M 2 17 220
20 88 64 76 3 0 11 T 0.0 0 9.8 24 280 M M 2 3 34 280
21 84 64 74 1 0 9 0.00 0.0 0 8.0 15 320 M M 4 19 280
22 85 60 73 0 0 8 0.00 0.0 0 3.6 14 230 M M 1 18 230
23 80 61 71 -2 0 6 0.53 0.0 0 3.7 14 300 M M 3 138 20 310
24 86 60 73 0 0 8 0.00 0.0 0 4.8 14 290 M M 1 18 19 300
25 88 60 74 1 0 9 0.00 0.0 0 3.1 10 200 M M 0 18 16 260
26 83 67 75 3 0 10 0.85 0.0 0 5.1 30 200 M M 3 138 45 200
27 89 68 79 7 0 14 0.00 0.0 0 2.0 10 200 M M 4 128 15 160
28 91 71 81 9 0 16 1.09 0.0 0 5.8 35 200 M M 2 13 43 210
29 86 67 77 5 0 12 0.71 0.0 M 8.8 17 350 M M 4 13 23 350
30 81 61 71 -1 0 6 0.00 0.0 M 5.5 16 330 M M 3 21 330
31 81 57 69 -3 0 4 0.00 0.0 0 3.2 13 320 M M 2 18 290
================================================================================
SM 2620 1944 0 274 6.56 0.0 166.6 M 90
================================================================================
AV 84.5 62.7 5.4 FASTST M M 3 MAX(MPH)
MISC ----> 35 200 45 200
================================================================================
NOTES:
# LAST OF SEVERAL OCCURRENCES
COLUMN 17 PEAK WIND IN M.P.H.
PRELIMINARY LOCAL CLIMATOLOGICAL DATA (WS FORM: F-6) , PAGE 2
STATION: KALAMAZOO
MONTH: JULY
YEAR: 2023
LATITUDE: 42 13 N
LONGITUDE: 85 33 W
[TEMPERATURE DATA] [PRECIPITATION DATA] SYMBOLS USED IN COLUMN 16
AVERAGE MONTHLY: 73.6 TOTAL FOR MONTH: 6.56 1 = FOG OR MIST
DPTR FM NORMAL: 1.0 DPTR FM NORMAL: 3.20 2 = FOG REDUCING VISIBILITY
HIGHEST: 93 ON 5 GRTST 24HR 1.84 ON 14-15 TO 1/4 MILE OR LESS
LOWEST: 55 ON 18 3 = THUNDER
SNOW, ICE PELLETS, HAIL 4 = ICE PELLETS
TOTAL MONTH: 0.0 INCH 5 = HAIL
GRTST 24HR 0.0 6 = FREEZING RAIN OR DRIZZLE
GRTST DEPTH: 0 7 = DUSTSTORM OR SANDSTORM:
VSBY 1/2 MILE OR LESS
8 = SMOKE OR HAZE
[NO. OF DAYS WITH] [WEATHER - DAYS WITH] 9 = BLOWING SNOW
X = TORNADO
MAX 32 OR BELOW: 0 0.01 INCH OR MORE: 11
MAX 90 OR ABOVE: 3 0.10 INCH OR MORE: 8
MIN 32 OR BELOW: 0 0.50 INCH OR MORE: 8
MIN 0 OR BELOW: 0 1.00 INCH OR MORE: 1
[HDD (BASE 65) ]
TOTAL THIS MO. 0 CLEAR (SCALE 0-3) 18
DPTR FM NORMAL -6 PTCLDY (SCALE 4-7) 13
TOTAL FM JUL 1 0 CLOUDY (SCALE 8-10) 0
DPTR FM NORMAL 0
[CDD (BASE 65) ]
TOTAL THIS MO. 274
DPTR FM NORMAL 34 [PRESSURE DATA]
TOTAL FM JAN 1 484 HIGHEST SLP 30.18 ON 31
DPTR FM NORMAL 42 LOWEST SLP 29.64 ON 12
[REMARKS]
#FINAL-07-23#