000
CXUS53 KGRR 010910
CF6AZO
PRELIMINARY LOCAL CLIMATOLOGICAL DATA (WS FORM: F-6)
STATION: KALAMAZOO
MONTH: OCTOBER
YEAR: 2022
LATITUDE: 42 13 N
LONGITUDE: 85 33 W
TEMPERATURE IN F: :PCPN: SNOW: WIND :SUNSHINE: SKY :PK WND
================================================================================
1 2 3 4 5 6A 6B 7 8 9 10 11 12 13 14 15 16 17 18
12Z AVG MX 2MIN
DY MAX MIN AVG DEP HDD CDD WTR SNW DPTH SPD SPD DIR MIN PSBL S-S WX SPD DR
================================================================================
1 72 40 56 -1 9 0 0.00 0.0 0 5.8 15 30 M M 0 18 22 20
2 68 46 57 0 8 0 0.00 0.0 0 7.4 15 360 M M 2 25 40
3 70 37 54 -3 11 0 0.00 0.0 0 1.7 9 50 M M 0 1 13 60
4 73 37 55 -1 10 0 0.00 0.0 0 1.6 9 290 M M 0 1 13 310
5 75 42 59 3 6 0 0.00 0.0 0 1.6 10 250 M M 1 12 14 220
6 73 49 61 6 4 0 0.02 0.0 0 8.7 24 340 M M 7 33 350
7 54 36 45 -10 20 0 0.00 0.0 0 10.6 16 360 M M 7 25 320
8 56 31 44 -11 21 0 0.00 0.0 0 8.2 21 270 M M 5 30 310
9 68 41 55 1 10 0 0.00 0.0 0 7.8 20 230 M M 4 30 260
10 73 45 59 5 6 0 0.00 0.0 0 2.9 13 260 M M 3 23 210
11 76 45 61 7 4 0 0.33 0.0 0 10.7 26 200 M M 4 1 37 180
12 72 46 59 6 6 0 0.19 0.0 0 12.5 30 210 M M 8 1 48 170
13 57 41 49 -4 16 0 0.02 0.0 0 10.5 30 260 M M 6 46 270
14 58 40 49 -3 16 0 0.19 0.0 0 10.7 22 220 M M 7 1 31 210
15 54 37 46 -6 19 0 0.08 0.0 0 10.5 23 250 M M 4 1 29 230
16 56 36 46 -6 19 0 0.02 0.0 0 6.6 18 270 M M 7 25 270
17 47 37 42 -9 23 0 0.53 0.0 0 13.0 22 330 M M 9 1 33 270
18 43 37 40 -11 25 0 0.10 0.0 0 17.2 28 320 M M 9 42 310
19 47 35 41 -9 24 0 0.01 0.0 0 12.2 24 300 M M 9 33 290
20 53 34 44 -6 21 0 0.00 0.0 0 6.7 17 230 M M 4 24 210
21 71 38 55 5 10 0 0.00 0.0 0 11.3 20 180 M M 0 29 180
22 77 48 63 14 2 0 0.00 0.0 0 10.7 21 190 M M 0 28 190
23 77 57 67 18 0 2 T 0.0 0 8.5 23 180 M M 1 35 190
24 76 59 68 20 0 3 T 0.0 0 8.2 18 180 M M 2 25 180
25 71 57 64 16 1 0 0.35 0.0 0 6.4 24 180 M M 6 1 33 170
26 62 37 50 2 15 0 0.39 0.0 0 12.5 28 310 M M 10 1 40 310
27 56 30 43 -4 22 0 0.00 0.0 0 2.8 9 60 M M 0 1 14 110
28 63 36 50 3 15 0 0.00 0.0 0 2.1 8 100 M M 0 18 13 180
29 66 31 49 2 16 0 0.00 0.0 0 1.6 8 190 M M 0 1 11 170
30 66 35 51 5 14 0 0.02 0.0 0 1.9 8 130 M M 2 18 12 90
31 64 52 58 12 7 0 0.18 0.0 0 1.4 9 300 M M 10 128 12 290
================================================================================
SM 1994 1272 380 5 2.43 0.0 234.3 M 127
================================================================================
AV 64.3 41.0 7.6 FASTST M M 4 MAX(MPH)
MISC ----> # 30 210 48 170
================================================================================
NOTES:
# LAST OF SEVERAL OCCURRENCES
COLUMN 17 PEAK WIND IN M.P.H.
PRELIMINARY LOCAL CLIMATOLOGICAL DATA (WS FORM: F-6) , PAGE 2
STATION: KALAMAZOO
MONTH: OCTOBER
YEAR: 2022
LATITUDE: 42 13 N
LONGITUDE: 85 33 W
[TEMPERATURE DATA] [PRECIPITATION DATA] SYMBOLS USED IN COLUMN 16
AVERAGE MONTHLY: 52.7 TOTAL FOR MONTH: 2.43 1 = FOG OR MIST
DPTR FM NORMAL: 1.1 DPTR FM NORMAL: -1.31 2 = FOG REDUCING VISIBILITY
HIGHEST: 77 ON 23,22 GRTST 24HR 0.74 ON 25-26 TO 1/4 MILE OR LESS
LOWEST: 30 ON 27 3 = THUNDER
SNOW, ICE PELLETS, HAIL 4 = ICE PELLETS
TOTAL MONTH: 0.0 INCH 5 = HAIL
GRTST 24HR 0.0 6 = FREEZING RAIN OR DRIZZLE
GRTST DEPTH: 0 7 = DUSTSTORM OR SANDSTORM:
VSBY 1/2 MILE OR LESS
8 = SMOKE OR HAZE
[NO. OF DAYS WITH] [WEATHER - DAYS WITH] 9 = BLOWING SNOW
X = TORNADO
MAX 32 OR BELOW: 0 0.01 INCH OR MORE: 14
MAX 90 OR ABOVE: 0 0.10 INCH OR MORE: 8
MIN 32 OR BELOW: 3 0.50 INCH OR MORE: 1
MIN 0 OR BELOW: 0 1.00 INCH OR MORE: 0
[HDD (BASE 65) ]
TOTAL THIS MO. 380 CLEAR (SCALE 0-3) 14
DPTR FM NORMAL -44 PTCLDY (SCALE 4-7) 11
TOTAL FM JUL 1 480 CLOUDY (SCALE 8-10) 6
DPTR FM NORMAL -80
[CDD (BASE 65) ]
TOTAL THIS MO. 5
DPTR FM NORMAL -3 [PRESSURE DATA]
TOTAL FM JAN 1 966 HIGHEST SLP 30.49 ON 28
DPTR FM NORMAL 257 LOWEST SLP 29.55 ON 26
[REMARKS]
#FINAL-10-22#