000
CXUS55 KLBF 011410
CF6BBW
PRELIMINARY LOCAL CLIMATOLOGICAL DATA (WS FORM: F-6)
STATION: BROKEN BOW
MONTH: OCTOBER
YEAR: 2022
LATITUDE: 41 26 N
LONGITUDE: 99 39 W
TEMPERATURE IN F: :PCPN: SNOW: WIND :SUNSHINE: SKY :PK WND
================================================================================
1 2 3 4 5 6A 6B 7 8 9 10 11 12 13 14 15 16 17 18
12Z AVG MX 2MIN
DY MAX MIN AVG DEP HDD CDD WTR SNW DPTH SPD SPD DIR MIN PSBL S-S WX SPD DR
================================================================================
1 87 49 68 10 0 3 0.00 M M 11.3 24 150 M M 0 34 150
2 85 54 70 13 0 5 T M M 11.9 26 160 M M 1 36 160
3 79 48 64 7 1 0 0.05 M M 9.5 21 160 M M 4 29 160
4 73 45 59 3 6 0 0.03 M M 3.9 15 120 M M 5 3 20 110
5 77 42 60 4 5 0 0.00 M M 6.9 20 340 M M 1 1 29 310
6 65 41 53 -2 12 0 0.02 M M 9.6 21 350 M M 3 31 350
7 50 31 41 -14 24 0 T M M 5.1 14 360 M M 9 19 10
8 71 25 48 -6 17 0 0.00 M M 3.9 15 240 M M 1 1 23 280
9 78 28 53 -1 12 0 0.00 M M 2.2 15 270 M M 0 8 24 270
10 80 33 57 4 8 0 0.00 M M 8.8 25 190 M M 0 36 200
11 87 48 68 15 0 3 0.00 M M 14.6 35 340 M M 1 8 48 340
12 60 36 48 -4 17 0 0.00 M M 16.2 35 300 M M 1 49 320
13 63 42 53 1 12 0 0.00 M M 21.7 41 300 M M 0 57 290
14 72 33 53 1 12 0 0.00 M M 12.0 32 330 M M 4 41 320
15 72 32 52 1 13 0 0.00 M M 12.4 30 320 M M 1 38 310
16 57 27 42 -9 23 0 0.00 M M 12.5 26 350 M M 1 37 330
17 54 23 39 -11 26 0 0.00 M M 7.0 17 350 M M 4 24 330
18 54 18 36 -14 29 0 0.00 M M 3.7 12 360 M M 0 16 360
19 72 21 47 -2 18 0 0.00 M M 1.9 14 300 M M 0 19 300
20 80 37 59 10 6 0 0.00 M M 9.1 20 300 M M 0 24 300
21 76 36 56 8 9 0 0.00 M M 5.5 18 350 M M 0 22 350
22 88 36 62 14 3 0 0.00 M M 5.9 17 140 M M 0 22 170
23 86 34 60 12 5 0 T M M 15.0 40 190 M M 3 55 180
24 54 33 44 -3 21 0 0.00 M M 15.0 28 300 M M 0 36 290
25 65 19 42 -5 23 0 0.00 M M 7.2 22 340 M M 1 27 340
26 56 24 40 -6 25 0 T M M 8.1 21 120 M M 5 32 130
27 52 43 48 2 17 0 0.05 M M 8.3 18 110 M M 9 24 140
28 65 32 49 4 16 0 0.00 M M 5.8 14 180 M M 3 18 180
29 71 29 50 5 15 0 0.00 M M 6.0 21 200 M M 0 128 27 170
30 66 25 46 2 19 0 0.00 M M 5.1 16 350 M M 0 21 30
31 73 26 50 6 15 0 0.00 M M 4.7 18 210 M M 0 23 220
================================================================================
SM 2168 1050 409 11 0.15 M 270.8 M 57
================================================================================
AV 69.9 33.9 8.7 FASTST M M 2 MAX(MPH)
MISC ----> 41 300 57 290
================================================================================
NOTES:
# LAST OF SEVERAL OCCURRENCES
COLUMN 17 PEAK WIND IN M.P.H.
PRELIMINARY LOCAL CLIMATOLOGICAL DATA (WS FORM: F-6) , PAGE 2
STATION: BROKEN BOW
MONTH: OCTOBER
YEAR: 2022
LATITUDE: 41 26 N
LONGITUDE: 99 39 W
[TEMPERATURE DATA] [PRECIPITATION DATA] SYMBOLS USED IN COLUMN 16
AVERAGE MONTHLY: 51.9 TOTAL FOR MONTH: 0.15 1 = FOG OR MIST
DPTR FM NORMAL: 1.2 DPTR FM NORMAL: -1.70 2 = FOG REDUCING VISIBILITY
HIGHEST: 88 ON 22 GRTST 24HR 0.08 ON 3- 4 TO 1/4 MILE OR LESS
LOWEST: 18 ON 18 3 = THUNDER
SNOW, ICE PELLETS, HAIL 4 = ICE PELLETS
TOTAL MONTH: M 5 = HAIL
GRTST 24HR M ON M 6 = FREEZING RAIN OR DRIZZLE
GRTST DEPTH: M ON M 7 = DUSTSTORM OR SANDSTORM:
VSBY 1/2 MILE OR LESS
8 = SMOKE OR HAZE
[NO. OF DAYS WITH] [WEATHER - DAYS WITH] 9 = BLOWING SNOW
X = TORNADO
MAX 32 OR BELOW: 0 0.01 INCH OR MORE: 4
MAX 90 OR ABOVE: 0 0.10 INCH OR MORE: 0
MIN 32 OR BELOW: 14 0.50 INCH OR MORE: 0
MIN 0 OR BELOW: 0 1.00 INCH OR MORE: 0
[HDD (BASE 65) ]
TOTAL THIS MO. 409 CLEAR (SCALE 0-3) 24
DPTR FM NORMAL -42 PTCLDY (SCALE 4-7) 5
TOTAL FM JUL 1 465 CLOUDY (SCALE 8-10) 2
DPTR FM NORMAL -115
[CDD (BASE 65) ]
TOTAL THIS MO. 11
DPTR FM NORMAL 3 [PRESSURE DATA]
TOTAL FM JAN 1 1125 HIGHEST SLP 30.60 ON 7
DPTR FM NORMAL 213 LOWEST SLP 29.11 ON 23
[REMARKS]
#FINAL-10-22#