000
CXAK56 PAFC 011441
CF6BET
PRELIMINARY LOCAL CLIMATOLOGICAL DATA (WS FORM: F-6)
STATION: BETHEL
MONTH: MAY
YEAR: 2023
LATITUDE: 60 46 N
LONGITUDE: 161 48 W
TEMPERATURE IN F: :PCPN: SNOW: WIND :SUNSHINE: SKY :PK WND
================================================================================
1 2 3 4 5 6A 6B 7 8 9 10 11 12 13 14 15 16 17 18
12Z AVG MX 2MIN
DY MAX MIN AVG DEP HDD CDD WTR SNW DPTH SPD SPD DIR MIN PSBL S-S WX SPD DR
================================================================================
1 46 30 38 0 27 0 0.02 M M 8.6 20 100 M M 8 1 24 100
2 32 27 30 -8 35 0 0.02 M M 14.2 24 220 M M 10 126 29 220
3 37 27 32 -7 33 0 0.02 M M 9.0 17 190 M M 10 1 22 200
4 39 28 34 -5 31 0 0.00 M M 11.6 18 320 M M 10 23 320
5 36 29 33 -7 32 0 0.01 M M 12.9 23 310 M M 10 1 31 310
6 32 23 28 -12 37 0 T M M 13.6 24 320 M M 9 1 29 320
7 50 22 36 -4 29 0 0.00 M M 9.1 17 80 M M 3 21 90
8 48 30 39 -2 26 0 T M M 16.9 35 70 M M 4 43 70
9 52 35 44 3 21 0 M M M 14.3 23 50 M M 6 28 60
10 56 37 47 6 18 0 T M M 14.5 24 340 M M 5 28 350
11 57 33 45 3 20 0 0.00 M M 11.7 18 320 M M 1 22 320
12 53 28 41 -1 24 0 0.00 M M 8.4 14 330 M M 0 17 290
13 58 29 44 2 21 0 T M M 18.7 37 150 M M 2 47 150
14 42 37 40 -2 25 0 0.47 M M 17.4 35 160 M M 10 44 160
15 44 37 41 -2 24 0 0.56 M M 8.4 15 60 M M 10 1 20 50
16 39 32 36 -7 29 0 0.05 M M 21.1 36 180 M M 10 1 44 180
17 39 31 35 -8 30 0 0.02 M M 11.5 20 190 M M 10 1 24 190
18 52 31 42 -2 23 0 T M M 9.5 18 360 M M 7 24 360
19 59 37 48 4 17 0 0.01 M M 13.1 21 20 M M 6 26 20
20 61 42 52 8 13 0 0.00 M M 10.6 22 120 M M 3 27 100
21 58 38 48 4 17 0 0.00 M M 12.5 23 80 M M 2 29 100
22 51 37 44 -1 21 0 T M M 10.0 18 110 M M 9 25 100
23 53 39 46 1 19 0 0.00 M M 6.5 15 80 M M 10 19 130
24 52 42 47 2 18 0 0.03 M M 5.3 10 360 M M 10 1 14 310
25 60 40 50 4 15 0 T M M 8.1 22 170 M M 7 12 25 180
26 49 31 40 -6 25 0 0.05 M M 7.2 16 150 M M 8 12 20 120
27 47 39 43 -3 22 0 0.02 M M 8.9 14 90 M M 10 1 18 90
28 47 35 41 -6 24 0 0.08 M M 10.3 16 280 M M 10 1 21 260
29 44 36 40 -7 25 0 0.01 M M 14.7 23 200 M M 10 12 27 210
30 50 32 41 -7 24 0 0.14 M M 11.5 20 320 M M 9 1 26 330
31 55 32 44 -4 21 0 0.00 M M 11.5 17 270 M M 4 1 23 290
================================================================================
SM 1498 1026 746 0 1.51 M 361.6 M 223
================================================================================
AV 48.3 33.1 11.7 FASTST M M 7 MAX(MPH)
MISC ----> 37 150 47 150
================================================================================
NOTES:
# LAST OF SEVERAL OCCURRENCES
COLUMN 17 PEAK WIND IN M.P.H.
PRELIMINARY LOCAL CLIMATOLOGICAL DATA (WS FORM: F-6) , PAGE 2
STATION: BETHEL
MONTH: MAY
YEAR: 2023
LATITUDE: 60 46 N
LONGITUDE: 161 48 W
[TEMPERATURE DATA] [PRECIPITATION DATA] SYMBOLS USED IN COLUMN 16
AVERAGE MONTHLY: 40.7 TOTAL FOR MONTH: 1.51 1 = FOG OR MIST
DPTR FM NORMAL: -2.3 DPTR FM NORMAL: 0.30 2 = FOG REDUCING VISIBILITY
HIGHEST: 61 ON 20 GRTST 24HR 0.58 ON 14-15 TO 1/4 MILE OR LESS
LOWEST: 22 ON 7 3 = THUNDER
SNOW, ICE PELLETS, HAIL 4 = ICE PELLETS
TOTAL MONTH: M 5 = HAIL
GRTST 24HR M ON M 6 = FREEZING RAIN OR DRIZZLE
GRTST DEPTH: M ON M 7 = DUSTSTORM OR SANDSTORM:
VSBY 1/2 MILE OR LESS
8 = SMOKE OR HAZE
[NO. OF DAYS WITH] [WEATHER - DAYS WITH] 9 = BLOWING SNOW
X = TORNADO
MAX 32 OR BELOW: 2 0.01 INCH OR MORE: 15
MAX 90 OR ABOVE: 0 0.10 INCH OR MORE: 3
MIN 32 OR BELOW: 16 0.50 INCH OR MORE: 1
MIN 0 OR BELOW: 0 1.00 INCH OR MORE: 0
[HDD (BASE 65) ]
TOTAL THIS MO. 746 CLEAR (SCALE 0-3) 6
DPTR FM NORMAL 66 PTCLDY (SCALE 4-7) 7
TOTAL FM JUL 1 11951 CLOUDY (SCALE 8-10) 18
DPTR FM NORMAL 79
[CDD (BASE 65) ]
TOTAL THIS MO. 0
DPTR FM NORMAL 0 [PRESSURE DATA]
TOTAL FM JAN 1 0 HIGHEST SLP 30.22 ON 18
DPTR FM NORMAL 0 LOWEST SLP 29.26 ON 27
[REMARKS]
#FINAL-05-23#