000
CXAK56 PAFC 011256
CF6BET
PRELIMINARY LOCAL CLIMATOLOGICAL DATA (WS FORM: F-6)
STATION: BETHEL
MONTH: NOVEMBER
YEAR: 2022
LATITUDE: 60 46 N
LONGITUDE: 161 48 W
TEMPERATURE IN F: :PCPN: SNOW: WIND :SUNSHINE: SKY :PK WND
================================================================================
1 2 3 4 5 6A 6B 7 8 9 10 11 12 13 14 15 16 17 18
12Z AVG MX 2MIN
DY MAX MIN AVG DEP HDD CDD WTR SNW DPTH SPD SPD DIR MIN PSBL S-S WX SPD DR
================================================================================
1 24 18 21 -3 44 0 0.04 M M 16.5 28 50 M M 7 12 37 50
2 21 5 13 -11 52 0 0.05 M M 18.1 32 30 M M 10 18 42 30
3 23 5 14 -9 51 0 T M M 10.2 20 290 M M 5 23 290
4 31 17 24 1 41 0 0.02 M M 19.3 36 280 M M 5 1 46 280
5 22 9 16 -6 49 0 T M M 7.9 16 280 M M 2 1 20 280
6 34 4 19 -3 46 0 0.00 M M 7.2 21 100 M M 0 28 90
7 38 32 35 13 30 0 0.27 M M 25.2 43 160 M M 10 16 55 150
8 36 33 35 14 30 0 0.09 M M 8.0 20 180 M M 10 12 25 180
9 33 27 30 9 35 0 0.02 M M 8.0 15 280 M M 8 168 20 290
10 27 14 21 1 44 0 T M M 7.6 14 30 M M 6 1268 17 50
11 31 23 27 7 38 0 0.03 M M 17.0 25 40 M M 10 1 33 30
12 26 20 23 3 42 0 0.04 M M 21.8 30 10 M M 10 1 37 10
13 20 16 18 -1 47 0 T M M 22.7 32 10 M M 8 18 38 10
14 16 6 11 -8 54 0 0.00 M M 12.6 20 350 M M 0 23 360
15 16 5 11 -7 54 0 0.00 M M 10.2 16 20 M M 0 20 20
16 41 8 25 7 40 0 0.00 M M 8.9 20 110 M M 1 1 23 110
17 40 35 38 20 27 0 0.13 M M 8.4 14 110 M M 9 1 M M
18 37 35 36 19 29 0 0.09 M M 5.3 9 20 M M 10 12 11 10
19 33 27 30 13 35 0 0.00 M M 6.4 12 20 M M 0 1 16 20
20 27 21 24 7 41 0 T M M 7.2 16 30 M M 8 6 20 30
21 29 24 27 11 38 0 0.10 M M 8.8 23 270 M M 10 1 29 280
22 24 16 20 4 45 0 0.16 M M 16.2 25 280 M M 9 18 33 280
23 25 16 21 5 44 0 T M M 9.7 21 340 M M 10 1 24 350
24 28 21 25 9 40 0 0.15 M M 10.8 18 130 M M 10 12 22 140
25 29 22 26 11 39 0 0.02 M M 14.2 28 260 M M 9 1 34 260
26 25 9 17 2 48 0 0.00 M M 9.6 14 270 M M 3 18 290
27 16 5 11 -4 54 0 T M M 12.3 22 40 M M 1 27 40
28 16 -2 7 -7 58 0 0.02 M M 16.0 24 40 M M 1 31 40
29 11 -3 4 -10 61 0 0.00 M M 5.8 12 30 M M 3 12 14 30
30 35 11 23 9 42 0 0.34 M M 19.2 36 190 M M 10 16 45 180
================================================================================
SM 814 479 1298 0 1.57 M 371.1 M 185
================================================================================
AV 27.1 16.0 12.4 FASTST M M 6 MAX(MPH)
MISC ----> 43 160 55 150
================================================================================
NOTES:
# LAST OF SEVERAL OCCURRENCES
COLUMN 17 PEAK WIND IN M.P.H.
PRELIMINARY LOCAL CLIMATOLOGICAL DATA (WS FORM: F-6) , PAGE 2
STATION: BETHEL
MONTH: NOVEMBER
YEAR: 2022
LATITUDE: 60 46 N
LONGITUDE: 161 48 W
[TEMPERATURE DATA] [PRECIPITATION DATA] SYMBOLS USED IN COLUMN 16
AVERAGE MONTHLY: 21.6 TOTAL FOR MONTH: 1.57 1 = FOG OR MIST
DPTR FM NORMAL: 3.0 DPTR FM NORMAL: -0.23 2 = FOG REDUCING VISIBILITY
HIGHEST: 41 ON 16 GRTST 24HR 0.34 ON 30-30 TO 1/4 MILE OR LESS
LOWEST: -3 ON 29 3 = THUNDER
SNOW, ICE PELLETS, HAIL 4 = ICE PELLETS
TOTAL MONTH: M 5 = HAIL
GRTST 24HR M ON M 6 = FREEZING RAIN OR DRIZZLE
GRTST DEPTH: M ON M 7 = DUSTSTORM OR SANDSTORM:
VSBY 1/2 MILE OR LESS
8 = SMOKE OR HAZE
[NO. OF DAYS WITH] [WEATHER - DAYS WITH] 9 = BLOWING SNOW
X = TORNADO
MAX 32 OR BELOW: 21 0.01 INCH OR MORE: 16
MAX 90 OR ABOVE: 0 0.10 INCH OR MORE: 6
MIN 32 OR BELOW: 27 0.50 INCH OR MORE: 0
MIN 0 OR BELOW: 2 1.00 INCH OR MORE: 0
[HDD (BASE 65) ]
TOTAL THIS MO. 1298 CLEAR (SCALE 0-3) 9
DPTR FM NORMAL -95 PTCLDY (SCALE 4-7) 6
TOTAL FM JUL 1 3490 CLOUDY (SCALE 8-10) 15
DPTR FM NORMAL -109
[CDD (BASE 65) ]
TOTAL THIS MO. 0
DPTR FM NORMAL 0 [PRESSURE DATA]
TOTAL FM JAN 1 8 HIGHEST SLP 30.84 ON 6
DPTR FM NORMAL 2 LOWEST SLP 28.95 ON 2
[REMARKS]
#FINAL-11-22#