000
CXUS51 KCTP 011328
CF6BFD
PRELIMINARY LOCAL CLIMATOLOGICAL DATA (WS FORM: F-6)
STATION: BRADFORD
MONTH: DECEMBER
YEAR: 2023
LATITUDE: 41 47 N
LONGITUDE: 78 38 W
TEMPERATURE IN F: :PCPN: SNOW: WIND :SUNSHINE: SKY :PK WND
================================================================================
1 2 3 4 5 6A 6B 7 8 9 10 11 12 13 14 15 16 17 18
12Z AVG MX 2MIN
DY MAX MIN AVG DEP HDD CDD WTR SNW DPTH SPD SPD DIR MIN PSBL S-S WX SPD DR
================================================================================
1 46 41 44 12 21 0 0.21 M M 5.4 12 200 M M 9 1 19 210
2 51 44 48 16 17 0 0.11 M M 4.2 13 250 M M 10 1 21 230
3 52 41 47 15 18 0 0.60 M M 6.7 21 270 M M 9 13 35 300
4 41 35 38 6 27 0 0.04 M M 8.9 17 270 M M 10 18 27 270
5 35 32 34 3 31 0 0.04 M M 5.4 13 310 M M 10 18 18 270
6 32 28 30 -1 35 0 0.01 M M 7.9 18 310 M M 10 18 26 320
7 35 25 30 -1 35 0 0.05 M M 4.2 12 200 M M 9 18 22 210
8 55 24 40 10 25 0 0.00 M M 5.4 15 200 M M 4 18 24 190
9 57 45 51 21 14 0 0.23 M M 7.8 14 200 M M 9 25 190
10 53 34 44 14 21 0 0.18 M M 6.7 15 320 M M 10 18 19 320
11 35 29 32 2 33 0 0.06 M M 12.4 22 300 M M 10 16 33 290
12 42 28 35 6 30 0 0.00 M M 8.8 18 240 M M 4 32 220
13 35 23 29 0 36 0 T M M 10.5 24 300 M M 4 37 300
14 41 15 28 -1 37 0 0.00 M M 4.7 14 250 M M 0 22 270
15 50 30 40 12 25 0 0.00 M M 5.3 17 280 M M 0 8 24 280
16 49 26 38 10 27 0 0.00 M M 6.3 15 140 M M 1 18 26 140
17 47 40 44 16 21 0 0.21 M M 10.2 21 130 M M 6 1 32 150
18 46 32 39 11 26 0 0.08 M M 10.7 18 280 M M 10 18 29 280
19 32 23 28 0 37 0 T M M 13.7 28 310 M M 10 8 40 310
20 39 20 30 3 35 0 0.00 M M 3.2 9 260 M M 4 16 250
21 33 23 28 1 37 0 0.00 M M 2.9 12 60 M M 4 17 90
22 40 25 33 6 32 0 0.00 M M 3.2 8 140 M M 10 10 150
23 42 36 39 12 26 0 0.01 M M 6.5 12 140 M M 10 18 16 170
24 47 39 43 17 22 0 0.01 M M 2.9 8 270 M M 10 1 12 260
25 48 39 44 18 21 0 0.00 M M 7.3 14 130 M M 5 18 20 140
26 49 43 46 20 19 0 0.12 M M 7.9 13 160 M M 9 18 19 160
27 49 46 48 22 17 0 0.68 M M 5.5 16 100 M M 10 1 22 100
28 50 39 45 19 20 0 0.01 M M 3.2 12 270 M M 10 128 16 260
29 40 33 37 12 28 0 T M M 5.8 13 230 M M 9 19 250
30 36 32 34 9 31 0 T M M 8.8 17 290 M M 10 168 28 290
31 34 32 33 8 32 0 0.02 M M 3.7 14 280 M M 10 18 21 260
================================================================================
SM 1341 1002 836 0 2.67 M 206.1 M 236
================================================================================
AV 43.3 32.3 6.6 FASTST M M 8 MAX(MPH)
MISC ----> 28 310 40 310
================================================================================
NOTES:
# LAST OF SEVERAL OCCURRENCES
COLUMN 17 PEAK WIND IN M.P.H.
PRELIMINARY LOCAL CLIMATOLOGICAL DATA (WS FORM: F-6) , PAGE 2
STATION: BRADFORD
MONTH: DECEMBER
YEAR: 2023
LATITUDE: 41 47 N
LONGITUDE: 78 38 W
[TEMPERATURE DATA] [PRECIPITATION DATA] SYMBOLS USED IN COLUMN 16
AVERAGE MONTHLY: 37.8 TOTAL FOR MONTH: 2.67 1 = FOG OR MIST
DPTR FM NORMAL: 9.3 DPTR FM NORMAL: -0.50 2 = FOG REDUCING VISIBILITY
HIGHEST: 57 ON 9 GRTST 24HR 0.73 ON 26-27 TO 1/4 MILE OR LESS
LOWEST: 15 ON 14 3 = THUNDER
SNOW, ICE PELLETS, HAIL 4 = ICE PELLETS
TOTAL MONTH: M 5 = HAIL
GRTST 24HR M ON M 6 = FREEZING RAIN OR DRIZZLE
GRTST DEPTH: M ON M 7 = DUSTSTORM OR SANDSTORM:
VSBY 1/2 MILE OR LESS
8 = SMOKE OR HAZE
[NO. OF DAYS WITH] [WEATHER - DAYS WITH] 9 = BLOWING SNOW
X = TORNADO
MAX 32 OR BELOW: 2 0.01 INCH OR MORE: 18
MAX 90 OR ABOVE: 0 0.10 INCH OR MORE: 8
MIN 32 OR BELOW: 17 0.50 INCH OR MORE: 2
MIN 0 OR BELOW: 0 1.00 INCH OR MORE: 0
[HDD (BASE 65) ]
TOTAL THIS MO. 836 CLEAR (SCALE 0-3) 3
DPTR FM NORMAL -297 PTCLDY (SCALE 4-7) 7
TOTAL FM JUL 1 2199 CLOUDY (SCALE 8-10) 21
DPTR FM NORMAL -580
[CDD (BASE 65) ]
TOTAL THIS MO. 0
DPTR FM NORMAL 0 [PRESSURE DATA]
TOTAL FM JAN 1 355 HIGHEST SLP 30.67 ON 14
DPTR FM NORMAL 73 LOWEST SLP 29.33 ON 18
[REMARKS]
#FINAL-12-23#
CORRECTION...PREVIOUS ISSUANCES HELD INCORRECT INFORMATION
#FINAL-12-23#