000
CXUS51 KCTP 010820
CLSBFD
CLIMATE REPORT
NATIONAL WEATHER SERVICE STATE COLLEGE PA
320 AM EST WED MAR 01 2023
...................................
...THE BRADFORD CLIMATE SUMMARY FOR THE SEASON, FROM
12/1/2022 TO 2/28/2023...
CLIMATE NORMAL PERIOD 1991 TO 2020
CLIMATE RECORD PERIOD 1957 TO 2023
WEATHER OBSERVED NORMAL DEPART LAST YEAR`S
VALUE DATE(S) VALUE FROM VALUE DATE(S)
NORMAL
................................................................
TEMPERATURE (F)
RECORD
HIGH 75 12/01/2010
LOW -30 02/11/1979
HIGHEST 66 02/15 60 12/11
LOWEST -6 12/23 -18 01/22
12/24
AVG. MAXIMUM 39.6 33.1 6.5 36.2
AVG. MINIMUM 24.4 17.9 6.5 19.2
MEAN 32.0 25.5 6.5 27.7
DAYS MAX >= 90 0 0.0 0.0 0
DAYS MAX <= 32 20 47.7 -27.7 36
DAYS MIN <= 32 71 81.6 -10.6 76
DAYS MIN <= 0 3 9.3 -6.3 12
PRECIPITATION (INCHES)
RECORD
MAXIMUM 15.38 1993
MINIMUM 3.73 2000
TOTALS 7.43 7.97 -0.54 8.25
DAILY AVG. 0.08 0.09 -0.01 0.09
DAYS >= .01 37 45.5 -8.5 MM
DAYS >= .10 15 21.5 -6.5 MM
DAYS >= .50 3 4.0 -1.0 MM
DAYS >= 1.00 1 1.0 0.0 MM
GREATEST
24 HR. TOTAL 1.37 MM 1.84
STORM TOTAL 1.26 1.53
(MM/DD(HH)) MM
DEGREE DAYS
HEATING TOTAL 2949 3553 -604 3334
SINCE 7/1 4373 5200 -827 MM
COOLING TOTAL 0 0 0 0
SINCE 1/1 0 0 0 MM
FREEZE DATES
RECORD
EARLIEST 08/05/1972
LATEST 06/30/1961
EARLIEST 09/30
LATEST 04/30
................................................................
WIND (MPH)
AVERAGE WIND SPEED 8.0
RESULTANT WIND SPEED/DIRECTION 3/240
HIGHEST WIND SPEED/DIRECTION 33/300 DATE 02/03
HIGHEST GUST SPEED/DIRECTION 45/270 DATE 02/03
SKY COVER
POSSIBLE SUNSHINE (PERCENT) MM
AVERAGE SKY COVER 0.72
NUMBER OF DAYS FAIR 13
NUMBER OF DAYS PC 25
NUMBER OF DAYS CLOUDY 52
AVERAGE RH (PERCENT) 70
WEATHER CONDITIONS. NUMBER OF DAYS WITH
THUNDERSTORM 1 MIXED PRECIP 0
HEAVY RAIN 5 RAIN 16
LIGHT RAIN 34 FREEZING RAIN 3
LT FREEZING RAIN 7 HAIL 0
HEAVY SNOW 7 SNOW 11
LIGHT SNOW 44 SLEET 2
FOG 55 FOG W/VIS <= 1/4 MILE 9
HAZE 44
- INDICATES NEGATIVE NUMBERS.
R INDICATES RECORD WAS SET OR TIED.
MM INDICATES DATA IS MISSING.
T INDICATES TRACE AMOUNT.
$$