000
CXUS56 KHNX 020224 CCA
CF6BFL
PRELIMINARY LOCAL CLIMATOLOGICAL DATA (WS FORM: F-6)
STATION: BAKERSFIELD CA
MONTH: JANUARY
YEAR: 2023
LATITUDE: 35 25 N
LONGITUDE: 119 3 W
TEMPERATURE IN F: :PCPN: SNOW: WIND :SUNSHINE: SKY :PK WND
================================================================================
1 2 3 4 5 6A 6B 7 8 9 10 11 12 13 14 15 16 17 18
12Z AVG MX 2MIN
DY MAX MIN AVG DEP HDD CDD WTR SNW DPTH SPD SPD DIR MIN PSBL S-S WX SPD DR
================================================================================
1 56 43 50 2 15 0 0.02 0.0 0 6.9 25 320 M M 7 1 31 330
2 53 40 47 -1 18 0 0.11 0.0 0 3.0 12 70 M M 4 15 60
3 59 39 49 1 16 0 T 0.0 0 3.6 9 160 M M 2 128 14 300
4 70 45 58 9 7 0 0.01 0.0 0 16.4 39 150 M M 1 1 49 150
5 65 48 57 8 8 0 0.11 0.0 0 8.3 36 270 M M 7 1 41 270
6 59 41 50 1 15 0 0.00 0.0 0 3.3 12 360 M M 0 14 20
7 65 44 55 6 10 0 0.00 0.0 0 4.4 23 140 M M 0 18 27 140
8 66 54 60 11 5 0 0.01 0.0 0 6.2 17 10 M M 7 18 21 40
9 64 57 61 12 4 0 0.80 0.0 0 10.1 18 140 M M 9 1 27 140
10 64 50 57 8 8 0 0.12 0.0 0 6.6 29 320 M M 6 1 35 280
11 62 46 54 5 11 0 0.00 0.0 0 3.9 8 90 M M 6 10 120
12 70 44 57 8 8 0 0.00 0.0 0 13.6 31 140 M M 0 37 140
13 69 51 60 11 5 0 0.00 0.0 0 9.4 26 140 M M 2 32 140
14 58 51 55 6 10 0 0.16 0.0 0 5.2 16 250 M M 7 1 22 240
15 56 49 53 4 12 0 0.17 0.0 0 4.9 17 310 M M 7 1 21 310
16 57 41 49 0 16 0 0.12 0.0 0 8.7 25 280 M M 5 1 31 280
17 52 39 46 -3 19 0 0.01 0.0 0 2.3 15 310 M M 6 1 16 320
18 56 37 47 -3 18 0 0.00 0.0 0 2.2 6 100 M M 0 M M
19 52 37 45 -5 20 0 T 0.0 0 5.2 16 330 M M 6 1 19 330
20 53 40 47 -3 18 0 0.00 0.0 0 3.8 9 20 M M 3 18 12 20
21 55 36 46 -4 19 0 0.00 0.0 0 3.6 8 90 M M 1 18 10 320
22 51 36 44 -6 21 0 0.00 0.0 0 3.7 9 340 M M 5 18 13 350
23 53 36 45 -5 20 0 0.00 0.0 0 4.1 9 130 M M 1 18 14 240
24 57 34 46 -4 19 0 0.00 0.0 0 2.8 8 40 M M 0 18 11 80
25 59 35 47 -3 18 0 0.00 0.0 0 3.1 9 360 M M 0 18 13 20
26 64 36 50 0 15 0 0.00 0.0 0 5.5 16 10 M M 0 18 19 10
27 63 38 51 1 14 0 0.00 0.0 0 3.1 9 90 M M 0 18 10 100
28 59 36 48 -3 17 0 0.00 0.0 0 3.7 8 90 M M 0 18 10 170
29 56 37 47 -4 18 0 0.28 0.0 0 5.8 14 30 M M 5 18 18 30
30 47 41 44 -7 21 0 0.05 0.0 0 5.7 13 340 M M 10 12 17 340
31 54 39 47 -4 18 0 0.00 0.0 0 2.6 13 360 M M 4 18 18 360
================================================================================
SM 1824 1300 443 0 1.97 0.0 171.7 M 111
================================================================================
AV 58.8 41.9 5.5 FASTST M M 4 MAX(MPH)
MISC ----> 39 150 49 150
================================================================================
NOTES:
# LAST OF SEVERAL OCCURRENCES
COLUMN 17 PEAK WIND IN M.P.H.
PRELIMINARY LOCAL CLIMATOLOGICAL DATA (WS FORM: F-6) , PAGE 2
STATION: BAKERSFIELD CA
MONTH: JANUARY
YEAR: 2023
LATITUDE: 35 25 N
LONGITUDE: 119 3 W
[TEMPERATURE DATA] [PRECIPITATION DATA] SYMBOLS USED IN COLUMN 16
AVERAGE MONTHLY: 50.4 TOTAL FOR MONTH: 1.97 1 = FOG OR MIST
DPTR FM NORMAL: 0.9 DPTR FM NORMAL: 0.78 2 = FOG REDUCING VISIBILITY
HIGHEST: 70 ON 12, 4 GRTST 24HR 0.81 ON 8- 9 TO 1/4 MILE OR LESS
LOWEST: 34 ON 24 3 = THUNDER
SNOW, ICE PELLETS, HAIL 4 = ICE PELLETS
TOTAL MONTH: 0.0 INCH 5 = HAIL
GRTST 24HR 0.0 6 = FREEZING RAIN OR DRIZZLE
GRTST DEPTH: 0 7 = DUSTSTORM OR SANDSTORM:
VSBY 1/2 MILE OR LESS
8 = SMOKE OR HAZE
[NO. OF DAYS WITH] [WEATHER - DAYS WITH] 9 = BLOWING SNOW
X = TORNADO
MAX 32 OR BELOW: 0 0.01 INCH OR MORE: 13
MAX 90 OR ABOVE: 0 0.10 INCH OR MORE: 8
MIN 32 OR BELOW: 0 0.50 INCH OR MORE: 1
MIN 0 OR BELOW: 0 1.00 INCH OR MORE: 0
[HDD (BASE 65) ]
TOTAL THIS MO. 443 CLEAR (SCALE 0-3) 14
DPTR FM NORMAL -38 PTCLDY (SCALE 4-7) 15
TOTAL FM JUL 1 1342 CLOUDY (SCALE 8-10) 2
DPTR FM NORMAL 54
[CDD (BASE 65) ]
TOTAL THIS MO. 0
DPTR FM NORMAL 0 [PRESSURE DATA]
TOTAL FM JAN 1 0 HIGHEST SLP 30.47 ON 26
DPTR FM NORMAL 0 LOWEST SLP 29.47 ON 16
[REMARKS]
#FINAL-01-23#