000
CXUS56 KHNX 011147
CF6BFL
PRELIMINARY LOCAL CLIMATOLOGICAL DATA (WS FORM: F-6)
STATION: BAKERSFIELD CA
MONTH: JUNE
YEAR: 2022
LATITUDE: 35 25 N
LONGITUDE: 119 3 W
TEMPERATURE IN F: :PCPN: SNOW: WIND :SUNSHINE: SKY :PK WND
================================================================================
1 2 3 4 5 6A 6B 7 8 9 10 11 12 13 14 15 16 17 18
12Z AVG MX 2MIN
DY MAX MIN AVG DEP HDD CDD WTR SNW DPTH SPD SPD DIR MIN PSBL S-S WX SPD DR
================================================================================
1 95 62 79 4 0 14 0.00 0.0 0 7.5 18 320 M M 0 25 310
2 95 66 81 6 0 16 0.00 0.0 0 6.3 15 320 M M 0 19 330
3 91 66 79 4 0 14 0.00 0.0 0 8.4 16 300 M M 0 21 320
4 88 64 76 0 0 11 0.00 0.0 0 8.2 17 320 M M 0 21 320
5 90 63 77 1 0 12 0.00 0.0 0 7.8 20 340 M M 0 28 350
6 89 66 78 2 0 13 0.00 0.0 0 7.6 20 300 M M 1 24 300
7 92 64 78 2 0 13 0.00 0.0 0 5.1 14 320 M M 0 19 310
8 93 66 80 3 0 15 0.00 0.0 0 4.5 13 300 M M 0 17 270
9 95 70 83 6 0 18 0.00 0.0 0 6.6 18 320 M M 0 22 330
10 100 75 88 11 0 23 0.00 0.0 0 5.3 13 310 M M 0 18 310
11 100 74 87 10 0 22 0.00 0.0 0 6.7 15 310 M M 0 20 330
12 99 72 86 8 0 21 0.00 0.0 0 10.7 26 300 M M 0 8 34 300
13 85 65 75 -3 0 10 0.00 0.0 0 11.3 22 340 M M 2 8 26 350
14 88 59 74 -4 0 9 0.00 0.0 0 4.3 15 310 M M 0 18 280
15 95 66 81 3 0 16 0.00 0.0 0 5.0 15 310 M M 0 19 310
16 95 66 81 2 0 16 0.00 0.0 0 6.5 17 330 M M 0 8 22 340
17 73 59 66 -13 0 1 0.00 0.0 0 9.2 20 320 M M 0 8 24 320
18 79 53 66 -13 0 1 0.00 0.0 0 8.0 17 310 M M 0 20 320
19 83 57 70 -10 0 5 0.00 0.0 0 5.5 16 320 M M 0 20 310
20 93 64 79 -1 0 14 0.00 0.0 0 6.9 17 310 M M 0 8 21 320
21 101 68 85 5 0 20 0.00 0.0 0 7.2 18 330 M M 0 27 320
22 97 73 85 5 0 20 0.01 0.0 0 10.9 26 140 M M 1 38 32 150
23 101 75 88 7 0 23 0.00 0.0 0 8.0 18 320 M M 0 22 320
24 102 75 89 8 0 24 0.00 0.0 0 6.7 16 320 M M 0 26 320
25 105 77 91 10 0 26 0.00 0.0 0 6.9 20 330 M M 0 8 23 310
26 105 75 90 8 0 25 0.00 0.0 0 6.4 18 320 M M 0 8 22 310
27 105 76 91 9 0 26 0.00 0.0 0 6.7 16 300 M M 0 8 19 290
28 102 76 89 7 0 24 0.00 0.0 0 7.3 17 310 M M 0 22 320
29 104 75 90 8 0 25 0.00 0.0 0 7.1 17 300 M M 0 25 330
30 101 72 87 4 0 22 0.00 0.0 0 7.1 17 310 M M 0 23 350
================================================================================
SM 2841 2039 0 499 0.01 0.0 215.7 M 4
================================================================================
AV 94.7 68.0 7.2 FASTST M M 0 MAX(MPH)
MISC ----> # 26 300 34 300
================================================================================
NOTES:
# LAST OF SEVERAL OCCURRENCES
COLUMN 17 PEAK WIND IN M.P.H.
PRELIMINARY LOCAL CLIMATOLOGICAL DATA (WS FORM: F-6) , PAGE 2
STATION: BAKERSFIELD CA
MONTH: JUNE
YEAR: 2022
LATITUDE: 35 25 N
LONGITUDE: 119 3 W
[TEMPERATURE DATA] [PRECIPITATION DATA] SYMBOLS USED IN COLUMN 16
AVERAGE MONTHLY: 81.3 TOTAL FOR MONTH: 0.01 1 = FOG OR MIST
DPTR FM NORMAL: 2.6 DPTR FM NORMAL: -0.04 2 = FOG REDUCING VISIBILITY
HIGHEST: 105 ON 27,26 GRTST 24HR 0.01 ON 22-22 TO 1/4 MILE OR LESS
LOWEST: 53 ON 18 3 = THUNDER
SNOW, ICE PELLETS, HAIL 4 = ICE PELLETS
TOTAL MONTH: 0.0 INCH 5 = HAIL
GRTST 24HR 0.0 6 = FREEZING RAIN OR DRIZZLE
GRTST DEPTH: 0 7 = DUSTSTORM OR SANDSTORM:
VSBY 1/2 MILE OR LESS
8 = SMOKE OR HAZE
[NO. OF DAYS WITH] [WEATHER - DAYS WITH] 9 = BLOWING SNOW
X = TORNADO
MAX 32 OR BELOW: 0 0.01 INCH OR MORE: 1
MAX 90 OR ABOVE: 23 0.10 INCH OR MORE: 0
MIN 32 OR BELOW: 0 0.50 INCH OR MORE: 0
MIN 0 OR BELOW: 0 1.00 INCH OR MORE: 0
[HDD (BASE 65) ]
TOTAL THIS MO. 0 CLEAR (SCALE 0-3) 30
DPTR FM NORMAL -2 PTCLDY (SCALE 4-7) 0
TOTAL FM JUL 1 1825 CLOUDY (SCALE 8-10) 0
DPTR FM NORMAL -131
[CDD (BASE 65) ]
TOTAL THIS MO. 499
DPTR FM NORMAL 86 [PRESSURE DATA]
TOTAL FM JAN 1 840 HIGHEST SLP 30.06 ON 19
DPTR FM NORMAL 137 LOWEST SLP 29.64 ON 16
[REMARKS]
#FINAL-06-22#