000
CXUS56 KHNX 112327
CF6BFL
PRELIMINARY LOCAL CLIMATOLOGICAL DATA (WS FORM: F-6)
STATION: BAKERSFIELD CA
MONTH: AUGUST
YEAR: 2021
LATITUDE: 35 25 N
LONGITUDE: 119 3 W
TEMPERATURE IN F: :PCPN: SNOW: WIND :SUNSHINE: SKY :PK WND
================================================================================
1 2 3 4 5 6A 6B 7 8 9 10 11 12 13 14 15 16 17 18
12Z AVG MX 2MIN
DY MAX MIN AVG DEP HDD CDD WTR SNW DPTH SPD SPD DIR MIN PSBL S-S WX SPD DR
================================================================================
1 106 73 90 5 0 25 0.00 0.0 0 8.1 22 330 M M 2 8 25 330
2 100 74 87 2 0 22 0.00 0.0 0 7.6 14 310 M M 0 8 17 310
3 101 73 87 2 0 22 0.00 0.0 0 5.1 14 300 M M 1 8 19 310
4 105 73 89 4 0 24 0.00 0.0 0 6.2 14 300 M M 1 8 18 310
5 98 71 85 0 0 20 0.00 0.0 0 6.7 17 310 M M 1 8 21 310
6 97 68 83 -2 0 18 0.00 0.0 0 5.5 15 300 M M 0 8 21 310
7 102 69 86 2 0 21 0.00 0.0 0 5.9 14 320 M M 2 8 17 310
8 102 74 88 4 0 23 0.00 0.0 0 6.6 14 300 M M 3 8 19 310
9 103 73 88 4 0 23 0.00 0.0 0 6.9 16 310 M M 0 8 21 300
10 104 75 90 6 0 25 0.00 0.0 0 5.5 14 290 M M 0 20 330
11 105 78 92 8 0 27 0.00 0.0 0 4.2 16 310 M M 0 21 300
12 104 80 92 8 0 27 0.00 0.0 0 5.6 14 320 M M 0 18 290
13 103 78 91 7 0 26 0.00 0.0 0 6.0 16 310 M M 0 19 310
14 102 78 90 6 0 25 0.00 0.0 0 4.6 13 330 M M 0 8 18 310
15 104 81 93 9 0 28 0.00 0.0 0 4.6 15 310 M M 0 8 19 300
16 105 83 94 10 0 29 0.00 0.0 0 6.4 14 310 M M 0 8 18 310
17 103 79 91 8 0 26 0.00 0.0 0 7.8 22 330 M M 0 8 26 330
18 89 66 78 -5 0 13 0.00 0.0 0 10.0 22 340 M M 0 8 27 330
19 87 63 75 -8 0 10 0.00 0.0 0 6.2 14 320 M M 0 8 19 330
20 91 68 80 -3 0 15 0.00 0.0 0 4.9 17 310 M M 2 8 22 310
21 92 67 80 -3 0 15 0.00 0.0 0 7.2 17 330 M M 3 8 20 320
22 89 66 78 -5 0 13 0.00 0.0 0 6.5 13 320 M M 0 8 16 300
23 92 68 80 -3 0 15 0.00 0.0 0 5.1 12 300 M M 0 8 16 320
24 94 68 81 -2 0 16 0.00 0.0 0 6.1 14 310 M M 0 8 17 320
25 96 66 81 -1 0 16 0.00 0.0 0 6.5 13 310 M M 0 8 15 310
26 96 68 82 0 0 17 0.00 0.0 0 6.8 15 310 M M 0 8 18 320
27 98 70 84 2 0 19 0.00 0.0 0 6.2 16 310 M M 0 8 21 320
28 103 69 86 4 0 21 0.00 0.0 0 5.8 14 290 M M 0 8 17 300
29 104 74 89 7 0 24 0.00 0.0 0 3.6 13 310 M M 0 8 16 300
30 105 76 91 9 0 26 0.00 0.0 0 4.7 13 320 M M 0 8 17 300
31 103 76 90 8 0 25 0.00 0.0 0 7.4 18 310 M M 0 8 23 310
================================================================================
SM 3083 2245 0 656 0.00 0.0 190.3 M 15
================================================================================
AV 99.5 72.4 6.1 FASTST M M 0 MAX(MPH)
MISC ----> # 22 330 27 330
================================================================================
NOTES:
# LAST OF SEVERAL OCCURRENCES
COLUMN 17 PEAK WIND IN M.P.H.
PRELIMINARY LOCAL CLIMATOLOGICAL DATA (WS FORM: F-6) , PAGE 2
STATION: BAKERSFIELD CA
MONTH: AUGUST
YEAR: 2021
LATITUDE: 35 25 N
LONGITUDE: 119 3 W
[TEMPERATURE DATA] [PRECIPITATION DATA] SYMBOLS USED IN COLUMN 16
AVERAGE MONTHLY: 85.9 TOTAL FOR MONTH: 0.00 1 = FOG OR MIST
DPTR FM NORMAL: 2.5 DPTR FM NORMAL: 0.00 2 = FOG REDUCING VISIBILITY
HIGHEST: 106 ON 1 GRTST 24HR 0.00 ON 1- 1 TO 1/4 MILE OR LESS
LOWEST: 63 ON 19 3 = THUNDER
SNOW, ICE PELLETS, HAIL 4 = ICE PELLETS
TOTAL MONTH: 0.0 INCH 5 = HAIL
GRTST 24HR 0.0 6 = FREEZING RAIN OR DRIZZLE
GRTST DEPTH: 0 7 = DUSTSTORM OR SANDSTORM:
VSBY 1/2 MILE OR LESS
8 = SMOKE OR HAZE
[NO. OF DAYS WITH] [WEATHER - DAYS WITH] 9 = BLOWING SNOW
X = TORNADO
MAX 32 OR BELOW: 0 0.01 INCH OR MORE: 0
MAX 90 OR ABOVE: 28 0.10 INCH OR MORE: 0
MIN 32 OR BELOW: 0 0.50 INCH OR MORE: 0
MIN 0 OR BELOW: 0 1.00 INCH OR MORE: 0
[HDD (BASE 65) ]
TOTAL THIS MO. 0 CLEAR (SCALE 0-3) 31
DPTR FM NORMAL 0 PTCLDY (SCALE 4-7) 0
TOTAL FM JUL 1 0 CLOUDY (SCALE 8-10) 0
DPTR FM NORMAL 0
[CDD (BASE 65) ]
TOTAL THIS MO. 656
DPTR FM NORMAL 84 [PRESSURE DATA]
TOTAL FM JAN 1 2393 HIGHEST SLP 30.05 ON 2
DPTR FM NORMAL 504 LOWEST SLP 29.56 ON 31
[REMARKS]
#FINAL-08-21#