000
CXUS56 KHNX 011146
CF6BFL
PRELIMINARY LOCAL CLIMATOLOGICAL DATA (WS FORM: F-6)
STATION: BAKERSFIELD CA
MONTH: OCTOBER
YEAR: 2020
LATITUDE: 35 25 N
LONGITUDE: 119 3 W
TEMPERATURE IN F: :PCPN: SNOW: WIND :SUNSHINE: SKY :PK WND
================================================================================
1 2 3 4 5 6A 6B 7 8 9 10 11 12 13 14 15 16 17 18
12Z AVG MX 2MIN
DY MAX MIN AVG DEP HDD CDD WTR SNW DPTH SPD SPD DIR MIN PSBL S-S WX SPD DR
================================================================================
1 97 68 83 10 0 18 0.00 0.0 0 5.0 12 300 M M 1 8 14 290
2 96 67 82 10 0 17 0.00 0.0 0 3.1 10 310 M M 5 8 13 330
3 94 69 82 10 0 17 0.00 0.0 0 3.9 12 320 M M 7 8 14 310
4 94 65 80 8 0 15 0.00 0.0 0 3.2 12 310 M M 9 8 13 310
5 93 67 80 8 0 15 0.00 0.0 0 3.2 10 310 M M 6 8 12 280
6 91 64 78 7 0 13 0.00 0.0 0 3.8 10 270 M M 0 8 13 280
7 90 63 77 6 0 12 0.00 0.0 0 3.6 12 320 M M 0 8 14 290
8 87 63 75 5 0 10 0.00 0.0 0 4.0 12 330 M M 0 8 13 320
9 82 56 69 -1 0 4 0.00 0.0 0 4.4 12 310 M M 0 8 15 310
10 80 57 69 -1 0 4 0.00 0.0 0 3.6 10 290 M M 0 8 13 310
11 79 59 69 0 0 4 0.00 0.0 0 3.8 12 310 M M 1 16 310
12 84 60 72 3 0 7 0.00 0.0 0 4.0 12 300 M M 0 14 310
13 87 59 73 5 0 8 0.00 0.0 0 3.8 12 170 M M 0 14 320
14 88 62 75 7 0 10 0.00 0.0 0 3.3 10 270 M M 0 12 260
15 88 62 75 7 0 10 0.00 0.0 0 3.2 8 90 M M 0 8 13 330
16 90 61 76 9 0 11 0.00 0.0 0 3.2 10 10 M M 0 8 13 310
17 91 62 77 10 0 12 0.00 0.0 0 4.4 10 50 M M 0 15 300
18 93 62 78 12 0 13 0.00 0.0 0 5.3 10 50 M M 0 13 290
19 90 62 76 10 0 11 0.00 0.0 0 4.6 12 310 M M 0 15 280
20 89 60 75 9 0 10 0.00 0.0 0 4.0 14 300 M M 0 19 310
21 87 59 73 8 0 8 0.00 0.0 0 4.3 12 310 M M 0 15 320
22 85 59 72 7 0 7 0.00 0.0 0 4.7 12 290 M M 0 8 14 330
23 76 58 67 3 0 2 0.00 0.0 0 4.0 10 310 M M 0 8 13 300
24 76 56 66 2 0 1 0.00 0.0 0 4.5 12 360 M M 0 14 360
25 69 55 62 -2 3 0 0.00 0.0 0 5.5 14 360 M M 5 16 350
26 68 53 61 -2 4 0 T 0.0 0 6.5 12 330 M M 2 8 M M
27 75 47 61 -2 4 0 0.00 0.0 0 5.4 13 310 M M 0 16 310
28 81 49 65 3 0 0 0.00 0.0 0 3.8 12 300 M M 0 8 15 300
29 80 49 65 3 0 0 0.00 0.0 0 3.9 13 300 M M 0 15 300
30 79 49 64 2 1 0 0.00 0.0 0 3.1 9 150 M M 0 11 280
31 80 51 66 5 0 1 0.00 0.0 0 4.5 14 300 M M 0 8 18 300
================================================================================
SM 2639 1833 12 240 T 0.0 127.6 M 36
================================================================================
AV 85.1 59.1 4.1 FASTST M M 1 MAX(MPH)
MISC ----> # 14 300 # 19 310
================================================================================
NOTES:
# LAST OF SEVERAL OCCURRENCES
COLUMN 17 PEAK WIND IN M.P.H.
PRELIMINARY LOCAL CLIMATOLOGICAL DATA (WS FORM: F-6) , PAGE 2
STATION: BAKERSFIELD CA
MONTH: OCTOBER
YEAR: 2020
LATITUDE: 35 25 N
LONGITUDE: 119 3 W
[TEMPERATURE DATA] [PRECIPITATION DATA] SYMBOLS USED IN COLUMN 16
AVERAGE MONTHLY: 72.1 TOTAL FOR MONTH: T 1 = FOG OR MIST
DPTR FM NORMAL: 4.9 DPTR FM NORMAL: -0.30 2 = FOG REDUCING VISIBILITY
HIGHEST: 97 ON 1 GRTST 24HR T ON 26-26 TO 1/4 MILE OR LESS
LOWEST: 47 ON 27 3 = THUNDER
SNOW, ICE PELLETS, HAIL 4 = ICE PELLETS
TOTAL MONTH: 0.0 INCH 5 = HAIL
GRTST 24HR 0.0 6 = FREEZING RAIN OR DRIZZLE
GRTST DEPTH: 0 7 = DUSTSTORM OR SANDSTORM:
VSBY 1/2 MILE OR LESS
8 = SMOKE OR HAZE
[NO. OF DAYS WITH] [WEATHER - DAYS WITH] 9 = BLOWING SNOW
X = TORNADO
MAX 32 OR BELOW: 0 0.01 INCH OR MORE: 0
MAX 90 OR ABOVE: 11 0.10 INCH OR MORE: 0
MIN 32 OR BELOW: 0 0.50 INCH OR MORE: 0
MIN 0 OR BELOW: 0 1.00 INCH OR MORE: 0
[HDD (BASE 65) ]
TOTAL THIS MO. 12 CLEAR (SCALE 0-3) 26
DPTR FM NORMAL -44 PTCLDY (SCALE 4-7) 4
TOTAL FM JUL 1 12 CLOUDY (SCALE 8-10) 1
DPTR FM NORMAL -46
[CDD (BASE 65) ]
TOTAL THIS MO. 240
DPTR FM NORMAL 116 [PRESSURE DATA]
TOTAL FM JAN 1 2840 HIGHEST SLP M ON M
DPTR FM NORMAL 586 LOWEST SLP 29.74 ON 21
[REMARKS]
#FINAL-10-20#