967
CXUS56 KHNX 011146
CF6BFL
PRELIMINARY LOCAL CLIMATOLOGICAL DATA (WS FORM: F-6)
STATION: BAKERSFIELD CA
MONTH: AUGUST
YEAR: 2020
LATITUDE: 35 25 N
LONGITUDE: 119 3 W
TEMPERATURE IN F: :PCPN: SNOW: WIND :SUNSHINE: SKY :PK WND
================================================================================
1 2 3 4 5 6A 6B 7 8 9 10 11 12 13 14 15 16 17 18
12Z AVG MX 2MIN
DY MAX MIN AVG DEP HDD CDD WTR SNW DPTH SPD SPD DIR MIN PSBL S-S WX SPD DR
================================================================================
1 100 72 86 2 0 21 0.00 0.0 0 6.6 17 300 M M 0 22 310
2 101 70 86 2 0 21 0.00 0.0 0 5.4 14 310 M M 0 18 290
3 100 70 85 1 0 20 0.00 0.0 0 5.8 15 320 M M 0 19 310
4 99 70 85 1 0 20 0.00 0.0 0 6.0 15 270 M M 0 19 270
5 96 70 83 -1 0 18 0.00 0.0 0 6.9 16 350 M M 0 20 330
6 89 64 77 -7 0 12 0.00 0.0 0 7.7 14 330 M M 0 21 300
7 94 69 82 -2 0 17 0.00 0.0 0 6.2 14 320 M M 0 17 310
8 97 70 84 0 0 19 0.00 0.0 0 5.7 15 310 M M 0 19 310
9 100 74 87 4 0 22 0.00 0.0 0 5.5 14 320 M M 0 20 310
10 102 75 89 6 0 24 0.00 0.0 0 5.7 16 300 M M 0 20 300
11 101 74 88 5 0 23 0.00 0.0 0 6.4 15 320 M M 0 19 300
12 102 74 88 5 0 23 0.00 0.0 0 6.2 17 310 M M 0 22 310
13 101 77 89 6 0 24 T 0.0 0 5.7 16 320 M M 0 3 20 310
14 105 77 91 8 0 26 0.00 0.0 0 4.6 13 300 M M 1 17 300
15 106 81 94 11 0 29 0.00 0.0 0 4.3 17 130 M M 1 3 21 130
16 107 80 94 12 0 29 0.00 0.0 0 4.2 14 300 M M 1 18 330
17 107 83 95 13 0 30 0.00 0.0 0 6.8 16 320 M M 1 20 330
18 104 82 93 11 0 28 0.00 0.0 0 4.6 10 170 M M 1 14 250
19 104 83 94 12 0 29 0.00 0.0 0 6.8 16 320 M M 0 8 19 320
20 97 77 87 5 0 22 0.00 0.0 0 5.0 15 330 M M 0 8 17 330
21 97 73 85 3 0 20 0.00 0.0 0 3.8 13 320 M M 0 8 15 320
22 99 76 88 6 0 23 0.00 0.0 0 4.6 13 300 M M 0 8 14 300
23 98 76 87 6 0 22 0.00 0.0 0 5.5 13 310 M M 0 8 17 300
24 102 77 90 9 0 25 0.00 0.0 0 6.3 16 320 M M 0 8 20 320
25 101 75 88 7 0 23 0.00 0.0 0 6.1 16 330 M M 2 8 20 330
26 97 75 86 5 0 21 0.00 0.0 0 5.1 14 310 M M 0 8 21 300
27 99 72 86 5 0 21 0.00 0.0 0 6.5 15 300 M M 0 8 20 300
28 100 73 87 6 0 22 0.00 0.0 0 6.4 16 320 M M 0 18 320
29 101 72 87 7 0 22 0.00 0.0 0 6.4 16 330 M M 0 20 310
30 97 72 85 5 0 20 0.00 0.0 0 5.8 16 330 M M 0 22 300
31 99 71 85 5 0 20 0.00 0.0 0 5.3 16 330 M M 0 8 20 330
================================================================================
SM 3102 2304 0 696 T 0.0 177.9 M 7
================================================================================
AV100.1 74.3 5.7 FASTST M M 0 MAX(MPH)
MISC ----> # 17 300 # 22 310
================================================================================
NOTES:
# LAST OF SEVERAL OCCURRENCES
COLUMN 17 PEAK WIND IN M.P.H.
PRELIMINARY LOCAL CLIMATOLOGICAL DATA (WS FORM: F-6) , PAGE 2
STATION: BAKERSFIELD CA
MONTH: AUGUST
YEAR: 2020
LATITUDE: 35 25 N
LONGITUDE: 119 3 W
[TEMPERATURE DATA] [PRECIPITATION DATA] SYMBOLS USED IN COLUMN 16
AVERAGE MONTHLY: 87.2 TOTAL FOR MONTH: T 1 = FOG OR MIST
DPTR FM NORMAL: 4.8 DPTR FM NORMAL: -0.04 2 = FOG REDUCING VISIBILITY
HIGHEST: 107 ON 17,16 GRTST 24HR T ON 13-13 TO 1/4 MILE OR LESS
LOWEST: 64 ON 6 3 = THUNDER
SNOW, ICE PELLETS, HAIL 4 = ICE PELLETS
TOTAL MONTH: 0.0 INCH 5 = HAIL
GRTST 24HR 0.0 6 = FREEZING RAIN OR DRIZZLE
GRTST DEPTH: 0 7 = DUSTSTORM OR SANDSTORM:
VSBY 1/2 MILE OR LESS
8 = SMOKE OR HAZE
[NO. OF DAYS WITH] [WEATHER - DAYS WITH] 9 = BLOWING SNOW
X = TORNADO
MAX 32 OR BELOW: 0 0.01 INCH OR MORE: 0
MAX 90 OR ABOVE: 30 0.10 INCH OR MORE: 0
MIN 32 OR BELOW: 0 0.50 INCH OR MORE: 0
MIN 0 OR BELOW: 0 1.00 INCH OR MORE: 0
[HDD (BASE 65) ]
TOTAL THIS MO. 0 CLEAR (SCALE 0-3) 31
DPTR FM NORMAL 0 PTCLDY (SCALE 4-7) 0
TOTAL FM JUL 1 0 CLOUDY (SCALE 8-10) 0
DPTR FM NORMAL 0
[CDD (BASE 65) ]
TOTAL THIS MO. 696
DPTR FM NORMAL 157 [PRESSURE DATA]
TOTAL FM JAN 1 2127 HIGHEST SLP M ON M
DPTR FM NORMAL 359 LOWEST SLP 29.66 ON 27
[REMARKS]
#FINAL-08-20#