000
CXUS56 KHNX 110655
CF6BFL
PRELIMINARY LOCAL CLIMATOLOGICAL DATA (WS FORM: F-6)
STATION: BAKERSFIELD CA
MONTH: NOVEMBER
YEAR: 2023
LATITUDE: 35 25 N
LONGITUDE: 119 3 W
TEMPERATURE IN F: :PCPN: SNOW: WIND :SUNSHINE: SKY :PK WND
================================================================================
1 2 3 4 5 6A 6B 7 8 9 10 11 12 13 14 15 16 17 18
12Z AVG MX 2MIN
DY MAX MIN AVG DEP HDD CDD WTR SNW DPTH SPD SPD DIR MIN PSBL S-S WX SPD DR
================================================================================
1 79 44 62 0 3 0 0.00 0.0 0 3.8 15 330 M M 0 8 21 310
2 79 48 64 3 1 0 0.00 0.0 0 3.3 10 130 M M 0 8 14 280
3 77 50 64 3 1 0 0.00 0.0 0 2.3 8 170 M M 0 8 12 160
4 80 52 66 6 0 1 0.00 0.0 0 2.9 9 120 M M 0 8 11 160
5 83 53 68 8 0 3 0.00 0.0 0 5.0 13 330 M M 0 8 16 330
6 78 54 66 6 0 1 0.00 0.0 0 7.0 16 310 M M 3 8 20 300
7 68 46 57 -2 8 0 0.01 0.0 0 8.3 17 330 M M 5 18 22 350
8 67 48 58 -1 7 0 0.00 0.0 0 4.0 10 240 M M 0 8 16 220
9 70 42 56 -2 9 0 0.00 0.0 0 4.1 10 310 M M 0 8 14 290
10 68 44 56 -2 9 0 0.00 0.0 0 4.1 12 330 M M 0 8 16 270
11 69 44 57 -1 8 0 0.00 0.0 0 3.8 9 180 M M 0 8 12 180
12 81 43 62 5 3 0 0.00 0.0 0 2.9 9 100 M M 0 8 13 90
13 81 54 68 11 0 3 0.00 0.0 0 7.2 21 160 M M 0 8 29 130
14 79 45 62 5 3 0 0.00 0.0 0 5.2 13 20 M M 0 8 18 20
15 82 50 66 10 0 1 T 0.0 0 7.8 31 150 M M 6 8 42 150
16 77 56 67 11 0 2 0.00 0.0 0 5.0 14 130 M M 3 8 20 140
17 79 51 65 9 0 0 T 0.0 0 8.1 22 150 M M 2 18 28 140
18 75 57 66 11 0 1 0.01 0.0 0 6.6 22 290 M M 6 18 28 360
19 63 45 54 -1 11 0 0.00 0.0 0 7.4 18 310 M M 4 18 23 290
20 67 42 55 0 10 0 0.00 0.0 0 3.9 8 300 M M 0 8 12 280
21 76 39 58 4 7 0 0.00 0.0 0 4.6 15 320 M M 0 8 20 210
22 68 40 54 0 11 0 0.00 0.0 0 2.7 9 240 M M 0 8 12 240
23 69 46 58 4 7 0 0.00 0.0 0 3.8 13 290 M M 0 8 17 260
24 62 40 51 -2 14 0 0.00 0.0 0 3.5 12 310 M M 0 8 14 290
25 63 37 50 -3 15 0 0.00 0.0 0 3.8 8 120 M M 0 8 11 310
26 62 36 49 -4 16 0 0.00 0.0 0 4.0 13 320 M M 0 8 16 330
27 67 37 52 0 13 0 0.00 0.0 0 4.1 10 20 M M 0 8 14 10
28 70 40 55 3 10 0 0.00 0.0 0 3.4 12 340 M M 0 8 14 340
29 66 42 54 2 11 0 0.00 0.0 0 5.3 9 320 M M 3 8 13 310
30 61 45 53 1 12 0 T 0.0 0 2.2 8 280 M M 8 8 10 260
================================================================================
SM 2166 1370 189 12 0.02 0.0 140.1 M 40
================================================================================
AV 72.2 45.7 4.7 FASTST M M 1 MAX(MPH)
MISC ----> 31 150 42 150
================================================================================
NOTES:
# LAST OF SEVERAL OCCURRENCES
COLUMN 17 PEAK WIND IN M.P.H.
PRELIMINARY LOCAL CLIMATOLOGICAL DATA (WS FORM: F-6) , PAGE 2
STATION: BAKERSFIELD CA
MONTH: NOVEMBER
YEAR: 2023
LATITUDE: 35 25 N
LONGITUDE: 119 3 W
[TEMPERATURE DATA] [PRECIPITATION DATA] SYMBOLS USED IN COLUMN 16
AVERAGE MONTHLY: 58.9 TOTAL FOR MONTH: 0.02 1 = FOG OR MIST
DPTR FM NORMAL: 2.6 DPTR FM NORMAL: -0.49 2 = FOG REDUCING VISIBILITY
HIGHEST: 83 ON 5 GRTST 24HR 0.01 ON 7- 7 TO 1/4 MILE OR LESS
LOWEST: 36 ON 26 3 = THUNDER
SNOW, ICE PELLETS, HAIL 4 = ICE PELLETS
TOTAL MONTH: 0.0 INCH 5 = HAIL
GRTST 24HR 0.0 6 = FREEZING RAIN OR DRIZZLE
GRTST DEPTH: 0 7 = DUSTSTORM OR SANDSTORM:
VSBY 1/2 MILE OR LESS
8 = SMOKE OR HAZE
[NO. OF DAYS WITH] [WEATHER - DAYS WITH] 9 = BLOWING SNOW
X = TORNADO
MAX 32 OR BELOW: 0 0.01 INCH OR MORE: 2
MAX 90 OR ABOVE: 0 0.10 INCH OR MORE: 0
MIN 32 OR BELOW: 0 0.50 INCH OR MORE: 0
MIN 0 OR BELOW: 0 1.00 INCH OR MORE: 0
[HDD (BASE 65) ]
TOTAL THIS MO. 189 CLEAR (SCALE 0-3) 25
DPTR FM NORMAL -80 PTCLDY (SCALE 4-7) 5
TOTAL FM JUL 1 223 CLOUDY (SCALE 8-10) 0
DPTR FM NORMAL -95
[CDD (BASE 65) ]
TOTAL THIS MO. 12
DPTR FM NORMAL 6 [PRESSURE DATA]
TOTAL FM JAN 1 2487 HIGHEST SLP 30.39 ON 21
DPTR FM NORMAL 62 LOWEST SLP 29.72 ON 15
[REMARKS]
#FINAL-11-23#