000
CXUS55 KBYZ 011000
CF6BHK
PRELIMINARY LOCAL CLIMATOLOGICAL DATA (WS FORM: F-6)
STATION: BAKER MT
MONTH: SEPTEMBER
YEAR: 2021
LATITUDE: 46 20 N
LONGITUDE: 104 15 W
TEMPERATURE IN F: :PCPN: SNOW: WIND :SUNSHINE: SKY :PK WND
================================================================================
1 2 3 4 5 6A 6B 7 8 9 10 11 12 13 14 15 16 17 18
12Z AVG MX 2MIN
DY MAX MIN AVG DEP HDD CDD WTR SNW DPTH SPD SPD DIR MIN PSBL S-S WX SPD DR
================================================================================
1 79 58 69 4 0 4 0.00 M M 10.0 26 140 M M 0 35 140
2 78 50 64 0 1 0 T M M 11.8 25 30 M M 3 31 20
3 59 47 53 -11 12 0 0.16 M M 4.6 15 130 M M 7 3 18 130
4 78 39 59 -5 6 0 0.00 M M 3.8 15 290 M M 0 1 20 290
5 85 44 65 2 0 0 0.00 M M 5.1 15 260 M M 0 19 260
6 89 49 69 6 0 4 0.00 M M 11.0 30 270 M M 0 41 270
7 80 44 62 0 3 0 0.00 M M 5.7 18 320 M M 0 23 310
8 80 43 62 0 3 0 0.00 M M 4.9 16 140 M M 0 20 140
9 88 52 70 8 0 5 0.00 M M 9.0 21 280 M M 0 29 320
10 91 52 72 11 0 7 0.00 M M 6.8 18 30 M M 0 8 27 20
11 74 50 62 1 3 0 T M M 11.7 22 110 M M 2 25 90
12 80 48 64 4 1 0 0.00 M M 5.1 13 130 M M 0 16 270
13 77 47 62 2 3 0 0.10 M M 8.8 21 330 M M 3 3 31 100
14 75 43 59 -1 6 0 0.00 M M 4.3 12 120 M M 2 19 10
15 85 48 67 8 0 2 0.00 M M 10.4 24 270 M M 0 31 270
16 68 45 57 -2 8 0 T M M 13.4 26 340 M M 4 34 350
17 75 30 53 -5 12 0 0.00 M M 12.5 25 180 M M 0 8 34 180
18 95 42 69 11 0 4 0.00 M M 9.9 29 230 M M 0 8 45 230
19 75 48 62 5 3 0 0.27 M M 10.3 33 320 M M 2 13 40 310
20 62 43 53 -4 12 0 0.12 M M 9.9 25 280 M M 6 3 32 270
21 69 40 55 -1 10 0 0.00 M M 9.3 18 260 M M 0 25 240
22 82 40 61 5 4 0 0.00 M M 6.3 18 240 M M 0 22 250
23 79 47 63 8 2 0 0.00 M M 10.6 22 320 M M 0 28 290
24 67 41 54 -1 11 0 0.00 M M 6.5 20 330 M M 2 30 310
25 85 39 62 8 3 0 0.00 M M 5.5 20 270 M M 0 24 270
26 88 43 66 12 0 1 0.00 M M 6.4 18 270 M M 0 22 260
27 92 54 73 20 0 8 0.00 M M 7.0 16 260 M M 0 19 250
28 99 50 75 22 0 10 T M M 15.0 35 150 M M 1 43 190
29 59 50 55 3 10 0 0.01 M M 12.8 23 300 M M 10 32 290
30 72 40 56 4 9 0 0.00 M M 5.0 13 320 M M 4 16 310
================================================================================
SM 2365 1366 122 45 0.66 M 253.4 M 46
================================================================================
AV 78.8 45.5 8.4 FASTST M M 2 MAX(MPH)
MISC ----> 35 150 45 230
================================================================================
NOTES:
# LAST OF SEVERAL OCCURRENCES
COLUMN 17 PEAK WIND IN M.P.H.
PRELIMINARY LOCAL CLIMATOLOGICAL DATA (WS FORM: F-6) , PAGE 2
STATION: BAKER MT
MONTH: SEPTEMBER
YEAR: 2021
LATITUDE: 46 20 N
LONGITUDE: 104 15 W
[TEMPERATURE DATA] [PRECIPITATION DATA] SYMBOLS USED IN COLUMN 16
AVERAGE MONTHLY: 62.2 TOTAL FOR MONTH: 0.66 1 = FOG OR MIST
DPTR FM NORMAL: 3.6 DPTR FM NORMAL: -0.87 2 = FOG REDUCING VISIBILITY
HIGHEST: 99 ON 28 GRTST 24HR 0.37 ON 19-20 TO 1/4 MILE OR LESS
LOWEST: 30 ON 17 3 = THUNDER
SNOW, ICE PELLETS, HAIL 4 = ICE PELLETS
TOTAL MONTH: M 5 = HAIL
GRTST 24HR M ON M 6 = FREEZING RAIN OR DRIZZLE
GRTST DEPTH: M ON M 7 = DUSTSTORM OR SANDSTORM:
VSBY 1/2 MILE OR LESS
8 = SMOKE OR HAZE
[NO. OF DAYS WITH] [WEATHER - DAYS WITH] 9 = BLOWING SNOW
X = TORNADO
MAX 32 OR BELOW: 0 0.01 INCH OR MORE: 5
MAX 90 OR ABOVE: 4 0.10 INCH OR MORE: 4
MIN 32 OR BELOW: 1 0.50 INCH OR MORE: 0
MIN 0 OR BELOW: 0 1.00 INCH OR MORE: 0
[HDD (BASE 65) ]
TOTAL THIS MO. 122 CLEAR (SCALE 0-3) 25
DPTR FM NORMAL -108 PTCLDY (SCALE 4-7) 4
TOTAL FM JUL 1 163 CLOUDY (SCALE 8-10) 1
DPTR FM NORMAL -123
[CDD (BASE 65) ]
TOTAL THIS MO. 45
DPTR FM NORMAL 6 [PRESSURE DATA]
TOTAL FM JAN 1 763 HIGHEST SLP 30.41 ON 21
DPTR FM NORMAL 297 LOWEST SLP 29.44 ON 28
[REMARKS]
#FINAL-09-21#