000
CXUS55 KBYZ 011000
CF6BHK
PRELIMINARY LOCAL CLIMATOLOGICAL DATA (WS FORM: F-6)
STATION: BAKER MT
MONTH: JUNE
YEAR: 2021
LATITUDE: 46 20 N
LONGITUDE: 104 15 W
TEMPERATURE IN F: :PCPN: SNOW: WIND :SUNSHINE: SKY :PK WND
================================================================================
1 2 3 4 5 6A 6B 7 8 9 10 11 12 13 14 15 16 17 18
12Z AVG MX 2MIN
DY MAX MIN AVG DEP HDD CDD WTR SNW DPTH SPD SPD DIR MIN PSBL S-S WX SPD DR
================================================================================
1 83 44 64 6 1 0 0.00 M M 5.9 17 330 M M 2 22 330
2 85 45 65 6 0 0 0.00 M M 3.9 14 330 M M 0 18 330
3 94 50 72 13 0 7 0.00 M M 5.8 21 270 M M 0 25 260
4 98 56 77 18 0 12 0.00 M M 10.1 31 320 M M 0 37 320
5 96 60 78 18 0 13 0.02 M M 7.9 52 300 M M 1 38 67 300
6 77 50 64 4 1 0 0.00 M M 12.4 35 260 M M 1 3 40 260
7 86 53 70 10 0 5 0.00 M M 12.4 23 110 M M 0 3 28 310
8 99 63 81 21 0 16 0.00 M M 20.2 48 120 M M 0 3 59 120
9 87 55 71 10 0 6 0.00 M M M 21 120 M M 0 26 120
10 105 63 84 23 0 19 0.00 M M M 41 300 M M 1 3 56 300
11 75 46 61 0 4 0 0.03 M M 20.0 39 280 M M 3 54 270
12 90 42 66 4 0 1 0.00 M M 10.1 22 150 M M 0 29 170
13 89 55 72 10 0 7 0.00 M M 11.1 22 100 M M 0 27 50
14 92 53 73 11 0 8 0.00 M M 21.2 35 120 M M 0 42 110
15 98 68 83 20 0 18 0.00 M M 23.7 35 120 M M 0 42 130
16 84 52 68 5 0 3 0.00 M M 15.5 35 330 M M 0 43 310
17 88 48 68 5 0 3 0.00 M M 5.3 17 330 M M 0 23 290
18 82 44 63 -1 2 0 0.00 M M 8.6 23 330 M M 0 30 350
19 92 47 70 6 0 5 0.00 M M 16.1 36 320 M M 1 44 320
20 75 48 62 -2 3 0 T M M 12.9 32 10 M M 7 37 10
21 77 39 58 -7 7 0 0.00 M M 9.0 22 310 M M 0 29 320
22 92 50 71 6 0 6 0.00 M M 9.5 21 260 M M 0 26 250
23 96 53 75 10 0 10 0.00 M M 11.2 28 320 M M 0 40 260
24 93 56 75 9 0 10 T M M 10.7 31 150 M M 3 3 37 150
25 73 49 61 -5 4 0 T M M 9.2 20 320 M M 6 1 24 330
26 80 48 64 -2 1 0 0.07 M M 6.5 28 340 M M 5 13 37 350
27 83 53 68 2 0 3 T M M 8.8 32 10 M M 3 38 10
28 83 45 64 -3 1 0 0.00 M M 6.5 15 80 M M 1 1 23 90
29 91 52 72 5 0 7 0.00 M M 9.3 16 160 M M 0 18 150
30 95 52 74 7 0 9 0.00 M M 10.0 25 90 M M 0 31 90
================================================================================
SM 2638 1539 24 168 0.12 M 313.8 M 34
================================================================================
AV 87.9 51.3 11.2 FASTST M M 1 MAX(MPH)
MISC ----> 52 300 67 300
================================================================================
NOTES:
# LAST OF SEVERAL OCCURRENCES
COLUMN 17 PEAK WIND IN M.P.H.
PRELIMINARY LOCAL CLIMATOLOGICAL DATA (WS FORM: F-6) , PAGE 2
STATION: BAKER MT
MONTH: JUNE
YEAR: 2021
LATITUDE: 46 20 N
LONGITUDE: 104 15 W
[TEMPERATURE DATA] [PRECIPITATION DATA] SYMBOLS USED IN COLUMN 16
AVERAGE MONTHLY: 69.6 TOTAL FOR MONTH: 0.12 1 = FOG OR MIST
DPTR FM NORMAL: 6.8 DPTR FM NORMAL: -2.69 2 = FOG REDUCING VISIBILITY
HIGHEST: 105 ON 10 GRTST 24HR 0.07 ON 26-26 TO 1/4 MILE OR LESS
LOWEST: 39 ON 21 3 = THUNDER
SNOW, ICE PELLETS, HAIL 4 = ICE PELLETS
TOTAL MONTH: M 5 = HAIL
GRTST 24HR M ON M 6 = FREEZING RAIN OR DRIZZLE
GRTST DEPTH: M ON M 7 = DUSTSTORM OR SANDSTORM:
VSBY 1/2 MILE OR LESS
8 = SMOKE OR HAZE
[NO. OF DAYS WITH] [WEATHER - DAYS WITH] 9 = BLOWING SNOW
X = TORNADO
MAX 32 OR BELOW: 0 0.01 INCH OR MORE: 3
MAX 90 OR ABOVE: 14 0.10 INCH OR MORE: 0
MIN 32 OR BELOW: 0 0.50 INCH OR MORE: 0
MIN 0 OR BELOW: 0 1.00 INCH OR MORE: 0
[HDD (BASE 65) ]
TOTAL THIS MO. 24 CLEAR (SCALE 0-3) 26
DPTR FM NORMAL -96 PTCLDY (SCALE 4-7) 4
TOTAL FM JUL 1 7380 CLOUDY (SCALE 8-10) 0
DPTR FM NORMAL -897
[CDD (BASE 65) ]
TOTAL THIS MO. 168
DPTR FM NORMAL 112 [PRESSURE DATA]
TOTAL FM JAN 1 173 HIGHEST SLP 30.19 ON 28
DPTR FM NORMAL 112 LOWEST SLP 29.36 ON 5
[REMARKS]
#FINAL-06-21#