000
CXUS55 KBYZ 011000
CF6BHK
PRELIMINARY LOCAL CLIMATOLOGICAL DATA (WS FORM: F-6)
STATION: BAKER MT
MONTH: MAY
YEAR: 2021
LATITUDE: 46 20 N
LONGITUDE: 104 15 W
TEMPERATURE IN F: :PCPN: SNOW: WIND :SUNSHINE: SKY :PK WND
================================================================================
1 2 3 4 5 6A 6B 7 8 9 10 11 12 13 14 15 16 17 18
12Z AVG MX 2MIN
DY MAX MIN AVG DEP HDD CDD WTR SNW DPTH SPD SPD DIR MIN PSBL S-S WX SPD DR
================================================================================
1 77 40 59 12 6 0 0.00 M M 7.3 20 270 M M 0 30 320
2 61 38 50 2 15 0 0.01 M M 12.2 25 340 M M 10 30 340
3 60 27 44 -4 21 0 0.00 M M 9.6 24 330 M M 4 31 340
4 64 26 45 -3 20 0 T M M 8.1 21 340 M M 4 28 340
5 60 34 47 -2 18 0 0.00 M M 6.1 21 280 M M 4 27 260
6 66 33 50 1 15 0 0.00 M M 7.3 17 330 M M 2 22 320
7 68 33 51 2 14 0 0.04 M M 24.2 37 110 M M 1 49 120
8 42 34 38 -12 27 0 0.39 M M 19.0 32 110 M M 10 13 44 120
9 45 28 37 -13 28 0 T M M 10.4 20 130 M M 8 1 24 90
10 59 22 41 -9 24 0 0.00 M M 4.3 15 80 M M 1 19 80
11 63 28 46 -5 19 0 T M M 8.6 29 260 M M 5 33 250
12 59 38 49 -2 16 0 0.03 M M 8.4 28 260 M M 4 32 270
13 67 29 48 -4 17 0 0.00 M M 3.6 18 250 M M 3 24 250
14 73 35 54 2 11 0 0.08 M M 5.3 23 330 M M 5 3 30 340
15 73 34 54 2 11 0 0.00 M M 6.8 25 190 M M 1 29 190
16 78 40 59 6 6 0 0.00 M M 5.8 17 160 M M 1 22 160
17 79 46 63 10 2 0 0.00 M M 15.7 29 150 M M 0 37 150
18 86 50 68 15 0 3 0.00 M M 11.5 23 160 M M 1 1 28 140
19 71 52 62 8 3 0 T M M 15.9 30 10 M M 1 38 10
20 88 43 66 12 0 1 0.10 M M 18.1 40 260 M M 4 138 49 250
21 43 37 40 -14 25 0 0.03 M M 12.8 21 300 M M 10 1 26 310
22 51 38 45 -10 20 0 0.02 M M 8.7 14 100 M M 10 1 18 310
23 58 44 51 -4 14 0 0.25 M M 16.4 30 130 M M 9 18 35 130
24 74 46 60 4 5 0 0.00 M M 16.6 31 270 M M 1 39 270
25 59 42 51 -5 14 0 T M M 19.3 36 280 M M 6 47 280
26 48 38 43 -13 22 0 0.32 M M 15.8 31 90 M M 10 1 37 90
27 45 34 40 -17 25 0 0.03 M M 15.1 28 140 M M 10 1 34 150
28 70 39 55 -2 10 0 0.24 M M 19.5 33 140 M M 4 3 39 140
29 69 39 54 -3 11 0 T M M 7.5 20 310 M M 4 12 24 330
30 73 35 54 -4 11 0 0.00 M M 5.9 16 320 M M 1 25 320
31 80 38 59 1 6 0 0.00 M M 10.6 23 150 M M 1 28 150
================================================================================
SM 2009 1140 436 4 1.54 M 356.4 M 135
================================================================================
AV 64.8 36.8 11.5 FASTST M M 4 MAX(MPH)
MISC ----> 40 260 # 49 120
================================================================================
NOTES:
# LAST OF SEVERAL OCCURRENCES
COLUMN 17 PEAK WIND IN M.P.H.
PRELIMINARY LOCAL CLIMATOLOGICAL DATA (WS FORM: F-6) , PAGE 2
STATION: BAKER MT
MONTH: MAY
YEAR: 2021
LATITUDE: 46 20 N
LONGITUDE: 104 15 W
[TEMPERATURE DATA] [PRECIPITATION DATA] SYMBOLS USED IN COLUMN 16
AVERAGE MONTHLY: 50.8 TOTAL FOR MONTH: 1.54 1 = FOG OR MIST
DPTR FM NORMAL: -1.8 DPTR FM NORMAL: -1.12 2 = FOG REDUCING VISIBILITY
HIGHEST: 88 ON 20 GRTST 24HR 0.43 ON 7- 8 TO 1/4 MILE OR LESS
LOWEST: 22 ON 10 3 = THUNDER
SNOW, ICE PELLETS, HAIL 4 = ICE PELLETS
TOTAL MONTH: M 5 = HAIL
GRTST 24HR M ON M 6 = FREEZING RAIN OR DRIZZLE
GRTST DEPTH: M ON M 7 = DUSTSTORM OR SANDSTORM:
VSBY 1/2 MILE OR LESS
8 = SMOKE OR HAZE
[NO. OF DAYS WITH] [WEATHER - DAYS WITH] 9 = BLOWING SNOW
X = TORNADO
MAX 32 OR BELOW: 0 0.01 INCH OR MORE: 12
MAX 90 OR ABOVE: 0 0.10 INCH OR MORE: 5
MIN 32 OR BELOW: 6 0.50 INCH OR MORE: 0
MIN 0 OR BELOW: 0 1.00 INCH OR MORE: 0
[HDD (BASE 65) ]
TOTAL THIS MO. 436 CLEAR (SCALE 0-3) 13
DPTR FM NORMAL 48 PTCLDY (SCALE 4-7) 11
TOTAL FM JUL 1 7356 CLOUDY (SCALE 8-10) 7
DPTR FM NORMAL -801
[CDD (BASE 65) ]
TOTAL THIS MO. 4
DPTR FM NORMAL -1 [PRESSURE DATA]
TOTAL FM JAN 1 5 HIGHEST SLP 30.36 ON 22
DPTR FM NORMAL 0 LOWEST SLP 29.54 ON 2
[REMARKS]
#FINAL-05-21#