000
CXUS55 KVEF 011010
CF6BIH
PRELIMINARY LOCAL CLIMATOLOGICAL DATA (WS FORM: F-6)
STATION: BISHOP CA
MONTH: JANUARY
YEAR: 2023
LATITUDE: 37 22 N
LONGITUDE: 118 22 W
TEMPERATURE IN F: :PCPN: SNOW: WIND :SUNSHINE: SKY :PK WND
================================================================================
1 2 3 4 5 6A 6B 7 8 9 10 11 12 13 14 15 16 17 18
12Z AVG MX 2MIN
DY MAX MIN AVG DEP HDD CDD WTR SNW DPTH SPD SPD DIR MIN PSBL S-S WX SPD DR
================================================================================
1 44 34 39 1 26 0 0.10 M M 15.7 30 360 M M 10 1 37 360
2 41 26 34 -5 31 0 0.00 0.0 0 6.6 21 360 M M 3 27 360
3 46 21 34 -5 31 0 0.00 0.0 0 4.5 9 360 M M 1 10 150
4 47 25 36 -3 29 0 0.02 M M 12.9 33 160 M M 5 1 42 170
5 48 30 39 0 26 0 0.52 M M 13.4 43 150 M M 5 1 52 150
6 49 25 37 -2 28 0 0.00 0.0 0 4.0 10 270 M M 0 11 270
7 48 23 36 -3 29 0 0.00 0.0 0 5.8 17 160 M M 1 21 190
8 47 30 39 0 26 0 0.12 M M 5.7 23 120 M M 4 1 30 120
9 46 30 38 -1 27 0 3.02 0.0 0 11.6 25 140 M M 9 1 32 140
10 44 31 38 -2 27 0 1.22 M M 7.0 26 140 M M 10 12 35 150
11 41 29 35 -5 30 0 0.00 0.0 0 1.5 8 20 M M 9 1 9 350
12 47 29 38 -2 27 0 0.00 0.0 0 2.7 9 250 M M 1 10 250
13 50 28 39 -1 26 0 0.00 0.0 0 4.4 10 260 M M 1 14 220
14 46 27 37 -3 28 0 0.24 0.0 0 6.1 18 150 M M 5 1 24 160
15 44 32 38 -2 27 0 0.06 M M 4.1 22 170 M M 6 1 28 160
16 47 33 40 0 25 0 0.25 M M 11.3 24 150 M M 8 1 31 160
17 45 31 38 -2 27 0 0.00 0.0 0 14.2 25 10 M M 4 31 360
18 45 20 33 -7 32 0 0.00 0.0 0 5.0 17 320 M M 1 21 320
19 43 22 33 -7 32 0 0.00 0.0 0 13.2 32 340 M M 4 43 340
20 43 24 34 -6 31 0 0.00 0.0 0 11.3 24 340 M M 1 29 340
21 54 17 36 -4 29 0 0.00 0.0 0 5.4 12 340 M M 0 15 310
22 45 21 33 -7 32 0 0.00 0.0 0 16.5 37 350 M M 2 47 350
23 45 28 37 -3 28 0 0.00 0.0 0 13.4 26 10 M M 1 33 10
24 57 26 42 2 23 0 0.00 0.0 0 11.5 24 360 M M 0 30 10
25 53 28 41 0 24 0 0.00 0.0 0 16.3 26 360 M M 0 34 340
26 55 28 42 1 23 0 0.00 0.0 0 10.8 23 340 M M 0 31 330
27 59 17 38 -3 27 0 0.00 0.0 0 4.8 21 340 M M 0 24 340
28 53 24 39 -2 26 0 0.00 0.0 0 5.2 16 350 M M 0 20 360
29 50 20 35 -6 30 0 T M M 9.0 23 350 M M 4 29 10
30 39 23 31 -10 34 0 0.00 0.0 0 16.3 24 360 M M 3 29 10
31 50 13 32 -9 33 0 0.00 0.0 0 8.4 14 300 M M 0 20 310
================================================================================
SM 1471 795 874 0 5.55 0.0 278.6 M 98
================================================================================
AV 47.5 25.6 9.0 FASTST M M 3 MAX(MPH)
MISC ----> 43 150 52 150
================================================================================
NOTES:
# LAST OF SEVERAL OCCURRENCES
COLUMN 17 PEAK WIND IN M.P.H.
PRELIMINARY LOCAL CLIMATOLOGICAL DATA (WS FORM: F-6) , PAGE 2
STATION: BISHOP CA
MONTH: JANUARY
YEAR: 2023
LATITUDE: 37 22 N
LONGITUDE: 118 22 W
[TEMPERATURE DATA] [PRECIPITATION DATA] SYMBOLS USED IN COLUMN 16
AVERAGE MONTHLY: 36.5 TOTAL FOR MONTH: 5.55 1 = FOG OR MIST
DPTR FM NORMAL: -3.4 DPTR FM NORMAL: 4.41 2 = FOG REDUCING VISIBILITY
HIGHEST: 59 ON 27 GRTST 24HR 3.02 ON 9- 9 TO 1/4 MILE OR LESS
LOWEST: 13 ON 31 3 = THUNDER
SNOW, ICE PELLETS, HAIL 4 = ICE PELLETS
TOTAL MONTH: 0.0 INCH 5 = HAIL
GRTST 24HR 0.0 6 = FREEZING RAIN OR DRIZZLE
GRTST DEPTH: 0 7 = DUSTSTORM OR SANDSTORM:
VSBY 1/2 MILE OR LESS
8 = SMOKE OR HAZE
[NO. OF DAYS WITH] [WEATHER - DAYS WITH] 9 = BLOWING SNOW
X = TORNADO
MAX 32 OR BELOW: 0 0.01 INCH OR MORE: 9
MAX 90 OR ABOVE: 0 0.10 INCH OR MORE: 7
MIN 32 OR BELOW: 29 0.50 INCH OR MORE: 3
MIN 0 OR BELOW: 0 1.00 INCH OR MORE: 2
[HDD (BASE 65) ]
TOTAL THIS MO. 874 CLEAR (SCALE 0-3) 17
DPTR FM NORMAL 96 PTCLDY (SCALE 4-7) 10
TOTAL FM JUL 1 2592 CLOUDY (SCALE 8-10) 4
DPTR FM NORMAL 131
[CDD (BASE 65) ]
TOTAL THIS MO. 0
DPTR FM NORMAL 0 [PRESSURE DATA]
TOTAL FM JAN 1 0 HIGHEST SLP M ON M
DPTR FM NORMAL 0 LOWEST SLP 29.43 ON 16
[REMARKS]
#FINAL-01-23#