000
CXUS53 KBIS 010830
CF6BIS
PRELIMINARY LOCAL CLIMATOLOGICAL DATA (WS FORM: F-6)
STATION: BISMARCK ND
MONTH: MARCH
YEAR: 2021
LATITUDE: 46 46 N
LONGITUDE: 100 45 W
TEMPERATURE IN F: :PCPN: SNOW: WIND :SUNSHINE: SKY :PK WND
================================================================================
1 2 3 4 5 6A 6B 7 8 9 10 11 12 13 14 15 16 17 18
12Z AVG MX 2MIN
DY MAX MIN AVG DEP HDD CDD WTR SNW DPTH SPD SPD DIR MIN PSBL S-S WX SPD DR
================================================================================
1 45 9 27 4 38 0 T T 0 12.5 22 190 M M 4 31 170
2 62 21 42 18 23 0 0.00 0.0 0 8.9 23 300 M M 0 33 310
3 62 25 44 20 21 0 0.00 0.0 0 5.6 13 60 M M 1 16 60
4 63 23 43 19 22 0 0.00 0.0 0 4.8 13 60 M M 0 1 17 60
5 55 22 39 14 26 0 0.00 0.0 0 6.3 13 90 M M 3 12 16 90
6 64 28 46 21 19 0 0.00 0.0 0 16.6 33 150 M M 3 128 44 140
7 60 27 44 18 21 0 0.00 0.0 0 10.6 25 310 M M 0 36 310
8 64 22 43 17 22 0 0.00 0.0 0 10.8 26 150 M M 2 34 140
9 56 33 45 18 20 0 0.00 0.0 0 12.6 29 330 M M 3 38 310
10 39 28 34 7 31 0 0.00 0.0 0 10.4 22 340 M M 7 27 340
11 39 19 29 1 36 0 0.00 0.0 0 8.9 22 330 M M 4 29 310
12 59 11 35 7 30 0 0.00 0.0 0 7.0 17 220 M M 1 28 220
13 66 23 45 17 20 0 0.00 0.0 0 4.5 16 60 M M 0 22 50
14 53 24 39 10 26 0 0.00 0.0 0 13.4 28 90 M M 1 8 36 80
15 36 28 32 3 33 0 0.01 T 0 9.8 18 120 M M 10 1 24 120
16 37 31 34 4 31 0 T T 0 2.8 7 290 M M 10 128 8 290
17 43 22 33 3 32 0 0.00 0.0 0 5.0 14 330 M M 8 1 18 320
18 50 13 32 1 33 0 0.00 0.0 0 6.9 21 170 M M 3 12 29 180
19 61 30 46 15 19 0 0.00 0.0 0 12.9 23 160 M M 0 36 160
20 71 28 50 18 15 0 0.00 0.0 0 7.5 20 330 M M 0 26 340
21 62 31 47 15 18 0 0.00 0.0 0 11.5 26 320 M M 3 36 330
22 62 16 39 6 26 0 0.00 0.0 0 10.1 21 150 M M 3 27 210
23 59 32 46 13 19 0 0.02 0.0 0 10.8 28 350 M M 9 38 340
24 47 26 37 3 28 0 0.00 0.0 0 7.5 18 350 M M 6 26 10
25 60 25 43 9 22 0 T 0.0 0 13.9 29 180 M M 3 39 160
26 44 34 39 5 26 0 0.00 0.0 0 8.4 20 340 M M 6 27 330
27 44 25 35 0 30 0 0.04 0.5 0 8.6 20 320 M M 7 18 27 290
28 66 15 41 6 24 0 0.00 0.0 0 9.2 24 150 M M 3 32 150
29 67 25 46 10 19 0 T T 0 20.0 41 280 M M 4 63 290
30 31 15 23 -13 42 0 T T 0 23.6 44 290 M M 8 62 290
31 42 11 27 -10 38 0 0.00 0.0 0 8.4 17 320 M M 0 29 340
================================================================================
SM 1669 722 810 0 0.07 0.5 309.8 M 112
================================================================================
AV 53.8 23.3 10.0 FASTST M M 4 MAX(MPH)
MISC ----> 44 290 63 290
================================================================================
NOTES:
# LAST OF SEVERAL OCCURRENCES
COLUMN 17 PEAK WIND IN M.P.H.
PRELIMINARY LOCAL CLIMATOLOGICAL DATA (WS FORM: F-6) , PAGE 2
STATION: BISMARCK ND
MONTH: MARCH
YEAR: 2021
LATITUDE: 46 46 N
LONGITUDE: 100 45 W
[TEMPERATURE DATA] [PRECIPITATION DATA] SYMBOLS USED IN COLUMN 16
AVERAGE MONTHLY: 38.6 TOTAL FOR MONTH: 0.07 1 = FOG OR MIST
DPTR FM NORMAL: 8.7 DPTR FM NORMAL: -0.80 2 = FOG REDUCING VISIBILITY
HIGHEST: 71 ON 20 GRTST 24HR 0.04 ON 27-27 TO 1/4 MILE OR LESS
LOWEST: 9 ON 1 3 = THUNDER
SNOW, ICE PELLETS, HAIL 4 = ICE PELLETS
TOTAL MONTH: 0.5 INCH 5 = HAIL
GRTST 24HR 0.5 ON 27-27 6 = FREEZING RAIN OR DRIZZLE
GRTST DEPTH: 0 7 = DUSTSTORM OR SANDSTORM:
VSBY 1/2 MILE OR LESS
8 = SMOKE OR HAZE
[NO. OF DAYS WITH] [WEATHER - DAYS WITH] 9 = BLOWING SNOW
X = TORNADO
MAX 32 OR BELOW: 1 0.01 INCH OR MORE: 3
MAX 90 OR ABOVE: 0 0.10 INCH OR MORE: 0
MIN 32 OR BELOW: 29 0.50 INCH OR MORE: 0
MIN 0 OR BELOW: 0 1.00 INCH OR MORE: 0
[HDD (BASE 65) ]
TOTAL THIS MO. 810 CLEAR (SCALE 0-3) 16
DPTR FM NORMAL -278 PTCLDY (SCALE 4-7) 11
TOTAL FM JUL 1 6557 CLOUDY (SCALE 8-10) 4
DPTR FM NORMAL -963
[CDD (BASE 65) ]
TOTAL THIS MO. 0
DPTR FM NORMAL 0 [PRESSURE DATA]
TOTAL FM JAN 1 0 HIGHEST SLP 30.51 ON 31
DPTR FM NORMAL 0 LOWEST SLP 29.11 ON 29
[REMARKS]
#FINAL-03-21#