000
CXUS51 KRLX 011700
CF6BKW
PRELIMINARY LOCAL CLIMATOLOGICAL DATA (WS FORM: F-6)
STATION: BECKLEY WV
MONTH: SEPTEMBER
YEAR: 2023
LATITUDE: 37 46 N
LONGITUDE: 81 7 W
TEMPERATURE IN F: :PCPN: SNOW: WIND :SUNSHINE: SKY :PK WND
================================================================================
1 2 3 4 5 6A 6B 7 8 9 10 11 12 13 14 15 16 17 18
12Z AVG MX 2MIN
DY MAX MIN AVG DEP HDD CDD WTR SNW DPTH SPD SPD DIR MIN PSBL S-S WX SPD DR
================================================================================
1 80 55 68 -1 0 3 0.00 0.0 0 7.0 14 150 M M 2 21 130
2 81 56 69 0 0 4 0.00 0.0 0 3.8 12 350 M M 1 17 20
3 82 60 71 3 0 6 0.00 0.0 0 2.8 12 330 M M 2 15 30
4 83 62 73 5 0 8 0.00 0.0 0 2.0 10 360 M M 1 13 40
5 85 60 73 5 0 8 0.00 0.0 0 2.6 13 340 M M 1 1 14 340
6 85 60 73 5 0 8 0.00 0.0 0 3.4 15 290 M M 1 1 18 300
7 83 64 74 7 0 9 0.18 0.0 0 5.1 18 280 M M 6 13 23 280
8 79 62 71 4 0 6 1.82 0.0 0 3.4 22 240 M M 9 1238 28 200
9 78 61 70 3 0 5 0.07 0.0 0 4.5 15 120 M M 5 123 20 120
10 70 61 66 -1 0 1 1.74 0.0 0 3.2 13 280 M M 8 123 14 280
11 76 60 68 2 0 3 T 0.0 0 3.2 13 330 M M 6 12 14 330
12 78 57 68 2 0 3 T 0.0 0 3.4 13 300 M M 3 17 310
13 73 55 64 -2 1 0 T 0.0 0 3.5 15 310 M M 6 12 19 330
14 71 49 60 -5 5 0 0.00 0.0 0 3.6 14 10 M M 3 12 22 10
15 74 46 60 -5 5 0 0.00 0.0 0 2.8 10 360 M M 0 12 14 360
16 77 48 63 -2 2 0 0.01 0.0 0 3.0 15 300 M M 3 1 20 300
17 66 53 60 -4 5 0 1.14 0.0 0 6.0 17 290 M M 9 12 23 270
18 68 50 59 -5 6 0 0.00 0.0 0 6.0 16 310 M M 5 12 20 10
19 70 49 60 -4 5 0 0.00 0.0 0 3.7 15 270 M M 2 1 21 250
20 75 48 62 -1 3 0 0.00 0.0 0 1.8 8 350 M M 1 11 350
21 76 54 65 2 0 0 0.00 0.0 0 2.6 9 100 M M 2 12 50
22 72 56 64 1 1 0 0.00 0.0 0 5.7 15 110 M M 3 21 110
23 64 51 58 -4 7 0 0.10 0.0 0 7.6 21 350 M M 7 1 26 360
24 61 52 57 -5 8 0 0.02 0.0 0 4.6 9 350 M M 10 12 13 320
25 61 56 59 -3 6 0 0.00 0.0 0 2.5 7 340 M M 10 12 9 340
26 73 58 66 5 0 1 0.00 0.0 0 7.7 20 120 M M 7 28 120
27 69 56 63 2 2 0 0.00 0.0 0 9.7 17 140 M M 9 24 140
28 71 53 62 1 3 0 0.00 0.0 0 7.5 17 130 M M 6 25 110
29 74 54 64 4 1 0 0.00 0.0 0 3.6 9 360 M M 4 14 140
30 74 51 63 3 2 0 0.00 0.0 0 3.0 13 10 M M 2 12 16 350
================================================================================
SM 2229 1657 62 65 5.08 0.0 129.3 M 134
================================================================================
AV 74.3 55.2 4.3 FASTST M M 4 MAX(MPH)
MISC ----> 22 240 # 28 200
================================================================================
NOTES:
# LAST OF SEVERAL OCCURRENCES
COLUMN 17 PEAK WIND IN M.P.H.
PRELIMINARY LOCAL CLIMATOLOGICAL DATA (WS FORM: F-6) , PAGE 2
STATION: BECKLEY WV
MONTH: SEPTEMBER
YEAR: 2023
LATITUDE: 37 46 N
LONGITUDE: 81 7 W
[TEMPERATURE DATA] [PRECIPITATION DATA] SYMBOLS USED IN COLUMN 16
AVERAGE MONTHLY: 64.8 TOTAL FOR MONTH: 5.08 1 = FOG OR MIST
DPTR FM NORMAL: 0.1 DPTR FM NORMAL: 1.88 2 = FOG REDUCING VISIBILITY
HIGHEST: 85 ON 6, 5 GRTST 24HR 1.89 ON 8- 9 TO 1/4 MILE OR LESS
LOWEST: 46 ON 15 3 = THUNDER
SNOW, ICE PELLETS, HAIL 4 = ICE PELLETS
TOTAL MONTH: 0.0 INCH 5 = HAIL
GRTST 24HR 0.0 6 = FREEZING RAIN OR DRIZZLE
GRTST DEPTH: 0 7 = DUSTSTORM OR SANDSTORM:
VSBY 1/2 MILE OR LESS
8 = SMOKE OR HAZE
[NO. OF DAYS WITH] [WEATHER - DAYS WITH] 9 = BLOWING SNOW
X = TORNADO
MAX 32 OR BELOW: 0 0.01 INCH OR MORE: 8
MAX 90 OR ABOVE: 0 0.10 INCH OR MORE: 5
MIN 32 OR BELOW: 0 0.50 INCH OR MORE: 3
MIN 0 OR BELOW: 0 1.00 INCH OR MORE: 3
[HDD (BASE 65) ]
TOTAL THIS MO. 62 CLEAR (SCALE 0-3) 12
DPTR FM NORMAL -23 PTCLDY (SCALE 4-7) 13
TOTAL FM JUL 1 66 CLOUDY (SCALE 8-10) 5
DPTR FM NORMAL -36
[CDD (BASE 65) ]
TOTAL THIS MO. 65
DPTR FM NORMAL -11 [PRESSURE DATA]
TOTAL FM JAN 1 536 HIGHEST SLP 30.27 ON 1
DPTR FM NORMAL -118 LOWEST SLP 29.78 ON 7
[REMARKS]
#FINAL-09-23#