000
CXUS53 KILX 011000
CF6BMI
PRELIMINARY LOCAL CLIMATOLOGICAL DATA (WS FORM: F-6)
STATION: BLOOMINGTON IL AIRPORT
MONTH: NOVEMBER
YEAR: 2022
LATITUDE: 40 28 N
LONGITUDE: 88 56 W
TEMPERATURE IN F: :PCPN: SNOW: WIND :SUNSHINE: SKY :PK WND
================================================================================
1 2 3 4 5 6A 6B 7 8 9 10 11 12 13 14 15 16 17 18
12Z AVG MX 2MIN
DY MAX MIN AVG DEP HDD CDD WTR SNW DPTH SPD SPD DIR MIN PSBL S-S WX SPD DR
================================================================================
1 67 39 53 M 12 0 0.00 M M 6.5 10 220 M M 0 12 M M
2 71 44 58 M 7 0 0.00 M M 9.5 17 180 M M 0 1 M M
3 71 46 59 M 6 0 0.00 M M 15.0 24 180 M M 0 31 190
4 75 58 67 M 0 2 0.06 M M 19.9 31 200 M M 6 43 170
5 64 40 52 M 13 0 0.46 M M 22.7 38 220 M M 7 1 52 220
6 63 39 51 M 14 0 0.00 M M 12.0 22 200 M M 0 28 200
7 56 39 48 M 17 0 0.00 M M 11.7 16 340 M M 0 21 10
8 60 34 47 M 18 0 0.00 M M 14.2 21 100 M M 2 22 110
9 75 48 62 M 3 0 T M M 13.8 18 180 M M 3 M M
10 74 51 63 M 2 0 0.00 M M 15.5 25 190 M M 0 31 190
11 55 29 42 M 23 0 0.00 M M 17.6 24 320 M M 5 28 320
12 32 28 30 M 35 0 T M M 15.0 21 310 M M 10 24 310
13 39 23 31 M 34 0 T M M 6.9 13 310 M M 4 M M
14 41 18 30 M 35 0 0.00 M M 8.0 12 100 M M 2 M M
15 35 30 33 M 32 0 0.01 M M 9.4 16 280 M M 10 1 M M
16 32 27 30 M 35 0 T M M 14.3 20 280 M M 10 1 25 270
17 36 25 31 M 34 0 T M M 15.3 21 280 M M 9 30 280
18 27 18 23 M 42 0 T M M 14.7 22 280 M M 9 28 260
19 28 15 22 M 43 0 T M M 17.2 25 280 M M 3 40 300
20 36 11 24 M 41 0 0.00 M M 13.1 20 200 M M 0 23 200
21 50 25 38 M 27 0 0.00 M M 13.0 20 230 M M 0 27 230
22 56 23 40 M 25 0 0.00 M M 8.6 15 210 M M 0 M M
23 59 30 45 M 20 0 0.00 M M 9.5 13 180 M M 0 M M
24 47 35 41 M 24 0 0.03 M M 9.1 14 210 M M 8 1 M M
25 53 30 42 M 23 0 0.00 M M 8.8 20 340 M M 3 12 M M
26 56 29 43 M 22 0 0.00 M M 9.8 15 150 M M 1 M M
27 47 38 43 M 22 0 1.32 M M 14.7 21 340 M M 10 1 32 30
28 43 38 41 M 24 0 0.00 M M 7.6 16 180 M M 9 1 M M
29 59 29 44 M 21 0 0.05 M M 22.2 31 190 M M 7 1 41 190
30 30 20 25 M 40 0 0.00 M M 20.4 28 290 M M 1 37 300
================================================================================
SM 1537 959 694 2 1.93 M 396.0 M 119
================================================================================
AV 51.2 32.0 13.2 FASTST M M 4 MAX(MPH)
MISC ----> 38 220 52 220
================================================================================
NOTES:
# LAST OF SEVERAL OCCURRENCES
COLUMN 17 PEAK WIND IN M.P.H.
PRELIMINARY LOCAL CLIMATOLOGICAL DATA (WS FORM: F-6) , PAGE 2
STATION: BLOOMINGTON IL AIRPORT
MONTH: NOVEMBER
YEAR: 2022
LATITUDE: 40 28 N
LONGITUDE: 88 56 W
[TEMPERATURE DATA] [PRECIPITATION DATA] SYMBOLS USED IN COLUMN 16
AVERAGE MONTHLY: 41.6 TOTAL FOR MONTH: 1.93 1 = FOG OR MIST
DPTR FM NORMAL: 0.0 DPTR FM NORMAL: M 2 = FOG REDUCING VISIBILITY
HIGHEST: 75 ON 9, 4 GRTST 24HR 1.32 ON 27-27 TO 1/4 MILE OR LESS
LOWEST: 11 ON 20 3 = THUNDER
SNOW, ICE PELLETS, HAIL 4 = ICE PELLETS
TOTAL MONTH: M 5 = HAIL
GRTST 24HR M ON M 6 = FREEZING RAIN OR DRIZZLE
GRTST DEPTH: M ON M 7 = DUSTSTORM OR SANDSTORM:
VSBY 1/2 MILE OR LESS
8 = SMOKE OR HAZE
[NO. OF DAYS WITH] [WEATHER - DAYS WITH] 9 = BLOWING SNOW
X = TORNADO
MAX 32 OR BELOW: 5 0.01 INCH OR MORE: 6
MAX 90 OR ABOVE: 0 0.10 INCH OR MORE: 2
MIN 32 OR BELOW: 17 0.50 INCH OR MORE: 1
MIN 0 OR BELOW: 0 1.00 INCH OR MORE: 1
[HDD (BASE 65) ]
TOTAL THIS MO. 694 CLEAR (SCALE 0-3) 15
DPTR FM NORMAL M PTCLDY (SCALE 4-7) 8
TOTAL FM JUL 1 1168 CLOUDY (SCALE 8-10) 7
DPTR FM NORMAL M
[CDD (BASE 65) ]
TOTAL THIS MO. 2
DPTR FM NORMAL M [PRESSURE DATA]
TOTAL FM JAN 1 1093 HIGHEST SLP M ON M
DPTR FM NORMAL M LOWEST SLP M ON M
[REMARKS]
#FINAL-11-22#