000
CXUS55 KOHX 011110
CF6BNA
PRELIMINARY LOCAL CLIMATOLOGICAL DATA (WS FORM: F-6)
STATION: NASHVILLE
MONTH: JULY
YEAR: 2021
LATITUDE: 36 7 N
LONGITUDE: 86 41 W
TEMPERATURE IN F: :PCPN: SNOW: WIND :SUNSHINE: SKY :PK WND
================================================================================
1 2 3 4 5 6A 6B 7 8 9 10 11 12 13 14 15 16 17 18
12Z AVG MX 2MIN
DY MAX MIN AVG DEP HDD CDD WTR SNW DPTH SPD SPD DIR MIN PSBL S-S WX SPD DR
================================================================================
1 85 72 79 -1 0 14 0.35 0.0 0 4.3 13 300 M M 8 1 18 300
2 86 68 77 -3 0 12 0.00 0.0 0 7.3 18 20 M M 7 1 25 350
3 86 61 74 -6 0 9 0.00 0.0 0 5.1 14 30 M M 3 19 60
4 90 61 76 -4 0 11 0.00 0.0 0 3.4 10 330 M M 1 18 16 340
5 94 68 81 1 0 16 0.00 0.0 0 3.5 12 100 M M 2 18 16 100
6 95 71 83 3 0 18 0.00 0.0 0 4.1 14 150 M M 5 8 21 170
7 85 73 79 -1 0 14 0.60 0.0 0 6.8 20 180 M M 8 1 25 180
8 91 72 82 2 0 17 T 0.0 0 5.2 14 190 M M 6 23 210
9 93 73 83 2 0 18 T 0.0 0 5.4 18 170 M M 7 3 28 210
10 91 73 82 1 0 17 0.00 0.0 0 8.7 18 200 M M 7 26 200
11 83 72 78 -3 0 13 0.56 0.0 0 9.3 18 180 M M 8 138 26 200
12 87 73 80 -1 0 15 T 0.0 0 11.1 20 190 M M 7 26 170
13 84 73 79 -2 0 14 0.02 0.0 0 9.4 21 180 M M 6 13 28 200
14 92 70 81 0 0 16 0.00 0.0 0 2.8 10 200 M M 4 14 190
15 94 71 83 2 0 18 0.00 0.0 0 5.8 13 270 M M 3 20 270
16 93 73 83 2 0 18 0.01 0.0 0 8.9 20 210 M M 6 3 28 220
17 89 75 82 1 0 17 0.00 0.0 0 7.7 16 210 M M 8 3 24 200
18 88 70 79 -2 0 14 2.50 0.0 0 3.6 28 270 M M 9 123 37 270
19 86 72 79 -2 0 14 0.00 0.0 0 4.2 16 80 M M 8 20 90
20 90 72 81 0 0 16 0.00 0.0 0 8.4 16 20 M M 5 22 30
21 91 71 81 0 0 16 0.00 0.0 0 5.3 15 30 M M 1 8 20 20
22 91 69 80 -1 0 15 0.00 0.0 0 5.2 14 20 M M 1 18 21 40
23 91 70 81 0 0 16 0.00 0.0 0 3.5 12 10 M M 1 8 16 20
24 94 69 82 1 0 17 0.00 0.0 0 2.3 9 60 M M 1 19 300
25 97 75 86 5 0 21 1.41 0.0 0 4.5 29 100 M M 5 138 36 360
26 93 75 84 3 0 19 0.16 0.0 0 3.3 14 60 M M 6 138 18 70
27 95 75 85 4 0 20 0.00 0.0 0 4.4 18 360 M M 5 13 25 360
28 96 74 85 4 0 20 0.00 0.0 0 3.2 13 350 M M 2 20 360
29 95 73 84 3 0 19 0.00 0.0 0 3.5 13 290 M M 3 18 18 280
30 95 78 87 6 0 22 0.00 0.0 0 6.7 15 360 M M 6 8 21 100
31 93 74 84 3 0 19 3.13 0.0 0 5.4 24 340 M M 7 138 42 230
================================================================================
SM 2813 2216 0 505 8.74 0.0 172.3 M 156
================================================================================
AV 90.7 71.5 5.6 FASTST M M 5 MAX(MPH)
MISC ----> 29 100 42 230
================================================================================
NOTES:
# LAST OF SEVERAL OCCURRENCES
COLUMN 17 PEAK WIND IN M.P.H.
PRELIMINARY LOCAL CLIMATOLOGICAL DATA (WS FORM: F-6) , PAGE 2
STATION: NASHVILLE
MONTH: JULY
YEAR: 2021
LATITUDE: 36 7 N
LONGITUDE: 86 41 W
[TEMPERATURE DATA] [PRECIPITATION DATA] SYMBOLS USED IN COLUMN 16
AVERAGE MONTHLY: 81.1 TOTAL FOR MONTH: 8.74 1 = FOG OR MIST
DPTR FM NORMAL: 0.4 DPTR FM NORMAL: 4.58 2 = FOG REDUCING VISIBILITY
HIGHEST: 97 ON 25 GRTST 24HR 3.13 ON 31-31 TO 1/4 MILE OR LESS
LOWEST: 61 ON 4, 3 3 = THUNDER
SNOW, ICE PELLETS, HAIL 4 = ICE PELLETS
TOTAL MONTH: 0.0 INCH 5 = HAIL
GRTST 24HR 0.0 6 = FREEZING RAIN OR DRIZZLE
GRTST DEPTH: 0 7 = DUSTSTORM OR SANDSTORM:
VSBY 1/2 MILE OR LESS
8 = SMOKE OR HAZE
[NO. OF DAYS WITH] [WEATHER - DAYS WITH] 9 = BLOWING SNOW
X = TORNADO
MAX 32 OR BELOW: 0 0.01 INCH OR MORE: 9
MAX 90 OR ABOVE: 21 0.10 INCH OR MORE: 7
MIN 32 OR BELOW: 0 0.50 INCH OR MORE: 5
MIN 0 OR BELOW: 0 1.00 INCH OR MORE: 3
[HDD (BASE 65) ]
TOTAL THIS MO. 0 CLEAR (SCALE 0-3) 8
DPTR FM NORMAL 0 PTCLDY (SCALE 4-7) 19
TOTAL FM JUL 1 0 CLOUDY (SCALE 8-10) 4
DPTR FM NORMAL 0
[CDD (BASE 65) ]
TOTAL THIS MO. 505
DPTR FM NORMAL 18 [PRESSURE DATA]
TOTAL FM JAN 1 1066 HIGHEST SLP 30.25 ON 14
DPTR FM NORMAL -25 LOWEST SLP 29.85 ON 11
[REMARKS]
#FINAL-07-21#