000
CXUS56 KBOI 011002
CF6BNO
PRELIMINARY LOCAL CLIMATOLOGICAL DATA (WS FORM: F-6)
STATION: BURNS OR
MONTH: DECEMBER
YEAR: 2021
LATITUDE: 43 34 N
LONGITUDE: 118 57 W
TEMPERATURE IN F: :PCPN: SNOW: WIND :SUNSHINE: SKY :PK WND
================================================================================
1 2 3 4 5 6A 6B 7 8 9 10 11 12 13 14 15 16 17 18
12Z AVG MX 2MIN
DY MAX MIN AVG DEP HDD CDD WTR SNW DPTH SPD SPD DIR MIN PSBL S-S WX SPD DR
================================================================================
1 59 28 44 15 21 0 0.00 M M 2.1 7 20 M M 0 8 20
2 62 24 43 14 22 0 0.00 M M 2.9 12 320 M M 0 14 320
3 54 22 38 10 27 0 0.00 M M 1.9 8 10 M M 0 9 10
4 58 21 40 12 25 0 0.00 M M 7.5 21 250 M M 1 8 28 250
5 49 23 36 8 29 0 0.00 M M 8.1 16 290 M M 1 21 290
6 36 27 32 4 33 0 0.20 M M 1.5 7 60 M M 10 1 8 200
7 48 27 38 11 27 0 0.00 M M 2.3 8 10 M M 7 12 11 10
8 46 26 36 9 29 0 0.00 M M 7.2 24 260 M M 3 12 32 250
9 35 23 29 2 36 0 0.02 M M 9.6 20 280 M M 8 1 26 290
10 34 13 24 -2 41 0 T M M 3.6 13 270 M M 6 17 260
11 39 26 33 7 32 0 0.24 M M 8.7 25 210 M M 10 1 36 200
12 42 23 33 7 32 0 0.01 M M 10.3 25 240 M M 6 34 230
13 47 29 38 12 27 0 0.06 M M 11.7 31 210 M M 7 1 46 290
14 32 5 19 -7 46 0 0.02 M M 5.0 12 300 M M 5 1 16 300
15 29 4 17 -9 48 0 0.33 M M 5.8 14 120 M M 8 12 19 130
16 35 14 25 0 40 0 0.01 M M 5.8 16 230 M M 9 12 22 230
17 31 0 16 -9 49 0 0.00 M M 6.9 15 230 M M 4 1 20 210
18 34 12 23 -2 42 0 0.00 M M 1.1 7 290 M M 5 1 8 320
19 41 15 28 3 37 0 0.03 M M 2.0 7 40 M M 8 8 20
20 44 16 30 5 35 0 0.00 M M 2.2 7 90 M M 6 18 7 90
21 41 8 25 0 40 0 0.00 M M 2.2 10 300 M M 2 18 12 300
22 45 23 34 9 31 0 0.14 M M 3.3 17 210 M M 7 1 25 200
23 42 30 36 11 29 0 0.18 M M 8.1 26 240 M M 8 1 34 240
24 34 18 26 1 39 0 T M M 7.4 30 270 M M 6 1 42 260
25 31 16 24 -1 41 0 0.09 M M 2.8 9 70 M M 9 12 12 60
26 28 2 15 -10 50 0 0.06 M M 11.6 31 250 M M 8 128 43 240
27 26 -1 13 -12 52 0 T M M 6.3 22 290 M M 5 29 290
28 23 10 17 -8 48 0 0.06 M M 2.0 7 70 M M 10 18 8 70
29 32 -4 14 -11 51 0 0.08 M M 4.1 14 330 M M 6 1 17 320
30 31 -2 15 -10 50 0 0.03 M M 8.1 23 250 M M 8 1 30 260
31 27 -3 12 -13 53 0 0.04 M M 8.1 20 250 M M 7 18 25 250
================================================================================
SM 1215 475 1162 0 1.60 M 170.2 M 180
================================================================================
AV 39.2 15.3 5.5 FASTST M M 6 MAX(MPH)
MISC ----> # 31 210 46 290
================================================================================
NOTES:
# LAST OF SEVERAL OCCURRENCES
COLUMN 17 PEAK WIND IN M.P.H.
PRELIMINARY LOCAL CLIMATOLOGICAL DATA (WS FORM: F-6) , PAGE 2
STATION: BURNS OR
MONTH: DECEMBER
YEAR: 2021
LATITUDE: 43 34 N
LONGITUDE: 118 57 W
[TEMPERATURE DATA] [PRECIPITATION DATA] SYMBOLS USED IN COLUMN 16
AVERAGE MONTHLY: 27.3 TOTAL FOR MONTH: 1.60 1 = FOG OR MIST
DPTR FM NORMAL: 1.4 DPTR FM NORMAL: 0.08 2 = FOG REDUCING VISIBILITY
HIGHEST: 62 ON 2 GRTST 24HR 0.34 ON 15-16 TO 1/4 MILE OR LESS
LOWEST: -4 ON 29 3 = THUNDER
SNOW, ICE PELLETS, HAIL 4 = ICE PELLETS
TOTAL MONTH: M 5 = HAIL
GRTST 24HR M ON M 6 = FREEZING RAIN OR DRIZZLE
GRTST DEPTH: M ON M 7 = DUSTSTORM OR SANDSTORM:
VSBY 1/2 MILE OR LESS
8 = SMOKE OR HAZE
[NO. OF DAYS WITH] [WEATHER - DAYS WITH] 9 = BLOWING SNOW
X = TORNADO
MAX 32 OR BELOW: 10 0.01 INCH OR MORE: 17
MAX 90 OR ABOVE: 0 0.10 INCH OR MORE: 5
MIN 32 OR BELOW: 31 0.50 INCH OR MORE: 0
MIN 0 OR BELOW: 5 1.00 INCH OR MORE: 0
[HDD (BASE 65) ]
TOTAL THIS MO. 1162 CLEAR (SCALE 0-3) 7
DPTR FM NORMAL -48 PTCLDY (SCALE 4-7) 19
TOTAL FM JUL 1 2821 CLOUDY (SCALE 8-10) 5
DPTR FM NORMAL -222
[CDD (BASE 65) ]
TOTAL THIS MO. 0
DPTR FM NORMAL 0 [PRESSURE DATA]
TOTAL FM JAN 1 609 HIGHEST SLP 30.48 ON 1
DPTR FM NORMAL 307 LOWEST SLP 29.40 ON 24
[REMARKS]
#FINAL-12-21#