000
CXUS54 KMAF 011110
CF6BPG
PRELIMINARY LOCAL CLIMATOLOGICAL DATA (WS FORM: F-6)
STATION: BIG SPRING MCMAHON-WRINKLE FI
MONTH: JUNE
YEAR: 2022
LATITUDE: 32 12 N
LONGITUDE: 101 31 W
TEMPERATURE IN F: :PCPN: SNOW: WIND :SUNSHINE: SKY :PK WND
================================================================================
1 2 3 4 5 6A 6B 7 8 9 10 11 12 13 14 15 16 17 18
12Z AVG MX 2MIN
DY MAX MIN AVG DEP HDD CDD WTR SNW DPTH SPD SPD DIR MIN PSBL S-S WX SPD DR
================================================================================
1 94 65 80 M 0 15 0.15 M M 14.8 24 240 M M 7 3 33 360
2 76 60 68 M 0 3 M M M 10.8 16 30 M M 7 1 22 30
3 86 60 73 M 0 8 0.64 M M 10.4 16 80 M M 4 13 41 130
4 94 64 79 M 0 14 M M M 11.6 23 20 M M 0 44 110
5 101 73 87 M 0 22 M M M 14.8 21 250 M M 0 28 250
6 105 74 90 M 0 25 M M M 11.2 20 200 M M 0 17 310
7 102 76 89 M 0 24 M M M 11.6 21 100 M M 0 26 60
8 93 77 85 M 0 20 M M M 16.7 35 50 M M 1 8 49 180
9 99 70 85 M 0 20 M M M 13.2 20 170 M M 0 21 170
10 101 72 87 M 0 22 M M M 11.4 20 190 M M 0 23 190
11 107 73 90 M 0 25 M M M 12.3 18 190 M M 0 24 200
12 107 78 93 M 0 28 M M M 15.7 22 170 M M 0 29 180
13 102 78 90 M 0 25 M M M 22.8 31 160 M M 2 8 40 170
14 101 75 88 M 0 23 M M M 21.1 30 170 M M 0 8 36 170
15 100 76 88 M 0 23 M M M 21.0 29 170 M M 0 33 170
16 100 76 88 M 0 23 M M M 17.7 26 160 M M 0 35 160
17 99 72 86 M 0 21 M M M 14.3 21 130 M M 0 31 150
18 98 76 87 M 0 22 M M M 14.3 21 120 M M 1 36 140
19 98 75 87 M 0 22 M M M 15.1 21 160 M M 2 29 130
20 98 76 87 M 0 22 M M M 14.5 23 190 M M 1 31 180
21 97 75 86 M 0 21 M M M 12.8 17 150 M M 1 25 160
22 99 75 87 M 0 22 M M M 10.5 14 150 M M 2 28 120
23 99 74 87 M 0 22 M M M 10.5 17 190 M M 1 22 180
24 101 75 88 M 0 23 M M M 11.1 17 200 M M 1 25 170
25 101 77 89 M 0 24 M M M 10.7 16 190 M M 0 22 180
26 97 73 85 M 0 20 0.06 M M 12.7 24 50 M M 2 32 40
27 88 64 76 M 0 11 M M M 15.7 29 60 M M 2 33 60
28 91 69 80 M 0 15 M M M 9.9 21 60 M M 1 23 60
29 94 70 82 M 0 17 M M M 6.9 20 160 M M 2 23 130
30 99 74 87 M 0 22 M M M 9.4 15 M M M 1 20 180
================================================================================
SM 2927 2172 0 604 0.85 M 405.4 M 38
================================================================================
AV 97.6 72.4 13.5 FASTST M M 1 MAX(MPH)
MISC ----> 35 50 49 180
================================================================================
NOTES:
# LAST OF SEVERAL OCCURRENCES
COLUMN 17 PEAK WIND IN M.P.H.
PRELIMINARY LOCAL CLIMATOLOGICAL DATA (WS FORM: F-6) , PAGE 2
STATION: BIG SPRING MCMAHON-WRINKLE FI
MONTH: JUNE
YEAR: 2022
LATITUDE: 32 12 N
LONGITUDE: 101 31 W
[TEMPERATURE DATA] [PRECIPITATION DATA] SYMBOLS USED IN COLUMN 16
AVERAGE MONTHLY: 85.0 TOTAL FOR MONTH: 0.85 1 = FOG OR MIST
DPTR FM NORMAL: 0.0 DPTR FM NORMAL: M 2 = FOG REDUCING VISIBILITY
HIGHEST: 107 ON 12,11 GRTST 24HR 0.64 ON 3- 3 TO 1/4 MILE OR LESS
LOWEST: 60 ON 3, 2 3 = THUNDER
SNOW, ICE PELLETS, HAIL 4 = ICE PELLETS
TOTAL MONTH: M 5 = HAIL
GRTST 24HR M ON M 6 = FREEZING RAIN OR DRIZZLE
GRTST DEPTH: M ON M 7 = DUSTSTORM OR SANDSTORM:
VSBY 1/2 MILE OR LESS
8 = SMOKE OR HAZE
[NO. OF DAYS WITH] [WEATHER - DAYS WITH] 9 = BLOWING SNOW
X = TORNADO
MAX 32 OR BELOW: 0 0.01 INCH OR MORE: 3
MAX 90 OR ABOVE: 27 0.10 INCH OR MORE: 2
MIN 32 OR BELOW: 0 0.50 INCH OR MORE: 1
MIN 0 OR BELOW: 0 1.00 INCH OR MORE: 0
[HDD (BASE 65) ]
TOTAL THIS MO. 0 CLEAR (SCALE 0-3) 27
DPTR FM NORMAL M PTCLDY (SCALE 4-7) 3
TOTAL FM JUL 1 2261 CLOUDY (SCALE 8-10) 0
DPTR FM NORMAL M
[CDD (BASE 65) ]
TOTAL THIS MO. 604
DPTR FM NORMAL M [PRESSURE DATA]
TOTAL FM JAN 1 1309 HIGHEST SLP M ON M
DPTR FM NORMAL M LOWEST SLP M ON M
[REMARKS]
#FINAL-06-22#