000
CXUS54 KMAF 011110
CF6BPG
PRELIMINARY LOCAL CLIMATOLOGICAL DATA (WS FORM: F-6)
STATION: BIG SPRING MCMAHON-WRINKLE FI
MONTH: SEPTEMBER
YEAR: 2021
LATITUDE: 32 12 N
LONGITUDE: 101 31 W
TEMPERATURE IN F: :PCPN: SNOW: WIND :SUNSHINE: SKY :PK WND
================================================================================
1 2 3 4 5 6A 6B 7 8 9 10 11 12 13 14 15 16 17 18
12Z AVG MX 2MIN
DY MAX MIN AVG DEP HDD CDD WTR SNW DPTH SPD SPD DIR MIN PSBL S-S WX SPD DR
================================================================================
1 97 74 86 M 0 21 M M M 11.7 18 140 M M 1 24 140
2 95 73 84 M 0 19 M M M 11.8 17 190 M M 2 23 190
3 96 73 85 M 0 20 M M M 11.8 20 170 M M 2 28 170
4 96 71 84 M 0 19 M M M 9.7 15 200 M M 1 21 170
5 92 64 78 M 0 13 1.93 M M 7.4 17 160 M M 1 3 23 160
6 92 69 81 M 0 16 M M M M M M M M 1 M M
7 96 67 82 M 0 17 M M M M M M M M 0 M M
8 94 69 82 M 0 17 M M M M M M M M 1 M M
9 93 68 81 M 0 16 M M M M M M M M 0 M M
10 96 67 82 M 0 17 M M M M M M M M 0 M M
11 94 65 80 M 0 15 M M M M M M M M 0 M M
12 90 61 76 M 0 11 M M M M M M M M 0 M M
13 90 67 79 M 0 14 M M M M M M M M 2 M M
14 92 63 78 M 0 13 M M M M M M M M 1 M M
15 88 63 76 M 0 11 M M M M M M M M 1 M M
16 92 67 80 M 0 15 M M M M M M M M 0 M M
17 98 67 83 M 0 18 M M M M M M M M 1 M M
18 93 71 82 M 0 17 M M M M M M M M 1 M M
19 94 65 80 M 0 15 M M M M M M M M 0 M M
20 101 71 86 M 0 21 M M M M M M M M 1 M M
21 81 59 70 M 0 5 M M M M M M M M 0 8 M M
22 80 51 66 M 0 1 M M M M M M M M 0 8 M M
23 87 49 68 M 0 3 M M M M M M M M 0 M M
24 88 58 73 M 0 8 M M M M M M M M 0 M M
25 88 56 72 M 0 7 M M M M M M M M 0 M M
26 88 58 73 M 0 8 M M M M M M M M 0 M M
27 88 65 77 M 0 12 M M M M M M M M 1 M M
28 90 64 77 M 0 12 M M M M M M M M 1 M M
29 92 63 78 M 0 13 M M M M M M M M 1 M M
30 83 64 74 M 0 9 0.15 M M M M M M M 3 1 M M
================================================================================
SM 2744 1942 0 403 2.08 M 52.4 M 22
================================================================================
AV 91.5 64.7 10.5 FASTST M M 1 MAX(MPH)
MISC ----> 20 170 28 170
================================================================================
NOTES:
# LAST OF SEVERAL OCCURRENCES
COLUMN 17 PEAK WIND IN M.P.H.
PRELIMINARY LOCAL CLIMATOLOGICAL DATA (WS FORM: F-6) , PAGE 2
STATION: BIG SPRING MCMAHON-WRINKLE FI
MONTH: SEPTEMBER
YEAR: 2021
LATITUDE: 32 12 N
LONGITUDE: 101 31 W
[TEMPERATURE DATA] [PRECIPITATION DATA] SYMBOLS USED IN COLUMN 16
AVERAGE MONTHLY: 78.1 TOTAL FOR MONTH: 2.08 1 = FOG OR MIST
DPTR FM NORMAL: 0.0 DPTR FM NORMAL: M 2 = FOG REDUCING VISIBILITY
HIGHEST: 101 ON 20 GRTST 24HR 1.93 ON 5- 5 TO 1/4 MILE OR LESS
LOWEST: 49 ON 23 3 = THUNDER
SNOW, ICE PELLETS, HAIL 4 = ICE PELLETS
TOTAL MONTH: M 5 = HAIL
GRTST 24HR M ON M 6 = FREEZING RAIN OR DRIZZLE
GRTST DEPTH: M ON M 7 = DUSTSTORM OR SANDSTORM:
VSBY 1/2 MILE OR LESS
8 = SMOKE OR HAZE
[NO. OF DAYS WITH] [WEATHER - DAYS WITH] 9 = BLOWING SNOW
X = TORNADO
MAX 32 OR BELOW: 0 0.01 INCH OR MORE: 2
MAX 90 OR ABOVE: 21 0.10 INCH OR MORE: 2
MIN 32 OR BELOW: 0 0.50 INCH OR MORE: 1
MIN 0 OR BELOW: 0 1.00 INCH OR MORE: 1
[HDD (BASE 65) ]
TOTAL THIS MO. 0 CLEAR (SCALE 0-3) 30
DPTR FM NORMAL M PTCLDY (SCALE 4-7) 0
TOTAL FM JUL 1 0 CLOUDY (SCALE 8-10) 0
DPTR FM NORMAL M
[CDD (BASE 65) ]
TOTAL THIS MO. 403
DPTR FM NORMAL M [PRESSURE DATA]
TOTAL FM JAN 1 2143 HIGHEST SLP M ON M
DPTR FM NORMAL M LOWEST SLP M ON M
[REMARKS]
#FINAL-09-21#