000
CXUS54 KLZK 011130
CF6BPK
PRELIMINARY LOCAL CLIMATOLOGICAL DATA (WS FORM: F-6)
STATION: MOUNTAIN HOME AIRPORT
MONTH: SEPTEMBER
YEAR: 2021
LATITUDE: 36 22 N
LONGITUDE: 92 28 W
TEMPERATURE IN F: :PCPN: SNOW: WIND :SUNSHINE: SKY :PK WND
================================================================================
1 2 3 4 5 6A 6B 7 8 9 10 11 12 13 14 15 16 17 18
12Z AVG MX 2MIN
DY MAX MIN AVG DEP HDD CDD WTR SNW DPTH SPD SPD DIR MIN PSBL S-S WX SPD DR
================================================================================
1 89 69 79 4 0 14 0.00 M M 3.2 9 100 M M 3 15 80
2 87 65 76 1 0 11 0.00 M M 4.6 10 160 M M 4 14 160
3 89 66 78 3 0 13 0.00 M M 5.6 10 190 M M 0 16 180
4 94 73 84 9 0 19 0.25 0.0 0 5.6 13 240 M M 5 3 19 210
5 85 66 76 2 0 11 0.30 0.0 0 2.9 10 80 M M 5 15 120
6 87 59 73 -1 0 8 0.00 M M 2.2 9 200 M M 0 12 170
7 91 61 76 2 0 11 0.00 M M 3.6 10 220 M M 0 17 220
8 85 60 73 0 0 8 0.02 M M 2.6 10 350 M M 2 19 10
9 86 56 71 -2 0 6 0.00 0.0 M 2.1 8 280 M M 0 13 350
10 89 59 74 1 0 9 0.00 0.0 0 4.3 12 230 M M 0 16 230
11 90 66 78 6 0 13 0.00 M M 6.1 14 230 M M 0 19 230
12 88 61 75 3 0 10 0.00 0.0 0 4.7 12 170 M M 0 15 200
13 92 64 78 6 0 13 0.00 0.0 0 5.9 15 220 M M 0 19 250
14 93 69 81 10 0 16 0.00 0.0 0 4.4 13 240 M M 2 19 360
15 88 66 77 6 0 12 0.00 0.0 0 4.7 13 100 M M 3 19 90
16 87 63 75 4 0 10 0.00 0.0 0 4.8 13 130 M M 1 17 130
17 90 66 78 8 0 13 0.00 0.0 0 3.7 13 140 M M 4 1 17 130
18 85 67 76 6 0 11 0.00 0.0 0 4.0 13 70 M M 5 1 19 90
19 85 67 76 6 0 11 0.00 0.0 0 3.8 12 150 M M 6 15 150
20 92 67 80 11 0 15 0.00 0.0 0 6.2 13 200 M M 2 17 210
21 76 55 66 -3 0 1 0.83 0.0 0 4.4 10 10 M M 7 138 19 20
22 74 51 63 -5 2 0 0.00 M M 4.1 12 350 M M 0 19 340
23 75 47 61 -7 4 0 0.00 M M 1.2 8 290 M M 1 12 13 360
24 81 48 65 -3 0 0 M M M 3.6 9 260 M M 0 M M
25 80 55 68 0 0 3 T M M 1.9 9 130 M M 1 13 180
26 88 50 69 2 0 4 M M M 4.2 10 230 M M 0 M M
27 88 60 74 7 0 9 0.00 M M 4.5 12 230 M M 0 18 250
28 88 59 74 8 0 9 0.00 M M 2.9 12 170 M M 1 15 220
29 85 65 75 9 0 10 0.00 M M 4.9 15 130 M M 2 1 19 200
30 79 67 73 7 0 8 0.01 M M 6.0 15 130 M M 6 1 20 140
================================================================================
SM 2586 1847 6 278 1.41 0.0 122.7 M 60
================================================================================
AV 86.2 61.6 4.1 FASTST M M 2 MAX(MPH)
MISC ----> # 15 220 20 140
================================================================================
NOTES:
# LAST OF SEVERAL OCCURRENCES
COLUMN 17 PEAK WIND IN M.P.H.
PRELIMINARY LOCAL CLIMATOLOGICAL DATA (WS FORM: F-6) , PAGE 2
STATION: MOUNTAIN HOME AIRPORT
MONTH: SEPTEMBER
YEAR: 2021
LATITUDE: 36 22 N
LONGITUDE: 92 28 W
[TEMPERATURE DATA] [PRECIPITATION DATA] SYMBOLS USED IN COLUMN 16
AVERAGE MONTHLY: 73.9 TOTAL FOR MONTH: 1.41 1 = FOG OR MIST
DPTR FM NORMAL: 3.2 DPTR FM NORMAL: -1.25 2 = FOG REDUCING VISIBILITY
HIGHEST: 94 ON 4 GRTST 24HR 0.83 ON 21-21 TO 1/4 MILE OR LESS
LOWEST: 47 ON 23 3 = THUNDER
SNOW, ICE PELLETS, HAIL 4 = ICE PELLETS
TOTAL MONTH: 0.0 INCH 5 = HAIL
GRTST 24HR 0.0 6 = FREEZING RAIN OR DRIZZLE
GRTST DEPTH: 0 7 = DUSTSTORM OR SANDSTORM:
VSBY 1/2 MILE OR LESS
8 = SMOKE OR HAZE
[NO. OF DAYS WITH] [WEATHER - DAYS WITH] 9 = BLOWING SNOW
X = TORNADO
MAX 32 OR BELOW: 0 0.01 INCH OR MORE: 5
MAX 90 OR ABOVE: 7 0.10 INCH OR MORE: 3
MIN 32 OR BELOW: 0 0.50 INCH OR MORE: 1
MIN 0 OR BELOW: 0 1.00 INCH OR MORE: 0
[HDD (BASE 65) ]
TOTAL THIS MO. 6 CLEAR (SCALE 0-3) 22
DPTR FM NORMAL -20 PTCLDY (SCALE 4-7) 8
TOTAL FM JUL 1 6 CLOUDY (SCALE 8-10) 0
DPTR FM NORMAL -19
[CDD (BASE 65) ]
TOTAL THIS MO. 278
DPTR FM NORMAL 79 [PRESSURE DATA]
TOTAL FM JAN 1 1612 HIGHEST SLP 30.26 ON 22
DPTR FM NORMAL 69 LOWEST SLP 29.76 ON 1
[REMARKS]
#FINAL-09-21#