000
CXUS55 KDVN 011100
CF6BRL
PRELIMINARY LOCAL CLIMATOLOGICAL DATA (WS FORM: F-6)
STATION: BURLINGTON IA
MONTH: DECEMBER
YEAR: 2020
LATITUDE: 40 46 N
LONGITUDE: 91 7 W
TEMPERATURE IN F: :PCPN: SNOW: WIND :SUNSHINE: SKY :PK WND
================================================================================
1 2 3 4 5 6A 6B 7 8 9 10 11 12 13 14 15 16 17 18
12Z AVG MX 2MIN
DY MAX MIN AVG DEP HDD CDD WTR SNW DPTH SPD SPD DIR MIN PSBL S-S WX SPD DR
================================================================================
1 38 16 27 -7 38 0 0.00 M M 3.0 8 340 M M 0 12 290
2 44 17 31 -3 34 0 0.00 M M 0.6 6 200 M M 0 9 120
3 45 20 33 0 32 0 0.00 M M 5.8 13 240 M M 0 17 330
4 48 27 38 5 27 0 0.00 M M 6.5 13 300 M M 0 17 280
5 48 25 37 5 28 0 0.00 M M 2.3 7 140 M M 0 1 10 170
6 43 29 36 4 29 0 0.00 M M 5.1 9 330 M M 8 13 330
7 35 32 34 2 31 0 0.00 M M 2.8 9 310 M M 10 18 14 320
8 38 31 35 4 30 0 0.00 M M 6.7 14 210 M M 6 18 19 230
9 57 31 44 13 21 0 0.00 M M 4.3 10 300 M M 0 1 14 310
10 60 28 44 14 21 0 0.00 M M 3.7 10 170 M M 0 8 14 200
11 43 37 40 10 25 0 0.74 M M 11.8 23 40 M M 7 1 30 60
12 38 29 34 4 31 0 0.18 M M 9.8 22 40 M M 9 1 32 50
13 34 25 30 1 35 0 0.00 M M 6.3 15 320 M M 8 23 290
14 28 20 24 -5 41 0 0.00 M M 8.0 14 330 M M 1 19 310
15 29 20 25 -4 40 0 0.00 M M 8.2 13 50 M M 1 17 80
16 31 19 25 -3 40 0 0.00 M M 6.0 14 330 M M 7 1 18 320
17 31 18 25 -3 40 0 0.00 M M 3.5 10 150 M M 5 18 14 150
18 42 26 34 6 31 0 0.00 M M 10.4 17 180 M M 2 18 26 170
19 41 30 36 8 29 0 0.00 M M 7.0 15 310 M M 9 18 23 300
20 41 23 32 4 33 0 0.00 M M 7.0 14 240 M M 2 1 19 230
21 51 34 43 16 22 0 0.00 M M 15.0 31 300 M M 1 53 290
22 48 23 36 9 29 0 0.00 M M 9.5 25 190 M M 1 35 180
23 60 16 38 11 27 0 T M M 20.5 33 210 M M 7 1 51 210
24 16 5 11 -16 54 0 T M M 14.5 25 290 M M 4 8 39 290
25 24 3 14 -13 51 0 0.00 M M 10.1 15 310 M M 0 23 310
26 38 15 27 1 38 0 0.00 M M 4.1 10 120 M M 0 15 110
27 49 26 38 12 27 0 T M M 9.8 17 310 M M 4 1 30 300
28 28 15 22 -4 43 0 0.00 M M 6.8 17 310 M M 7 28 320
29 32 15 24 -2 41 0 0.79 M M 10.3 24 110 M M 7 126 32 110
30 33 23 28 2 37 0 0.11 M M 9.3 18 300 M M 8 16 29 300
31 28 21 25 -1 40 0 0.00 M M 4.9 13 60 M M 7 17 40
================================================================================
SM 1221 699 1045 0 1.82 M 233.6 M 121
================================================================================
AV 39.4 22.5 7.5 FASTST M M 4 MAX(MPH)
MISC ----> 33 210 53 290
================================================================================
NOTES:
# LAST OF SEVERAL OCCURRENCES
COLUMN 17 PEAK WIND IN M.P.H.
PRELIMINARY LOCAL CLIMATOLOGICAL DATA (WS FORM: F-6) , PAGE 2
STATION: BURLINGTON IA
MONTH: DECEMBER
YEAR: 2020
LATITUDE: 40 46 N
LONGITUDE: 91 7 W
[TEMPERATURE DATA] [PRECIPITATION DATA] SYMBOLS USED IN COLUMN 16
AVERAGE MONTHLY: 31.0 TOTAL FOR MONTH: 1.82 1 = FOG OR MIST
DPTR FM NORMAL: 1.9 DPTR FM NORMAL: -0.27 2 = FOG REDUCING VISIBILITY
HIGHEST: 60 ON 23,10 GRTST 24HR 0.92 ON 11-12 TO 1/4 MILE OR LESS
LOWEST: 3 ON 25 3 = THUNDER
SNOW, ICE PELLETS, HAIL 4 = ICE PELLETS
TOTAL MONTH: M 5 = HAIL
GRTST 24HR M ON M 6 = FREEZING RAIN OR DRIZZLE
GRTST DEPTH: M ON M 7 = DUSTSTORM OR SANDSTORM:
VSBY 1/2 MILE OR LESS
8 = SMOKE OR HAZE
[NO. OF DAYS WITH] [WEATHER - DAYS WITH] 9 = BLOWING SNOW
X = TORNADO
MAX 32 OR BELOW: 9 0.01 INCH OR MORE: 4
MAX 90 OR ABOVE: 0 0.10 INCH OR MORE: 4
MIN 32 OR BELOW: 29 0.50 INCH OR MORE: 2
MIN 0 OR BELOW: 0 1.00 INCH OR MORE: 0
[HDD (BASE 65) ]
TOTAL THIS MO. 1045 CLEAR (SCALE 0-3) 15
DPTR FM NORMAL -68 PTCLDY (SCALE 4-7) 12
TOTAL FM JUL 1 2132 CLOUDY (SCALE 8-10) 4
DPTR FM NORMAL -55
[CDD (BASE 65) ]
TOTAL THIS MO. 0
DPTR FM NORMAL 0 [PRESSURE DATA]
TOTAL FM JAN 1 1160 HIGHEST SLP 30.55 ON 29
DPTR FM NORMAL -47 LOWEST SLP 29.40 ON 23
[REMARKS]
#FINAL-12-20#