000
CXUS53 KDVN 011624
CLSBRL
CLIMATE REPORT
NATIONAL WEATHER SERVICE QUAD CITIES IA IL
1030 AM CST TUE MAR 01 2022
...................................
...THE BURLINGTON IA CLIMATE SUMMARY FOR THE SEASON, FROM
12/1/2021 TO 2/28/2022...
CLIMATE NORMAL PERIOD 1991 TO 2020
CLIMATE RECORD PERIOD 1897 TO 2022
WEATHER OBSERVED NORMAL DEPART LAST YEAR`S
VALUE DATE(S) VALUE FROM VALUE
NORMAL
..............................................................
TEMPERATURE (F)
RECORD
HIGH 76 02/24/1930
LOW -27 02/13/1905
HIGHEST 73 12/15 44 29
LOWEST -9 01/07 17 -26
AVG. MAXIMUM 37.4 35.6 1.8
AVG. MINIMUM 16.9 19.7 -2.8
MEAN 27.1 27.7 -0.6
DAYS MAX >= 90 0
DAYS MAX <= 32 32
DAYS MIN <= 32 82
DAYS MIN <= 0 10
PRECIPITATION (INCHES)
TOTALS 3.13 5.01 -1.88
DAILY AVG. 0.03 0.06 -0.03
DAYS >= .01 17
DAYS >= .10 9
DAYS >= .50 2
DAYS >= 1.00 0
GREATEST
24 HR. TOTAL 0.91 02/16 TO 02/17
DEGREE DAYS
HEATING TOTAL 3374 3361 13
SINCE 7/1 4331 4517 -186
COOLING TOTAL 0 0 0
SINCE 1/1 0 0 0
..............................................................
WIND (MPH)
AVERAGE WIND SPEED 10.0
HIGHEST WIND SPEED/DIRECTION 41/230 DATE 12/15
HIGHEST GUST SPEED/DIRECTION 61/230 DATE 12/15
SKY COVER
POSSIBLE SUNSHINE (PERCENT) MM
AVERAGE SKY COVER 0.34
NUMBER OF DAYS FAIR 49
NUMBER OF DAYS PC 28
NUMBER OF DAYS CLOUDY 13
AVERAGE RH (PERCENT) 71
WEATHER CONDITIONS. NUMBER OF DAYS WITH
THUNDERSTORM 2 HAIL 0
SLEET 0 FOG 33
FOG W/VIS <= 1/4 MILE 8 HAZE 34
- INDICATES NEGATIVE NUMBERS.
R INDICATES RECORD WAS SET OR TIED.
MM INDICATES DATA IS MISSING.
T INDICATES TRACE AMOUNT.
$$
NOTE: SUPPLEMENTAL CLIMATE DATA WAS USED FROM A NEARBY
CLIMATOLOGICALLY REPRESENTATIVE STATION.