000
CXUS54 KBRO 021948
CF6BRO
PRELIMINARY LOCAL CLIMATOLOGICAL DATA (WS FORM: F-6)
STATION: BROWNSVILLE
MONTH: JANUARY
YEAR: 2023
LATITUDE: 25 53 N
LONGITUDE: 97 26 W
TEMPERATURE IN F: :PCPN: SNOW: WIND :SUNSHINE: SKY :PK WND
================================================================================
1 2 3 4 5 6A 6B 7 8 9 10 11 12 13 14 15 16 17 18
12Z AVG MX 2MIN
DY MAX MIN AVG DEP HDD CDD WTR SNW DPTH SPD SPD DIR MIN PSBL S-S WX SPD DR
================================================================================
1 83 64 74 12 0 9 0.00 0.0 0 11.5 25 170 M M 6 12 33 180
2 82 71 77 15 0 12 0.00 0.0 0 20.3 37 160 M M 9 18 48 160
3 85 57 71 9 0 6 0.00 0.0 0 9.0 24 180 M M 4 18 34 170
4 78 53 66 4 0 1 0.00 0.0 0 6.5 18 30 M M 0 27 20
5 82 51 67 5 0 2 0.00 0.0 0 5.1 14 80 M M 0 1 19 150
6 81 58 70 8 0 5 0.00 0.0 0 11.6 24 150 M M 1 1 32 170
7 83 68 76 14 0 11 0.00 0.0 0 11.7 24 160 M M 3 33 170
8 74 62 68 6 0 3 0.00 0.0 0 8.2 15 220 M M 8 1 22 360
9 79 60 70 8 0 5 0.00 0.0 0 4.6 12 70 M M 5 1 15 80
10 83 55 69 7 0 4 0.00 0.0 0 7.1 18 170 M M 4 12 26 180
11 83 62 73 11 0 8 0.00 0.0 0 15.1 28 170 M M 1 1 36 180
12 79 56 68 6 0 3 T 0.0 0 11.5 25 360 M M 2 18 35 20
13 67 43 55 -7 10 0 0.00 0.0 0 7.9 17 10 M M 0 26 20
14 72 39 56 -6 9 0 0.00 0.0 0 5.5 16 140 M M 0 22 150
15 79 53 66 4 0 1 0.00 0.0 0 18.9 36 160 M M 1 49 160
16 83 62 73 10 0 8 0.00 0.0 0 16.6 31 190 M M 1 18 46 190
17 83 60 72 9 0 7 0.00 0.0 0 9.6 22 150 M M 8 12 29 140
18 85 69 77 14 0 12 0.00 0.0 0 12.0 25 150 M M 7 12 36 150
19 74 65 70 7 0 5 T 0.0 0 9.9 21 30 M M 10 12 31 20
20 74 65 70 7 0 5 0.11 0.0 0 6.1 12 360 M M 10 1 16 360
21 75 60 68 5 0 3 0.00 0.0 0 6.3 14 30 M M 9 18 19 30
22 71 50 61 -2 4 0 0.00 0.0 0 9.2 17 50 M M 3 26 340
23 72 51 62 -1 3 0 0.00 0.0 0 11.7 22 90 M M 7 29 90
24 83 62 73 10 0 8 0.05 0.0 0 19.8 43 180 M M 8 58 180
25 68 46 57 -7 8 0 0.00 0.0 0 8.5 17 330 M M 4 29 350
26 65 44 55 -9 10 0 0.00 0.0 0 7.5 17 40 M M 5 23 20
27 64 56 60 -4 5 0 0.02 0.0 0 5.3 13 120 M M 10 1 16 130
28 73 60 67 3 0 2 0.07 0.0 0 8.5 24 160 M M 10 1 34 180
29 81 67 74 10 0 9 0.02 0.0 0 15.0 29 190 M M 5 1 36 180
30 82 54 68 4 0 3 0.00 0.0 0 12.8 22 130 M M 6 1 30 130
31 54 39 47 -17 18 0 T 0.0 0 11.4 17 320 M M 10 1 28 330
================================================================================
SM 2377 1762 67 132 0.27 0.0 324.7 M 157
================================================================================
AV 76.7 56.8 10.5 FASTST M M 5 MAX(MPH)
MISC ----> 43 180 58 180
================================================================================
NOTES:
# LAST OF SEVERAL OCCURRENCES
COLUMN 17 PEAK WIND IN M.P.H.
PRELIMINARY LOCAL CLIMATOLOGICAL DATA (WS FORM: F-6) , PAGE 2
STATION: BROWNSVILLE
MONTH: JANUARY
YEAR: 2023
LATITUDE: 25 53 N
LONGITUDE: 97 26 W
[TEMPERATURE DATA] [PRECIPITATION DATA] SYMBOLS USED IN COLUMN 16
AVERAGE MONTHLY: 66.8 TOTAL FOR MONTH: 0.27 1 = FOG OR MIST
DPTR FM NORMAL: 4.0 DPTR FM NORMAL: -0.81 2 = FOG REDUCING VISIBILITY
HIGHEST: 85 ON 18, 3 GRTST 24HR 0.11 ON 20-20 TO 1/4 MILE OR LESS
LOWEST: 39 ON 31,14 3 = THUNDER
SNOW, ICE PELLETS, HAIL 4 = ICE PELLETS
TOTAL MONTH: 0.0 INCH 5 = HAIL
GRTST 24HR 0.0 6 = FREEZING RAIN OR DRIZZLE
GRTST DEPTH: 0 7 = DUSTSTORM OR SANDSTORM:
VSBY 1/2 MILE OR LESS
8 = SMOKE OR HAZE
[NO. OF DAYS WITH] [WEATHER - DAYS WITH] 9 = BLOWING SNOW
X = TORNADO
MAX 32 OR BELOW: 0 0.01 INCH OR MORE: 5
MAX 90 OR ABOVE: 0 0.10 INCH OR MORE: 1
MIN 32 OR BELOW: 0 0.50 INCH OR MORE: 0
MIN 0 OR BELOW: 0 1.00 INCH OR MORE: 0
[HDD (BASE 65) ]
TOTAL THIS MO. 67 CLEAR (SCALE 0-3) 10
DPTR FM NORMAL -75 PTCLDY (SCALE 4-7) 14
TOTAL FM JUL 1 331 CLOUDY (SCALE 8-10) 7
DPTR FM NORMAL 18
[CDD (BASE 65) ]
TOTAL THIS MO. 132
DPTR FM NORMAL 56 [PRESSURE DATA]
TOTAL FM JAN 1 132 HIGHEST SLP 30.44 ON 13
DPTR FM NORMAL 56 LOWEST SLP 29.62 ON 18
[REMARKS]
#FINAL-01-23#