000
CXAK56 PAFG 010948
CF6BRW
PRELIMINARY LOCAL CLIMATOLOGICAL DATA (WS FORM: F-6)
STATION: UTQIAGVIK (BARROW) AK
MONTH: MARCH
YEAR: 2021
LATITUDE: 71 17 N
LONGITUDE: 156 47 W
TEMPERATURE IN F: :PCPN: SNOW: WIND :SUNSHINE: SKY :PK WND
================================================================================
1 2 3 4 5 6A 6B 7 8 9 10 11 12 13 14 15 16 17 18
12Z AVG MX 2MIN
DY MAX MIN AVG DEP HDD CDD WTR SNW DPTH SPD SPD DIR MIN PSBL S-S WX SPD DR
================================================================================
1 -17 -24 -20 -6 85 0 0.00 M M 9.6 15 30 M M 6 8 19 30
2 -13 -22 -17 -3 82 0 0.06 M M 13.1 20 30 M M 7 189 23 30
3 -10 -24 -17 -3 82 0 0.01 M M 8.4 15 30 M M 5 8 17 30
4 -17 -27 -22 -8 87 0 0.01 M M 15.7 30 90 M M 5 89 35 90
5 -7 -17 -12 2 77 0 T M M 17.1 26 90 M M 4 8 32 90
6 -5 -14 -9 5 74 0 0.00 M M 10.4 16 120 M M 0 19 110
7 -4 -18 -11 3 76 0 T M M 17.4 29 120 M M 7 89 37 120
8 31 -4 14 28 51 0 0.02 M M 23.4 32 120 M M 5 89 38 130
9 26 -8 9 23 56 0 0.02 M M 12.1 29 270 M M 6 89 33 270
10 10 -11 0 14 65 0 0.06 M M 15.5 23 310 M M 5 189 28 310
11 -8 -23 -15 -1 80 0 0.00 M M 9.4 17 270 M M 0 19 280
12 -18 -33 -25 -11 90 0 0.00 M M 12.6 18 140 M M 1 8 21 130
13 -2 -19 -10 4 75 0 0.00 M M 15.3 21 130 M M 0 23 130
14 -2 -12 -7 7 72 0 0.00 M M 15.5 20 110 M M 1 89 25 100
15 1 -8 -3 11 68 0 T M M 15.9 28 90 M M 7 89 33 90
16 1 -9 -4 9 69 0 T M M 15.7 25 100 M M 7 89 31 110
17 -1 -12 -6 7 71 0 0.00 M M 11.3 16 60 M M 4 8 21 100
18 3 -13 -5 8 70 0 T M M 7.9 16 10 M M 7 18 20 340
19 -2 -18 -10 3 75 0 0.00 M M 4.8 8 200 M M 8 8 9 150
20 -3 -21 -12 0 77 0 0.00 M M 7.1 13 70 M M 0 18 14 70
21 -7 -17 -12 0 77 0 0.00 M M 13.4 18 90 M M 0 8 23 90
22 -6 -20 -13 -1 78 0 0.00 M M 8.1 18 120 M M 3 8 21 110
23 2 -15 -6 6 71 0 T M M 11.1 18 260 M M 4 18 21 260
24 1 -14 -6 5 71 0 0.00 M M 8.4 13 80 M M 5 8 15 10
25 2 -10 -4 7 69 0 0.01 M M 10.3 16 20 M M 4 18 20 20
26 -9 -21 -15 -5 80 0 0.00 M M 1.5 6 30 M M 0 128 6 20
27 -10 -24 -17 -7 82 0 0.00 M M 4.4 9 200 M M 0 18 10 200
28 -11 -30 -20 -10 85 0 0.00 M M 12.9 22 80 M M 2 18 25 80
29 0 -12 -6 3 71 0 0.00 M M 24.6 31 70 M M 1 189 37 70
30 -3 -9 -6 3 71 0 0.00 M M 26.5 32 60 M M 2 189 38 60
31 -4 -10 -7 1 72 0 0.00 M M 19.9 25 60 M M 0 30 60
================================================================================
SM -82 -519 2309 0 0.19 M 399.3 M 106
================================================================================
AV -2.6-16.7 12.9 FASTST M M 3 MAX(MPH)
MISC ----> # 32 120 # 38 130
================================================================================
NOTES:
# LAST OF SEVERAL OCCURRENCES
COLUMN 17 PEAK WIND IN M.P.H.
PRELIMINARY LOCAL CLIMATOLOGICAL DATA (WS FORM: F-6) , PAGE 2
STATION: UTQIAGVIK (BARROW) AK
MONTH: MARCH
YEAR: 2021
LATITUDE: 71 17 N
LONGITUDE: 156 47 W
[TEMPERATURE DATA] [PRECIPITATION DATA] SYMBOLS USED IN COLUMN 16
AVERAGE MONTHLY: -9.7 TOTAL FOR MONTH: 0.19 1 = FOG OR MIST
DPTR FM NORMAL: 3.0 DPTR FM NORMAL: 0.10 2 = FOG REDUCING VISIBILITY
HIGHEST: 31 ON 8 GRTST 24HR 0.08 ON 9-10 TO 1/4 MILE OR LESS
LOWEST: -33 ON 12 3 = THUNDER
SNOW, ICE PELLETS, HAIL 4 = ICE PELLETS
TOTAL MONTH: M 5 = HAIL
GRTST 24HR M ON M 6 = FREEZING RAIN OR DRIZZLE
GRTST DEPTH: M ON M 7 = DUSTSTORM OR SANDSTORM:
VSBY 1/2 MILE OR LESS
8 = SMOKE OR HAZE
[NO. OF DAYS WITH] [WEATHER - DAYS WITH] 9 = BLOWING SNOW
X = TORNADO
MAX 32 OR BELOW: 31 0.01 INCH OR MORE: 7
MAX 90 OR ABOVE: 0 0.10 INCH OR MORE: 0
MIN 32 OR BELOW: 31 0.50 INCH OR MORE: 0
MIN 0 OR BELOW: 31 1.00 INCH OR MORE: 0
[HDD (BASE 65) ]
TOTAL THIS MO. 2309 CLEAR (SCALE 0-3) 14
DPTR FM NORMAL -98 PTCLDY (SCALE 4-7) 17
TOTAL FM JUL 1 14128 CLOUDY (SCALE 8-10) 0
DPTR FM NORMAL -1133
[CDD (BASE 65) ]
TOTAL THIS MO. 0
DPTR FM NORMAL 0 [PRESSURE DATA]
TOTAL FM JAN 1 0 HIGHEST SLP M ON M
DPTR FM NORMAL 0 LOWEST SLP 29.42 ON 5
[REMARKS]
#FINAL-03-21#