000
CXAK59 PAFG 010953
CLMBRW
CLIMATE REPORT
NATIONAL WEATHER SERVICE FAIRBANKS AK
153 AM AKDT TUE AUG 01 2023
...................................
...THE UTQIAGVIK (BARROW) AK CLIMATE SUMMARY FOR THE MONTH OF JULY 2023...
CLIMATE NORMAL PERIOD 1991 TO 2020
CLIMATE RECORD PERIOD 1920 TO 2023
WEATHER OBSERVED NORMAL DEPART LAST YEAR`S
VALUE DATE(S) VALUE FROM VALUE DATE(S)
NORMAL
................................................................
TEMPERATURE (F)
RECORD
HIGH 79 07/13/1993
LOW 22 07/05/1936
HIGHEST 74 07/19 MM MM 63 07/10
LOWEST 33 07/16 MM MM 31 07/29
07/30
07/31
AVG. MAXIMUM 55.5 48.8 6.7 45.5
AVG. MINIMUM 41.3 35.6 5.7 35.5
MEAN 48.4 42.2 6.2 40.5
DAYS MAX >= 90 0 0.0 0.0 0
DAYS MAX <= 32 0 0.0 0.0 0
DAYS MIN <= 32 0 8.5 -8.5 4
DAYS MIN <= 0 0 0.0 0.0 0
PRECIPITATION (INCHES)
RECORD
MAXIMUM 3.20 1989
MINIMUM T
TOTALS 0.98 0.98 0.00 1.64
DAILY AVG. 0.03 0.03 -0.00 0.05
DAYS >= .01 7 9.7 -2.7 10
DAYS >= .10 3 3.3 -0.3 1
DAYS >= .50 0 0.1 -0.1 1
DAYS >= 1.00 0 0.0 0.0 1
GREATEST
24 HR. TOTAL 0.60 07/04 TO 07/05 1.42
DEGREE DAYS
HEATING TOTAL 505 707 -202 749
SINCE 7/1 505 704 -199 MM
COOLING TOTAL 0 0 0 0
SINCE 1/1 0 0 0 MM
................................................................
WIND (MPH)
AVERAGE WIND SPEED 9.9
HIGHEST WIND SPEED/DIRECTION 22/250 DATE 07/01
HIGHEST GUST SPEED/DIRECTION 27/240 DATE 07/01
SKY COVER
AVERAGE SKY COVER 0.72
NUMBER OF DAYS FAIR 5
WEATHER CONDITIONS. NUMBER OF DAYS WITH
THUNDERSTORM 0 MIXED PRECIP 0
HEAVY RAIN 0 RAIN 1
LIGHT RAIN 10 FREEZING RAIN 0
LT FREEZING RAIN 0 HAIL 0
HEAVY SNOW 0 SNOW 0
LIGHT SNOW 0 SLEET 0
FOG 27 FOG W/VIS <= 1/4 MILE 19
HAZE 11
- INDICATES NEGATIVE NUMBERS.
R INDICATES RECORD WAS SET OR TIED.
MM INDICATES DATA IS MISSING.
T INDICATES TRACE AMOUNT.
$$