000
CXUS53 KGRR 010910
CF6BTL
PRELIMINARY LOCAL CLIMATOLOGICAL DATA (WS FORM: F-6)
STATION: BATTLE CREEK
MONTH: AUGUST
YEAR: 2022
LATITUDE: 42 17 N
LONGITUDE: 85 14 W
TEMPERATURE IN F: :PCPN: SNOW: WIND :SUNSHINE: SKY :PK WND
================================================================================
1 2 3 4 5 6A 6B 7 8 9 10 11 12 13 14 15 16 17 18
12Z AVG MX 2MIN
DY MAX MIN AVG DEP HDD CDD WTR SNW DPTH SPD SPD DIR MIN PSBL S-S WX SPD DR
================================================================================
1 84 68 76 4 0 11 T M M 11.4 21 280 M M 7 1 32 280
2 86 65 76 4 0 11 0.00 M M 5.3 13 170 M M 2 17 270
3 94 70 82 10 0 17 0.34 M M 12.7 43 290 M M 2 13 60 310
4 85 72 79 7 0 14 0.01 M M 5.6 12 180 M M 7 3 16 230
5 87 70 79 7 0 14 0.00 M M 4.2 10 160 M M 6 128 14 80
6 90 72 81 9 0 16 0.00 M M 7.6 15 180 M M 2 1 21 200
7 88 73 81 9 0 16 0.45 M M 7.9 28 270 M M 5 13 37 250
8 86 67 77 5 0 12 0.59 M M 10.6 22 270 M M 9 1 29 290
9 79 61 70 -2 0 5 0.00 M M 4.8 14 10 M M 7 19 10
10 82 57 70 -2 0 5 0.00 M M 3.3 13 300 M M 1 19 320
11 81 59 70 -2 0 5 0.00 M M 7.6 16 20 M M 4 25 360
12 79 53 66 -6 0 1 0.00 M M 2.3 10 10 M M 0 15 20
13 62 56 59 -12 6 0 1.61 M M 4.9 18 200 M M 8 13 22 200
14 70 57 64 -7 1 0 0.57 M M 6.8 12 120 M M 10 1 17 120
15 80 59 70 -1 0 5 0.00 M M 7.0 16 50 M M 4 1 22 40
16 82 57 70 -1 0 5 T M M 6.7 18 80 M M 1 28 70
17 82 57 70 -1 0 5 0.00 M M 4.7 14 30 M M 1 19 40
18 81 57 69 -2 0 4 0.00 M M 4.0 15 250 M M 0 18 240
19 83 60 72 1 0 7 0.00 M M 7.2 15 160 M M 1 23 200
20 81 66 74 3 0 9 0.47 M M 6.4 17 170 M M 5 13 22 170
21 81 63 72 2 0 7 0.21 M M 4.5 13 310 M M 6 13 19 320
22 81 61 71 1 0 6 0.00 M M 6.4 17 310 M M 5 12 23 290
23 80 57 69 -1 0 4 0.00 M M 4.0 13 360 M M 1 18 10
24 84 60 72 2 0 7 0.00 M M 2.3 9 190 M M 0 1 11 190
25 80 63 72 2 0 7 0.01 M M 5.3 15 220 M M 5 22 220
26 77 60 69 -1 0 4 T M M 6.6 14 360 M M 6 18 350
27 80 56 68 -1 0 3 0.00 M M 4.8 13 150 M M 2 1 21 200
28 87 62 75 6 0 10 0.00 M M 9.9 18 180 M M 2 28 160
29 88 68 78 9 0 13 0.76 M M 11.3 39 270 M M 6 138 57 280
30 79 61 70 1 0 5 T M M 12.9 23 240 M M 5 33 250
31 81 59 70 2 0 5 0.00 M M 9.6 21 290 M M 0 28 260
================================================================================
SM 2540 1926 7 233 5.02 M 208.6 M 120
================================================================================
AV 81.9 62.1 6.7 FASTST M M 4 MAX(MPH)
MISC ----> 43 290 60 310
================================================================================
NOTES:
# LAST OF SEVERAL OCCURRENCES
COLUMN 17 PEAK WIND IN M.P.H.
PRELIMINARY LOCAL CLIMATOLOGICAL DATA (WS FORM: F-6) , PAGE 2
STATION: BATTLE CREEK
MONTH: AUGUST
YEAR: 2022
LATITUDE: 42 17 N
LONGITUDE: 85 14 W
[TEMPERATURE DATA] [PRECIPITATION DATA] SYMBOLS USED IN COLUMN 16
AVERAGE MONTHLY: 72.0 TOTAL FOR MONTH: 5.02 1 = FOG OR MIST
DPTR FM NORMAL: 1.2 DPTR FM NORMAL: 1.66 2 = FOG REDUCING VISIBILITY
HIGHEST: 94 ON 3 GRTST 24HR 2.18 ON 13-14 TO 1/4 MILE OR LESS
LOWEST: 53 ON 12 3 = THUNDER
SNOW, ICE PELLETS, HAIL 4 = ICE PELLETS
TOTAL MONTH: M 5 = HAIL
GRTST 24HR M ON M 6 = FREEZING RAIN OR DRIZZLE
GRTST DEPTH: M ON M 7 = DUSTSTORM OR SANDSTORM:
VSBY 1/2 MILE OR LESS
8 = SMOKE OR HAZE
[NO. OF DAYS WITH] [WEATHER - DAYS WITH] 9 = BLOWING SNOW
X = TORNADO
MAX 32 OR BELOW: 0 0.01 INCH OR MORE: 10
MAX 90 OR ABOVE: 2 0.10 INCH OR MORE: 8
MIN 32 OR BELOW: 0 0.50 INCH OR MORE: 4
MIN 0 OR BELOW: 0 1.00 INCH OR MORE: 1
[HDD (BASE 65) ]
TOTAL THIS MO. 7 CLEAR (SCALE 0-3) 14
DPTR FM NORMAL -5 PTCLDY (SCALE 4-7) 15
TOTAL FM JUL 1 7 CLOUDY (SCALE 8-10) 2
DPTR FM NORMAL -5
[CDD (BASE 65) ]
TOTAL THIS MO. 233
DPTR FM NORMAL 40 [PRESSURE DATA]
TOTAL FM JAN 1 765 HIGHEST SLP 30.28 ON 12
DPTR FM NORMAL 130 LOWEST SLP 29.74 ON 3
[REMARKS]
#FINAL-08-22#