000
CXUS53 KGRR 010843
CLMBTL
CLIMATE REPORT
NATIONAL WEATHER SERVICE GRAND RAPIDS, MICHIGAN
343 AM EST THU FEB 01 2024
...................................
...THE BATTLE CREEK CLIMATE SUMMARY FOR THE MONTH OF JANUARY 2024...
CLIMATE NORMAL PERIOD: 1991 TO 2020
CLIMATE RECORD PERIOD: 1895 TO 2024
WEATHER OBSERVED NORMAL DEPART LAST YEAR`S
VALUE DATE(S) VALUE FROM VALUE DATE(S)
NORMAL
................................................................
TEMPERATURE (F)
RECORD
HIGH 68 01/20/1906
LOW -20 01/19/1994
HIGHEST 41 01/25 MM MM 57 01/03
01/27
01/04
LOWEST -8 01/15 MM MM 4 01/31
AVG. MAXIMUM 31.3 31.3 0.0 37.6
AVG. MINIMUM 22.9 17.3 5.6 27.9
MEAN 27.1 24.3 2.8 32.7
DAYS MAX >= 90 0 0.0 0.0 0
DAYS MAX <= 32 9 17.5 -8.5 7
DAYS MIN <= 32 23 27.9 -4.9 22
DAYS MIN <= 0 3 2.9 0.1 0
PRECIPITATION (INCHES)
RECORD
MAXIMUM 5.15 1916
MINIMUM 0.16 2003
TOTALS 3.26 1.58 1.68 2.00
DAILY AVG. 0.11 0.05 0.06 0.06
DAYS >= .01 16 9.5 6.5 17
DAYS >= .10 7 3.5 3.5 6
DAYS >= .50 3 0.8 2.2 1
DAYS >= 1.00 0 0.2 -0.2 0
GREATEST
24 HR. TOTAL 1.03 01/25 TO 01/26
DEGREE DAYS
HEATING TOTAL 1170 1262 -92 969
SINCE 7/1 3115 3668 -553 MM
COOLING TOTAL 0 0 0 0
SINCE 1/1 0 0 0 MM
................................................................
WIND (MPH)
AVERAGE WIND SPEED 9.5
RESULTANT WIND SPEED/DIRECTION 4/230
HIGHEST WIND SPEED/DIRECTION 36/210 DATE 01/13
HIGHEST GUST SPEED/DIRECTION 46/210 DATE 01/13
SKY COVER
POSSIBLE SUNSHINE (PERCENT) MM
AVERAGE SKY COVER 0.89
NUMBER OF DAYS FAIR 0
NUMBER OF DAYS PC 5
NUMBER OF DAYS CLOUDY 26
AVERAGE RH (PERCENT) 83
WEATHER CONDITIONS. NUMBER OF DAYS WITH
THUNDERSTORM 0 MIXED PRECIP 0
HEAVY RAIN 0 RAIN 3
LIGHT RAIN 9 FREEZING RAIN 1
LT FREEZING RAIN 3 HAIL 0
HEAVY SNOW 2 SNOW 2
LIGHT SNOW 18 SLEET 0
FOG 23 FOG W/VIS <= 1/4 MILE 8
HAZE 11
- INDICATES NEGATIVE NUMBERS.
R INDICATES RECORD WAS SET OR TIED.
MM INDICATES DATA IS MISSING.
T INDICATES TRACE AMOUNT.
$$