000
CXUS54 KTSA 011104
CF6BVO
PRELIMINARY LOCAL CLIMATOLOGICAL DATA (WS FORM: F-6)
STATION: BARTLESVILLE OKLAHOMA
MONTH: JULY
YEAR: 2023
LATITUDE: 36 45 N
LONGITUDE: 96 0 W
TEMPERATURE IN F: :PCPN: SNOW: WIND :SUNSHINE: SKY :PK WND
================================================================================
1 2 3 4 5 6A 6B 7 8 9 10 11 12 13 14 15 16 17 18
12Z AVG MX 2MIN
DY MAX MIN AVG DEP HDD CDD WTR SNW DPTH SPD SPD DIR MIN PSBL S-S WX SPD DR
================================================================================
1 91 70 81 2 0 16 0.78 0.0 M 5.6 16 210 M M 2 13 24 250
2 91 66 79 -1 0 14 0.00 0.0 M 2.3 10 10 M M 1 16 240
3 91 63 77 -3 0 12 0.04 0.0 M 2.4 16 220 M M 1 13 26 220
4 93 62 78 -2 0 13 0.00 0.0 M 5.3 14 170 M M 0 1 20 170
5 81 68 75 -5 0 10 0.69 0.0 M 2.5 31 10 M M 2 13 42 10
6 83 68 76 -4 0 11 0.62 0.0 M 3.1 14 20 M M 6 13 19 20
7 82 67 75 -5 0 10 0.03 0.0 M 3.0 15 190 M M 3 13 23 200
8 85 68 77 -3 0 12 0.00 0.0 M 5.8 17 20 M M 3 22 20
9 86 64 75 -5 0 10 0.01 0.0 M 4.8 14 30 M M 2 19 360
10 90 57 74 -6 0 9 0.00 0.0 M 2.5 10 170 M M 0 16 220
11 89 69 79 -1 0 14 0.00 0.0 M 4.7 14 160 M M 1 20 170
12 97 66 82 1 0 17 0.00 0.0 M 7.1 17 200 M M 1 1 29 190
13 95 73 84 3 0 19 T 0.0 M 5.1 20 60 M M 2 3 27 40
14 92 68 80 -1 0 15 3.57 0.0 M 7.2 31 20 M M 4 13 42 10
15 91 68 80 -1 0 15 0.00 0.0 M 1.9 13 20 M M 1 1 16 30
16 92 67 80 -1 0 15 0.00 0.0 M 4.8 14 170 M M 0 1 22 160
17 88 68 78 -3 0 13 0.65 0.0 M 4.5 22 60 M M 1 13 40 350
18 101 71 86 5 0 21 0.00 0.0 M 5.7 14 210 M M 1 12 22 220
19 97 72 85 4 0 20 0.00 0.0 M 3.8 13 220 M M 0 20 260
20 92 74 83 2 0 18 0.02 0.0 M 3.2 10 20 M M 2 3 23 40
21 83 66 75 -6 0 10 1.09 0.0 M 5.1 18 260 M M 5 13 37 250
22 89 62 76 -5 0 11 0.00 0.0 M 1.6 7 210 M M 1 1 11 360
23 92 68 80 -1 0 15 0.00 0.0 M 5.4 12 220 M M 1 18 250
24 94 72 83 2 0 18 0.00 0.0 M 7.4 16 160 M M 0 21 140
25 99 70 85 4 0 20 0.00 0.0 M 8.0 15 200 M M 0 23 200
26 98 76 87 6 0 22 0.00 0.0 M 9.2 20 210 M M 0 30 200
27 99 74 87 6 0 22 0.00 0.0 M 7.8 17 200 M M 0 26 190
28 98 80 89 8 0 24 0.00 0.0 M 9.0 15 200 M M 0 24 210
29 100 76 88 7 0 23 0.00 0.0 M 4.3 12 210 M M 0 16 190
30 99 70 85 4 0 20 0.00 0.0 M 2.0 12 40 M M 0 18 40
31 98 70 84 3 0 19 0.00 0.0 M 6.2 16 160 M M 0 22 150
================================================================================
SM 2856 2133 0 488 7.50 0.0 151.3 M 40
================================================================================
AV 92.1 68.8 4.9 FASTST M M 1 MAX(MPH)
MISC ----> # 31 10 # 42 10
================================================================================
NOTES:
# LAST OF SEVERAL OCCURRENCES
COLUMN 17 PEAK WIND IN M.P.H.
PRELIMINARY LOCAL CLIMATOLOGICAL DATA (WS FORM: F-6) , PAGE 2
STATION: BARTLESVILLE OKLAHOMA
MONTH: JULY
YEAR: 2023
LATITUDE: 36 45 N
LONGITUDE: 96 0 W
[TEMPERATURE DATA] [PRECIPITATION DATA] SYMBOLS USED IN COLUMN 16
AVERAGE MONTHLY: 80.5 TOTAL FOR MONTH: 7.50 1 = FOG OR MIST
DPTR FM NORMAL: -0.1 DPTR FM NORMAL: 3.85 2 = FOG REDUCING VISIBILITY
HIGHEST: 101 ON 18 GRTST 24HR 3.57 ON 14-14 TO 1/4 MILE OR LESS
LOWEST: 57 ON 10 3 = THUNDER
SNOW, ICE PELLETS, HAIL 4 = ICE PELLETS
TOTAL MONTH: 0.0 INCH 5 = HAIL
GRTST 24HR 0.0 6 = FREEZING RAIN OR DRIZZLE
GRTST DEPTH: M ON M 7 = DUSTSTORM OR SANDSTORM:
VSBY 1/2 MILE OR LESS
8 = SMOKE OR HAZE
[NO. OF DAYS WITH] [WEATHER - DAYS WITH] 9 = BLOWING SNOW
X = TORNADO
MAX 32 OR BELOW: 0 0.01 INCH OR MORE: 10
MAX 90 OR ABOVE: 22 0.10 INCH OR MORE: 6
MIN 32 OR BELOW: 0 0.50 INCH OR MORE: 6
MIN 0 OR BELOW: 0 1.00 INCH OR MORE: 2
[HDD (BASE 65) ]
TOTAL THIS MO. 0 CLEAR (SCALE 0-3) 27
DPTR FM NORMAL 0 PTCLDY (SCALE 4-7) 4
TOTAL FM JUL 1 0 CLOUDY (SCALE 8-10) 0
DPTR FM NORMAL 0
[CDD (BASE 65) ]
TOTAL THIS MO. 488
DPTR FM NORMAL 4 [PRESSURE DATA]
TOTAL FM JAN 1 1009 HIGHEST SLP 30.09 ON 30
DPTR FM NORMAL 19 LOWEST SLP 29.93 ON 31
[REMARKS]
#FINAL-07-23#