000
CXUS55 KPIH 011908
CF6BYI
PRELIMINARY LOCAL CLIMATOLOGICAL DATA (WS FORM: F-6)
STATION: BURLEY
MONTH: APRIL
YEAR: 2023
LATITUDE: 42 32 N
LONGITUDE: 113 46 W
TEMPERATURE IN F: :PCPN: SNOW: WIND :SUNSHINE: SKY :PK WND
================================================================================
1 2 3 4 5 6A 6B 7 8 9 10 11 12 13 14 15 16 17 18
12Z AVG MX 2MIN
DY MAX MIN AVG DEP HDD CDD WTR SNW DPTH SPD SPD DIR MIN PSBL S-S WX SPD DR
================================================================================
1 50 32 41 -3 24 0 0.03 M M 13.3 29 250 M M 7 1 51 260
2 38 31 35 -10 30 0 T M M 8.4 18 250 M M 10 12 26 240
3 36 29 33 -12 32 0 0.02 M M 14.2 26 260 M M 10 1 39 290
4 40 26 33 -12 32 0 T M M 16.1 25 260 M M 10 18 39 280
5 43 28 36 -9 29 0 T M M 12.4 22 220 M M 7 33 280
6 50 23 37 -8 28 0 0.00 M M 8.1 17 80 M M 0 23 200
7 56 27 42 -3 23 0 T M M 8.9 23 250 M M 4 32 250
8 60 30 45 -1 20 0 0.00 M M 3.8 15 250 M M 3 21 270
9 68 30 49 3 16 0 0.00 M M 3.2 14 250 M M 0 22 230
10 76 36 56 10 9 0 0.00 M M 10.2 24 210 M M 0 33 220
11 74 45 60 14 5 0 0.00 M M 13.8 25 260 M M 0 36 240
12 61 31 46 0 19 0 T M M 10.5 26 270 M M 1 39 250
13 48 25 37 -9 28 0 T M M 15.6 28 270 M M 5 47 240
14 51 24 38 -8 27 0 0.00 M M 7.4 18 270 M M 2 31 250
15 60 22 41 -6 24 0 0.00 M M 4.2 13 40 M M 0 19 30
16 73 33 53 6 12 0 0.00 M M 12.4 25 220 M M 1 37 190
17 62 40 51 4 14 0 0.00 M M 7.4 21 260 M M 3 29 310
18 48 28 38 -9 27 0 T M M 14.2 30 250 M M 7 128 58 250
19 49 23 36 -12 29 0 0.00 M M 12.2 21 260 M M 1 36 290
20 49 28 39 -9 26 0 0.00 M M 11.1 23 260 M M 3 36 250
21 49 33 41 -7 24 0 T M M 13.4 31 270 M M 7 1 58 290
22 53 28 41 -7 24 0 0.00 M M 7.4 16 280 M M 5 24 280
23 65 26 46 -3 19 0 T M M 4.9 21 210 M M 3 27 220
24 59 37 48 -1 17 0 T M M 14.5 28 280 M M 5 47 300
25 59 37 48 -1 17 0 T M M 11.8 23 260 M M 4 43 250
26 67 35 51 1 14 0 0.00 M M 8.3 15 290 M M 0 25 290
27 68 40 54 4 11 0 0.00 M M 14.5 26 290 M M 0 41 290
28 73 37 55 5 10 0 0.00 M M 7.4 17 60 M M 0 23 50
29 82 34 58 8 7 0 0.00 M M 3.4 14 270 M M 0 19 300
30 86 41 64 13 1 0 0.00 M M 4.6 14 60 M M 0 18 50
================================================================================
SM 1753 939 598 0 0.05 M 297.6 M 98
================================================================================
AV 58.4 31.3 9.9 FASTST M M 3 MAX(MPH)
MISC ----> 31 270 # 58 250
================================================================================
NOTES:
# LAST OF SEVERAL OCCURRENCES
COLUMN 17 PEAK WIND IN M.P.H.
PRELIMINARY LOCAL CLIMATOLOGICAL DATA (WS FORM: F-6) , PAGE 2
STATION: BURLEY
MONTH: APRIL
YEAR: 2023
LATITUDE: 42 32 N
LONGITUDE: 113 46 W
[TEMPERATURE DATA] [PRECIPITATION DATA] SYMBOLS USED IN COLUMN 16
AVERAGE MONTHLY: 44.9 TOTAL FOR MONTH: 0.05 1 = FOG OR MIST
DPTR FM NORMAL: -2.2 DPTR FM NORMAL: -1.04 2 = FOG REDUCING VISIBILITY
HIGHEST: 86 ON 30 GRTST 24HR 0.03 ON 1- 1 TO 1/4 MILE OR LESS
LOWEST: 22 ON 15 3 = THUNDER
SNOW, ICE PELLETS, HAIL 4 = ICE PELLETS
TOTAL MONTH: M 5 = HAIL
GRTST 24HR M ON M 6 = FREEZING RAIN OR DRIZZLE
GRTST DEPTH: M ON M 7 = DUSTSTORM OR SANDSTORM:
VSBY 1/2 MILE OR LESS
8 = SMOKE OR HAZE
[NO. OF DAYS WITH] [WEATHER - DAYS WITH] 9 = BLOWING SNOW
X = TORNADO
MAX 32 OR BELOW: 0 0.01 INCH OR MORE: 2
MAX 90 OR ABOVE: 0 0.10 INCH OR MORE: 0
MIN 32 OR BELOW: 18 0.50 INCH OR MORE: 0
MIN 0 OR BELOW: 0 1.00 INCH OR MORE: 0
[HDD (BASE 65) ]
TOTAL THIS MO. 598 CLEAR (SCALE 0-3) 17
DPTR FM NORMAL 62 PTCLDY (SCALE 4-7) 10
TOTAL FM JUL 1 6451 CLOUDY (SCALE 8-10) 3
DPTR FM NORMAL 569
[CDD (BASE 65) ]
TOTAL THIS MO. 0
DPTR FM NORMAL 0 [PRESSURE DATA]
TOTAL FM JAN 1 0 HIGHEST SLP 30.32 ON 20
DPTR FM NORMAL 0 LOWEST SLP 29.56 ON 18
[REMARKS]
#FINAL-04-23#