000
CXUS55 KGJT 010910
CF6CAG
PRELIMINARY LOCAL CLIMATOLOGICAL DATA (WS FORM: F-6)
STATION: CRAIG CO
MONTH: AUGUST
YEAR: 2022
LATITUDE: 40 30 N
LONGITUDE: 107 32 W
TEMPERATURE IN F: :PCPN: SNOW: WIND :SUNSHINE: SKY :PK WND
================================================================================
1 2 3 4 5 6A 6B 7 8 9 10 11 12 13 14 15 16 17 18
12Z AVG MX 2MIN
DY MAX MIN AVG DEP HDD CDD WTR SNW DPTH SPD SPD DIR MIN PSBL S-S WX SPD DR
================================================================================
1 92 52 72 3 0 7 T M M 5.0 24 230 M M 1 3 35 230
2 89 55 72 3 0 7 0.03 M M 6.9 28 280 M M 3 37 280
3 89 52 71 2 0 6 0.00 M M 3.0 13 280 M M 1 19 280
4 94 49 72 3 0 7 0.00 M M 2.4 13 230 M M 1 17 230
5 91 56 74 5 0 9 0.30 M M 6.8 31 180 M M 3 3 45 190
6 90 55 73 5 0 8 0.00 M M 9.9 25 360 M M 2 38 10
7 87 52 70 2 0 5 0.00 M M 3.3 15 220 M M 1 19 240
8 92 45 69 1 0 4 0.00 M M 3.1 17 260 M M 0 25 280
9 94 44 69 1 0 4 0.00 M M 2.7 13 60 M M 0 17 60
10 97 48 73 5 0 8 0.00 M M 4.1 20 240 M M 0 24 250
11 95 55 75 7 0 10 0.00 M M 5.3 35 130 M M 1 52 120
12 92 52 72 5 0 7 0.00 M M 5.3 32 130 M M 1 3 45 140
13 90 63 77 10 0 12 0.00 M M 7.1 25 180 M M 2 32 240
14 90 55 73 6 0 8 0.11 M M 4.6 30 270 M M 3 3 43 280
15 84 58 71 4 0 6 T M M 5.2 17 130 M M 5 3 24 70
16 87 53 70 4 0 5 0.00 M M 7.1 21 120 M M 1 28 140
17 90 51 71 5 0 6 0.00 M M 5.9 13 70 M M 0 19 60
18 92 44 68 2 0 3 0.00 M M 3.0 14 30 M M 1 19 30
19 88 50 69 3 0 4 0.01 M M 6.0 25 10 M M 2 3 36 20
20 81 49 65 -1 0 0 T M M 4.0 26 170 M M 4 35 170
21 79 52 66 1 0 1 0.10 M M 7.3 25 70 M M 6 13 36 80
22 88 44 66 1 0 1 0.00 M M 3.7 16 70 M M 1 25 110
23 88 44 66 1 0 1 0.00 M M 4.7 20 150 M M 1 23 150
24 91 44 68 4 0 3 0.00 M M 4.3 12 70 M M 0 21 120
25 85 48 67 3 0 2 T M M 4.6 29 330 M M 1 46 310
26 85 45 65 1 0 0 0.05 M M 4.5 23 230 M M 2 3 32 280
27 88 41 65 1 0 0 T M M 6.1 25 210 M M 1 3 34 260
28 88 44 66 3 0 1 T M M 6.3 24 280 M M 1 34 280
29 88 41 65 2 0 0 0.00 M M 2.0 13 270 M M 0 8 18 280
30 92 40 66 3 0 1 0.00 M M 2.8 15 160 M M 0 20 150
31 92 42 67 5 0 2 0.00 M M 3.4 17 310 M M 0 27 10
================================================================================
SM 2768 1523 0 138 0.60 M 150.4 M 45
================================================================================
AV 89.3 49.1 4.9 FASTST M M 1 MAX(MPH)
MISC ----> 35 130 52 120
================================================================================
NOTES:
# LAST OF SEVERAL OCCURRENCES
COLUMN 17 PEAK WIND IN M.P.H.
PRELIMINARY LOCAL CLIMATOLOGICAL DATA (WS FORM: F-6) , PAGE 2
STATION: CRAIG CO
MONTH: AUGUST
YEAR: 2022
LATITUDE: 40 30 N
LONGITUDE: 107 32 W
[TEMPERATURE DATA] [PRECIPITATION DATA] SYMBOLS USED IN COLUMN 16
AVERAGE MONTHLY: 69.2 TOTAL FOR MONTH: 0.60 1 = FOG OR MIST
DPTR FM NORMAL: 2.9 DPTR FM NORMAL: -0.37 2 = FOG REDUCING VISIBILITY
HIGHEST: 97 ON 10 GRTST 24HR 0.30 ON 5- 5 TO 1/4 MILE OR LESS
LOWEST: 40 ON 30 3 = THUNDER
SNOW, ICE PELLETS, HAIL 4 = ICE PELLETS
TOTAL MONTH: M 5 = HAIL
GRTST 24HR M ON M 6 = FREEZING RAIN OR DRIZZLE
GRTST DEPTH: M ON M 7 = DUSTSTORM OR SANDSTORM:
VSBY 1/2 MILE OR LESS
8 = SMOKE OR HAZE
[NO. OF DAYS WITH] [WEATHER - DAYS WITH] 9 = BLOWING SNOW
X = TORNADO
MAX 32 OR BELOW: 0 0.01 INCH OR MORE: 6
MAX 90 OR ABOVE: 16 0.10 INCH OR MORE: 3
MIN 32 OR BELOW: 0 0.50 INCH OR MORE: 0
MIN 0 OR BELOW: 0 1.00 INCH OR MORE: 0
[HDD (BASE 65) ]
TOTAL THIS MO. 0 CLEAR (SCALE 0-3) 28
DPTR FM NORMAL -36 PTCLDY (SCALE 4-7) 3
TOTAL FM JUL 1 2 CLOUDY (SCALE 8-10) 0
DPTR FM NORMAL -46
[CDD (BASE 65) ]
TOTAL THIS MO. 138
DPTR FM NORMAL 64 [PRESSURE DATA]
TOTAL FM JAN 1 348 HIGHEST SLP M ON M
DPTR FM NORMAL 137 LOWEST SLP 29.76 ON 28
[REMARKS]
#FINAL-08-22#