000
CXUS51 KCLE 031701
CF6CAK
PRELIMINARY LOCAL CLIMATOLOGICAL DATA (WS FORM: F-6)
STATION: AKRON CANTON OH
MONTH: MARCH
YEAR: 2023
LATITUDE: 40 55 N
LONGITUDE: 81 26 W
TEMPERATURE IN F: :PCPN: SNOW: WIND :SUNSHINE: SKY :PK WND
================================================================================
1 2 3 4 5 6A 6B 7 8 9 10 11 12 13 14 15 16 17 18
12Z AVG MX 2MIN
DY MAX MIN AVG DEP HDD CDD WTR SNW DPTH SPD SPD DIR MIN PSBL S-S WX SPD DR
================================================================================
1 67 32 50 16 15 0 T 0.0 0 10.2 18 240 M M 6 23 240
2 52 37 45 11 20 0 0.00 0.0 0 8.4 18 330 M M 8 18 24 300
3 51 34 43 9 22 0 1.06 0.0 0 14.5 32 230 M M 9 18 45 240
4 51 35 43 8 22 0 0.04 T 0 12.3 31 220 M M 7 18 40 220
5 52 35 44 9 21 0 0.00 0.0 0 8.4 18 320 M M 5 23 320
6 64 32 48 13 17 0 0.12 0.0 0 10.9 24 20 M M 8 1 33 20
7 43 29 36 0 29 0 0.01 T 0 12.7 23 340 M M 4 1 30 330
8 45 28 37 1 28 0 0.00 0.0 0 10.7 22 10 M M 3 27 20
9 51 25 38 2 27 0 0.00 0.0 0 6.8 15 70 M M 4 18 80
10 39 31 35 -2 30 0 0.17 0.4 0 10.9 24 310 M M 10 18 31 270
11 38 28 33 -4 32 0 0.01 0.1 T 9.2 18 340 M M 10 1 26 340
12 36 28 32 -5 33 0 0.02 0.2 0 6.1 14 90 M M 10 18 19 100
13 36 28 32 -6 33 0 0.15 1.5 1 8.7 21 280 M M 10 18 27 280
14 28 21 25 -13 40 0 0.03 0.6 2 11.9 22 320 M M 9 28 310
15 45 16 31 -7 34 0 0.00 0.0 0 6.8 14 270 M M 1 19 260
16 59 30 45 6 20 0 T 0.0 0 11.7 21 210 M M 7 27 200
17 53 32 43 4 22 0 0.21 T 0 16.8 33 230 M M 10 1 45 220
18 32 17 25 -15 40 0 T T 0 16.4 29 270 M M 8 8 38 270
19 33 16 25 -15 40 0 0.01 0.1 0 12.7 23 270 M M 6 30 260
20 47 20 34 -6 31 0 0.00 0.0 0 13.2 23 220 M M 2 30 210
21 56 28 42 1 23 0 0.00 0.0 0 8.7 16 210 M M 6 23 220
22 51 43 47 6 18 0 0.42 0.0 0 12.9 25 210 M M 10 1 31 220
23 60 39 50 9 15 0 0.62 0.0 0 11.5 21 350 M M 10 13 27 350
24 44 35 40 -2 25 0 T 0.0 0 9.4 16 40 M M 10 20 20
25 65 39 52 10 13 0 0.93 0.0 0 21.7 48 230 M M 9 13 65 230
26 58 31 45 3 20 0 0.00 0.0 0 8.5 23 280 M M 2 31 270
27 52 38 45 2 20 0 0.22 0.0 0 8.6 20 340 M M 9 18 23 340
28 50 32 41 -2 24 0 T 0.0 0 6.8 17 340 M M 7 18 22 340
29 51 28 40 -4 25 0 0.08 T 0 10.6 35 290 M M 5 1 51 310
30 49 23 36 -8 29 0 0.00 0.0 0 6.7 14 210 M M 2 18 210
31 57 41 49 5 16 0 0.39 0.0 0 17.3 33 210 M M 9 13 41 200
================================================================================
SM 1515 931 784 0 4.49 2.9 342.0 M 216
================================================================================
AV 48.9 30.0 11.0 FASTST M M 7 MAX(MPH)
MISC ----> 48 230 65 230
================================================================================
NOTES:
# LAST OF SEVERAL OCCURRENCES
COLUMN 17 PEAK WIND IN M.P.H.
PRELIMINARY LOCAL CLIMATOLOGICAL DATA (WS FORM: F-6) , PAGE 2
STATION: AKRON CANTON OH
MONTH: MARCH
YEAR: 2023
LATITUDE: 40 55 N
LONGITUDE: 81 26 W
[TEMPERATURE DATA] [PRECIPITATION DATA] SYMBOLS USED IN COLUMN 16
AVERAGE MONTHLY: 39.5 TOTAL FOR MONTH: 4.49 1 = FOG OR MIST
DPTR FM NORMAL: 0.6 DPTR FM NORMAL: 1.26 2 = FOG REDUCING VISIBILITY
HIGHEST: 67 ON 1 GRTST 24HR 1.10 ON 3- 4 TO 1/4 MILE OR LESS
LOWEST: 16 ON 19,15 3 = THUNDER
SNOW, ICE PELLETS, HAIL 4 = ICE PELLETS
TOTAL MONTH: 2.9 INCHES 5 = HAIL
GRTST 24HR 1.5 ON 13-13 6 = FREEZING RAIN OR DRIZZLE
GRTST DEPTH: 2 ON 14 7 = DUSTSTORM OR SANDSTORM:
VSBY 1/2 MILE OR LESS
8 = SMOKE OR HAZE
[NO. OF DAYS WITH] [WEATHER - DAYS WITH] 9 = BLOWING SNOW
X = TORNADO
MAX 32 OR BELOW: 2 0.01 INCH OR MORE: 17
MAX 90 OR ABOVE: 0 0.10 INCH OR MORE: 10
MIN 32 OR BELOW: 21 0.50 INCH OR MORE: 3
MIN 0 OR BELOW: 0 1.00 INCH OR MORE: 1
[HDD (BASE 65) ]
TOTAL THIS MO. 784 CLEAR (SCALE 0-3) 5
DPTR FM NORMAL -26 PTCLDY (SCALE 4-7) 13
TOTAL FM JUL 1 4333 CLOUDY (SCALE 8-10) 13
DPTR FM NORMAL -727
[CDD (BASE 65) ]
TOTAL THIS MO. 0
DPTR FM NORMAL -1 [PRESSURE DATA]
TOTAL FM JAN 1 0 HIGHEST SLP 30.48 ON 8
DPTR FM NORMAL -1 LOWEST SLP 29.03 ON 3
[REMARKS]
#FINAL-03-23#